{"id":31,"date":"2022-08-30T17:01:41","date_gmt":"2022-08-30T20:01:41","guid":{"rendered":"https:\/\/pos.uel.br\/direitocivil\/?page_id=31"},"modified":"2025-10-09T08:24:30","modified_gmt":"2025-10-09T11:24:30","slug":"regulamento","status":"publish","type":"page","link":"https:\/\/pos.uel.br\/direitocivil\/regulamento\/","title":{"rendered":"Resolu\u00e7\u00f5es | Delibera\u00e7\u00f5es\u00a0"},"content":{"rendered":"\n<hr class=\"wp-block-separator has-text-color has-secondary-accent-color has-alpha-channel-opacity has-secondary-accent-background-color has-background is-style-wide\" \/>\n\n\n\n<div class=\"wp-block-columns has-primary-text-color has-text-color is-layout-flex wp-container-core-columns-is-layout-9d6595d7 wp-block-columns-is-layout-flex\">\n<div class=\"wp-block-column is-layout-flow wp-block-column-is-layout-flow\">\n<p><\/p>\n\n\n\n<p><strong>2026<\/strong><\/p>\n\n\n\n<ul class=\"wp-block-list\">\n<li class=\"has-small-font-size\"><a href=\"https:\/\/pos.uel.br\/direitocivil\/wp-content\/uploads\/2025\/10\/158_Reestrutura-Direito-Civil-_2026-Delib-18-2025.pdf\" data-type=\"link\" data-id=\"https:\/\/pos.uel.br\/direitocivil\/wp-content\/uploads\/2025\/10\/158_Reestrutura-Direito-Civil-_2026-Delib-18-2025.pdf\">Delibera\u00e7\u00e3o_018_2025-CIV-Reestrutura\u00e7\u00e3o<\/a><\/li>\n\n\n\n<li class=\"has-small-font-size\"><a href=\"https:\/\/pos.uel.br\/direitocivil\/wp-content\/uploads\/2025\/10\/Resolucao-CA-60-2025-Mensalidade-Esp-Direito-Estado.pdf\" target=\"_blank\" rel=\"noreferrer noopener\">Resolu\u00e7\u00e3o_060_2025-CIV-Mensalidade<\/a><\/li>\n\n\n\n<li class=\"has-small-font-size\">Resolu\u00e7\u00e3o_____-CIV-Vagas<\/li>\n<\/ul>\n\n\n\n<p><\/p>\n\n\n\n<p style=\"font-size:16px\"><strong>2018<\/strong><\/p>\n\n\n\n<ul class=\"wp-block-list has-small-font-size\">\n<li><a href=\"https:\/\/pos.uel.br\/direitocivil\/wp-content\/uploads\/2022\/10\/Deliberacao_20_2016-Reest_Civil.pdf\" data-type=\"URL\" data-id=\"https:\/\/pos.uel.br\/direitocivil\/wp-content\/uploads\/2022\/10\/Deliberacao_20_2016-Reest_Civil.pdf\" target=\"_blank\" rel=\"noreferrer noopener\">Delibera\u00e7\u00e3o_020_2016-CIV-Reestrutura\u00e7\u00e3o<\/a><\/li>\n\n\n\n<li><a href=\"https:\/\/pos.uel.br\/direitocivil\/wp-content\/uploads\/2022\/10\/Resolucao_CA_076_2017_Civil_Mensalidade.pdf\" data-type=\"URL\" data-id=\"https:\/\/pos.uel.br\/direitocivil\/wp-content\/uploads\/2022\/10\/Resolucao_CA_076_2017_Civil_Mensalidade.pdf\" target=\"_blank\" rel=\"noreferrer noopener\">Resolu\u00e7\u00e3o_076_2017-CIV-Mensalidade<\/a><\/li>\n\n\n\n<li><a href=\"https:\/\/pos.uel.br\/direitocivil\/wp-content\/uploads\/2022\/10\/Resolucao_213_2009_CEPE_Civil.pdf\" data-type=\"URL\" data-id=\"https:\/\/pos.uel.br\/direitocivil\/wp-content\/uploads\/2022\/10\/Resolucao_213_2009_CEPE_Civil.pdf\" target=\"_blank\" rel=\"noreferrer noopener\">Resolu\u00e7\u00e3o_213_2009-CIV-Vagas<\/a><\/li>\n<\/ul>\n\n\n\n<p style=\"font-size:16px\"><strong>2017<\/strong><\/p>\n\n\n\n<ul class=\"wp-block-list has-small-font-size\">\n<li><a href=\"https:\/\/pos.uel.br\/direitocivil\/wp-content\/uploads\/2022\/10\/Deliberacao_20_2016-Reest_Civil.pdf\" data-type=\"URL\" data-id=\"https:\/\/pos.uel.br\/direitocivil\/wp-content\/uploads\/2022\/10\/Deliberacao_20_2016-Reest_Civil.pdf\" target=\"_blank\" rel=\"noreferrer noopener\">Delibera\u00e7\u00e3o_020_2016-CIV-Reestrutura\u00e7\u00e3o<\/a><\/li>\n\n\n\n<li><a href=\"https:\/\/pos.uel.br\/direitocivil\/wp-content\/uploads\/2022\/10\/Resolucao_CA_57_2016_Civil.pdf\" data-type=\"URL\" data-id=\"https:\/\/pos.uel.br\/direitocivil\/wp-content\/uploads\/2022\/10\/Resolucao_CA_57_2016_Civil.pdf\" target=\"_blank\" rel=\"noreferrer noopener\">Resolu\u00e7\u00e3o_057_2016-CIV-Mensalidade<\/a><\/li>\n\n\n\n<li><a href=\"https:\/\/pos.uel.br\/direitocivil\/wp-content\/uploads\/2022\/10\/Resolucao_213_2009_CEPE_Civil.pdf\" data-type=\"URL\" data-id=\"https:\/\/pos.uel.br\/direitocivil\/wp-content\/uploads\/2022\/10\/Resolucao_213_2009_CEPE_Civil.pdf\" target=\"_blank\" rel=\"noreferrer noopener\">Resolu\u00e7\u00e3o_213_2009-CIV-Vagas<\/a><\/li>\n<\/ul>\n\n\n\n<p style=\"font-size:16px\"><strong>2016<\/strong><\/p>\n\n\n\n<ul class=\"wp-block-list has-small-font-size\">\n<li><a href=\"https:\/\/pos.uel.br\/direitocivil\/wp-content\/uploads\/2022\/10\/Deliberacao_030_2006_CEPE_Civil.pdf\" data-type=\"URL\" data-id=\"https:\/\/pos.uel.br\/direitocivil\/wp-content\/uploads\/2022\/10\/Deliberacao_030_2006_CEPE_Civil.pdf\" target=\"_blank\" rel=\"noreferrer noopener\">Delibera\u00e7\u00e3o_030_2006-CIV-Reestrutura\u00e7\u00e3o<\/a><\/li>\n\n\n\n<li><a href=\"https:\/\/pos.uel.br\/direitocivil\/wp-content\/uploads\/2022\/10\/Resolucao_CA_090_2012_Civil.pdf\" data-type=\"URL\" data-id=\"https:\/\/pos.uel.br\/direitocivil\/wp-content\/uploads\/2022\/10\/Resolucao_CA_090_2012_Civil.pdf\" target=\"_blank\" rel=\"noreferrer noopener\">Resolu\u00e7\u00e3o_090_2012-CIV-Mensalidade<\/a><\/li>\n\n\n\n<li><a href=\"https:\/\/pos.uel.br\/direitocivil\/wp-content\/uploads\/2022\/10\/Resolucao_213_2009_CEPE_Civil.pdf\" data-type=\"URL\" data-id=\"https:\/\/pos.uel.br\/direitocivil\/wp-content\/uploads\/2022\/10\/Resolucao_213_2009_CEPE_Civil.pdf\" target=\"_blank\" rel=\"noreferrer noopener\">Resolu\u00e7\u00e3o_213_2009-CIV-Vagas<\/a><\/li>\n<\/ul>\n<\/div>\n\n\n\n<div class=\"wp-block-column is-vertically-aligned-center is-layout-flow wp-block-column-is-layout-flow\">\n<p class=\"has-text-align-center\">&nbsp;<\/p>\n\n\n<div class=\"wp-block-image is-resized is-style-default\">\n<figure class=\"aligncenter\"><img loading=\"lazy\" decoding=\"async\" width=\"795\" height=\"467\" src=\"https:\/\/pos.uel.br\/direitocivil\/wp-content\/uploads\/2022\/09\/ementas.png\" alt=\"\" class=\"wp-image-174\" style=\"width:366px;height:auto\" srcset=\"https:\/\/pos.uel.br\/direitocivil\/wp-content\/uploads\/2022\/09\/ementas.png 795w, https:\/\/pos.uel.br\/direitocivil\/wp-content\/uploads\/2022\/09\/ementas-300x176.png 300w, https:\/\/pos.uel.br\/direitocivil\/wp-content\/uploads\/2022\/09\/ementas-768x451.png 768w\" sizes=\"auto, (max-width: 795px) 100vw, 795px\" \/><figcaption class=\"wp-element-caption\"><strong>EMENTAS<\/strong><\/figcaption><\/figure>\n<\/div><\/div>\n<\/div>\n\n\n\n<hr class=\"wp-block-separator has-text-color has-secondary-accent-color has-alpha-channel-opacity has-secondary-accent-background-color has-background is-style-wide\" \/>\n","protected":false},"excerpt":{"rendered":"<p>2026 2018 2017 2016 &nbsp;<\/p>\n","protected":false},"author":8,"featured_media":0,"parent":0,"menu_order":0,"comment_status":"closed","ping_status":"closed","template":"","meta":{"_acf_changed":false,"_themeisle_gutenberg_block_has_review":false,"footnotes":""},"class_list":["post-31","page","type-page","status-publish","hentry"],"acf":[],"_links":{"self":[{"href":"https:\/\/pos.uel.br\/direitocivil\/wp-json\/wp\/v2\/pages\/31","targetHints":{"allow":["GET"]}}],"collection":[{"href":"https:\/\/pos.uel.br\/direitocivil\/wp-json\/wp\/v2\/pages"}],"about":[{"href":"https:\/\/pos.uel.br\/direitocivil\/wp-json\/wp\/v2\/types\/page"}],"author":[{"embeddable":true,"href":"https:\/\/pos.uel.br\/direitocivil\/wp-json\/wp\/v2\/users\/8"}],"replies":[{"embeddable":true,"href":"https:\/\/pos.uel.br\/direitocivil\/wp-json\/wp\/v2\/comments?post=31"}],"version-history":[{"count":20,"href":"https:\/\/pos.uel.br\/direitocivil\/wp-json\/wp\/v2\/pages\/31\/revisions"}],"predecessor-version":[{"id":913,"href":"https:\/\/pos.uel.br\/direitocivil\/wp-json\/wp\/v2\/pages\/31\/revisions\/913"}],"wp:attachment":[{"href":"https:\/\/pos.uel.br\/direitocivil\/wp-json\/wp\/v2\/media?parent=31"}],"curies":[{"name":"wp","href":"https:\/\/api.w.org\/{rel}","templated":true}]}}

Resoluções | Deliberações

<hr class="wp-block-separator has-text-color has-secondary-accent-color has-alpha-channel-opacity has-secondary-accent-background-color has-background is-style-wide" />



<div class="wp-block-columns has-primary-text-color has-text-color is-layout-flex wp-container-core-columns-is-layout-9d6595d7 wp-block-columns-is-layout-flex">
<div class="wp-block-column is-layout-flow wp-block-column-is-layout-flow">
<p></p>



<p><strong>2026</strong></p>



<ul class="wp-block-list">
<li class="has-small-font-size"><a href="https://pos.uel.br/direitocivil/wp-content/uploads/2025/10/158_Reestrutura-Direito-Civil-_2026-Delib-18-2025.pdf" data-type="link" data-id="https://pos.uel.br/direitocivil/wp-content/uploads/2025/10/158_Reestrutura-Direito-Civil-_2026-Delib-18-2025.pdf">Deliberação_018_2025-CIV-Reestruturação</a></li>



<li class="has-small-font-size"><a href="https://pos.uel.br/direitocivil/wp-content/uploads/2025/10/Resolucao-CA-60-2025-Mensalidade-Esp-Direito-Estado.pdf" target="_blank" rel="noreferrer noopener">Resolução_060_2025-CIV-Mensalidade</a></li>



<li class="has-small-font-size">Resolução_____-CIV-Vagas</li>
</ul>



<p></p>



<p style="font-size:16px"><strong>2018</strong></p>



<ul class="wp-block-list has-small-font-size">
<li><a href="https://pos.uel.br/direitocivil/wp-content/uploads/2022/10/Deliberacao_20_2016-Reest_Civil.pdf" data-type="URL" data-id="https://pos.uel.br/direitocivil/wp-content/uploads/2022/10/Deliberacao_20_2016-Reest_Civil.pdf" target="_blank" rel="noreferrer noopener">Deliberação_020_2016-CIV-Reestruturação</a></li>



<li><a href="https://pos.uel.br/direitocivil/wp-content/uploads/2022/10/Resolucao_CA_076_2017_Civil_Mensalidade.pdf" data-type="URL" data-id="https://pos.uel.br/direitocivil/wp-content/uploads/2022/10/Resolucao_CA_076_2017_Civil_Mensalidade.pdf" target="_blank" rel="noreferrer noopener">Resolução_076_2017-CIV-Mensalidade</a></li>



<li><a href="https://pos.uel.br/direitocivil/wp-content/uploads/2022/10/Resolucao_213_2009_CEPE_Civil.pdf" data-type="URL" data-id="https://pos.uel.br/direitocivil/wp-content/uploads/2022/10/Resolucao_213_2009_CEPE_Civil.pdf" target="_blank" rel="noreferrer noopener">Resolução_213_2009-CIV-Vagas</a></li>
</ul>



<p style="font-size:16px"><strong>2017</strong></p>



<ul class="wp-block-list has-small-font-size">
<li><a href="https://pos.uel.br/direitocivil/wp-content/uploads/2022/10/Deliberacao_20_2016-Reest_Civil.pdf" data-type="URL" data-id="https://pos.uel.br/direitocivil/wp-content/uploads/2022/10/Deliberacao_20_2016-Reest_Civil.pdf" target="_blank" rel="noreferrer noopener">Deliberação_020_2016-CIV-Reestruturação</a></li>



<li><a href="https://pos.uel.br/direitocivil/wp-content/uploads/2022/10/Resolucao_CA_57_2016_Civil.pdf" data-type="URL" data-id="https://pos.uel.br/direitocivil/wp-content/uploads/2022/10/Resolucao_CA_57_2016_Civil.pdf" target="_blank" rel="noreferrer noopener">Resolução_057_2016-CIV-Mensalidade</a></li>



<li><a href="https://pos.uel.br/direitocivil/wp-content/uploads/2022/10/Resolucao_213_2009_CEPE_Civil.pdf" data-type="URL" data-id="https://pos.uel.br/direitocivil/wp-content/uploads/2022/10/Resolucao_213_2009_CEPE_Civil.pdf" target="_blank" rel="noreferrer noopener">Resolução_213_2009-CIV-Vagas</a></li>
</ul>



<p style="font-size:16px"><strong>2016</strong></p>



<ul class="wp-block-list has-small-font-size">
<li><a href="https://pos.uel.br/direitocivil/wp-content/uploads/2022/10/Deliberacao_030_2006_CEPE_Civil.pdf" data-type="URL" data-id="https://pos.uel.br/direitocivil/wp-content/uploads/2022/10/Deliberacao_030_2006_CEPE_Civil.pdf" target="_blank" rel="noreferrer noopener">Deliberação_030_2006-CIV-Reestruturação</a></li>



<li><a href="https://pos.uel.br/direitocivil/wp-content/uploads/2022/10/Resolucao_CA_090_2012_Civil.pdf" data-type="URL" data-id="https://pos.uel.br/direitocivil/wp-content/uploads/2022/10/Resolucao_CA_090_2012_Civil.pdf" target="_blank" rel="noreferrer noopener">Resolução_090_2012-CIV-Mensalidade</a></li>



<li><a href="https://pos.uel.br/direitocivil/wp-content/uploads/2022/10/Resolucao_213_2009_CEPE_Civil.pdf" data-type="URL" data-id="https://pos.uel.br/direitocivil/wp-content/uploads/2022/10/Resolucao_213_2009_CEPE_Civil.pdf" target="_blank" rel="noreferrer noopener">Resolução_213_2009-CIV-Vagas</a></li>
</ul>
</div>



<div class="wp-block-column is-vertically-aligned-center is-layout-flow wp-block-column-is-layout-flow">
<p class="has-text-align-center">&nbsp;</p>


<div class="wp-block-image is-resized is-style-default">
<figure class="aligncenter"><img loading="lazy" decoding="async" width="795" height="467" src="https://pos.uel.br/direitocivil/wp-content/uploads/2022/09/ementas.png" alt="" class="wp-image-174" style="width:366px;height:auto" srcset="https://pos.uel.br/direitocivil/wp-content/uploads/2022/09/ementas.png 795w, https://pos.uel.br/direitocivil/wp-content/uploads/2022/09/ementas-300x176.png 300w, https://pos.uel.br/direitocivil/wp-content/uploads/2022/09/ementas-768x451.png 768w" sizes="auto, (max-width: 795px) 100vw, 795px" /><figcaption class="wp-element-caption"><strong>EMENTAS</strong></figcaption></figure>
</div></div>
</div>



<hr class="wp-block-separator has-text-color has-secondary-accent-color has-alpha-channel-opacity has-secondary-accent-background-color has-background is-style-wide" />
