{"id":87,"date":"2024-10-07T10:42:38","date_gmt":"2024-10-07T13:42:38","guid":{"rendered":"https:\/\/pos.uel.br\/direito-negocial\/?page_id=87"},"modified":"2024-10-31T15:43:46","modified_gmt":"2024-10-31T18:43:46","slug":"linhas-de-pesquisa-2","status":"publish","type":"page","link":"https:\/\/pos.uel.br\/direito-negocial\/linhas-de-pesquisa-2\/","title":{"rendered":"Linhas de Pesquisa"},"content":{"rendered":"\n<h2 class=\"wp-block-heading has-text-align-center has-primary-accent-color has-text-color has-link-color wp-elements-fb0d7e78eb9157fa6d3fd6e9d7453581\">RELA\u00c7\u00d5ES NEGOCIAIS NO DIREITO PRIVADO<\/h2>\n\n\n\n<p>Na linha de pesquisa &#8220;Rela\u00e7\u00f5es Negociais no Direito Privado&#8221;, \u00e9 fundamental considerar as importantes inova\u00e7\u00f5es introduzidas pelo C\u00f3digo Civil de 2002, especialmente sua abordagem principiol\u00f3gica voltada para as rela\u00e7\u00f5es privadas, que s\u00e3o reconhecidas como complexas na contemporaneidade.<\/p>\n\n\n\n<ol class=\"wp-block-list\">\n<li><strong>Eticidade<\/strong>: O C\u00f3digo busca enfrentar as limita\u00e7\u00f5es do formalismo jur\u00eddico tradicional, valorizando o ser humano como a fonte prim\u00e1ria da conviv\u00eancia, onde os valores constitucionais podem ser realizados. O regime jur\u00eddico atual prioriza princ\u00edpios como a equidade, a dignidade da pessoa humana, a boa-f\u00e9 objetiva, a justa causa e o equil\u00edbrio econ\u00f4mico entre as partes.<\/li>\n\n\n\n<li><strong>Sociabilidade<\/strong>: H\u00e1 uma \u00eanfase nas conquistas sociais e transindividuais, rompendo com o individualismo do C\u00f3digo Civil de 1916 e ressaltando a fun\u00e7\u00e3o social do patrim\u00f4nio (seja material ou imaterial) e das a\u00e7\u00f5es de pessoas naturais ou jur\u00eddicas.<\/li>\n\n\n\n<li><strong>Operabilidade<\/strong>: Por meio de cl\u00e1usulas gerais, o C\u00f3digo ampliou os limites da interpreta\u00e7\u00e3o judicial, respondendo \u00e0s cr\u00edticas da sociedade sobre o descompasso entre a positiva\u00e7\u00e3o e a atua\u00e7\u00e3o do legislador original em face da din\u00e2mica da vida.<\/li>\n<\/ol>\n\n\n\n<p>Com base nesses princ\u00edpios gerais do regime jur\u00eddico privado, a pesquisa se concentra nos neg\u00f3cios jur\u00eddicos regidos pelas disposi\u00e7\u00f5es gerais do C\u00f3digo Civil, assim como nas leis especiais que regulam de maneira espec\u00edfica diversas situa\u00e7\u00f5es, incluindo uma ampla gama de contratos contempor\u00e2neos. H\u00e1 tamb\u00e9m espa\u00e7o para o estudo dos contratos de Direito Privado da Administra\u00e7\u00e3o P\u00fablica.<\/p>\n\n\n\n<p>Qualquer que seja o foco desse recorte acad\u00eamico, certamente contribuir\u00e1 para a realiza\u00e7\u00e3o dos objetivos fundamentais do Estado brasileiro, conforme dispostos nos artigos 1\u00ba a 5\u00ba da Constitui\u00e7\u00e3o vigente.<\/p>\n\n\n\n<h2 class=\"wp-block-heading has-text-align-center has-primary-accent-color has-text-color has-link-color wp-elements-1ae4b3f24a226cec7c8add353081d7f0\">RELA\u00c7\u00d5ES NEGOCIAIS NO DIREITO P\u00daBLICO<\/h2>\n\n\n\n<p>Diante das rela\u00e7\u00f5es econ\u00f4micas, que s\u00e3o orientadas pela racionalidade econ\u00f4mica (efici\u00eancia e lucro), a interven\u00e7\u00e3o do Estado nos neg\u00f3cios jur\u00eddicos \u00e9 limitada pelos princ\u00edpios gerais da atividade econ\u00f4mica, especialmente conforme o artigo 170 da Constitui\u00e7\u00e3o.<\/p>\n\n\n\n<p>Esse regime jur\u00eddico valoriza a fun\u00e7\u00e3o social das atividades econ\u00f4micas, garantindo o direito \u00e0 livre iniciativa, desde que se respeitem aspectos como o trabalho humano, a livre concorr\u00eancia, a prote\u00e7\u00e3o ao meio ambiente, os direitos do consumidor, o desenvolvimento equilibrado da federa\u00e7\u00e3o, a promo\u00e7\u00e3o do pleno emprego e o fomento \u00e0s pequenas empresas. A proposta \u00e9 tutelar direitos individuais e, ao mesmo tempo, conciliar direitos sociais e transindividuais, visando um desenvolvimento que n\u00e3o seja apenas econ\u00f4mico, mas tamb\u00e9m socioecon\u00f4mico.<\/p>\n\n\n\n<p>A interpreta\u00e7\u00e3o desse regime jur\u00eddico-econ\u00f4mico corrobora a constitucionalidade da atua\u00e7\u00e3o estatal em defesa do mercado interno, considerado patrim\u00f4nio nacional pelo artigo 219 da Constitui\u00e7\u00e3o. Esse mercado deve ser incentivado para viabilizar o desenvolvimento cultural e socioecon\u00f4mico, o bem-estar da popula\u00e7\u00e3o e a autonomia tecnol\u00f3gica do pa\u00eds. Nesse contexto, a soberania nacional torna-se um campo de pesquisa relevante.<\/p>\n\n\n\n<p>Assim, tratados e conven\u00e7\u00f5es internacionais de natureza econ\u00f4mica, que orientam neg\u00f3cios jur\u00eddicos p\u00fablicos e privados e promovem maior integra\u00e7\u00e3o regional e internacional, devem respeitar o regime jur\u00eddico mencionado. Com base nessas diretrizes constitucionais, os governos t\u00eam a compet\u00eancia para intervir no dom\u00ednio econ\u00f4mico por meio de normatiza\u00e7\u00e3o, fiscaliza\u00e7\u00e3o, incentivo e planejamento, conforme o artigo 174 da Constitui\u00e7\u00e3o de 1988.<\/p>\n","protected":false},"excerpt":{"rendered":"<p>RELA\u00c7\u00d5ES NEGOCIAIS NO DIREITO PRIVADO Na linha de pesquisa &#8220;Rela\u00e7\u00f5es Negociais no Direito Privado&#8221;, \u00e9 fundamental considerar as importantes inova\u00e7\u00f5es introduzidas pelo C\u00f3digo Civil de 2002, especialmente sua abordagem principiol\u00f3gica voltada para as rela\u00e7\u00f5es privadas, que s\u00e3o reconhecidas como complexas na contemporaneidade. Com base nesses princ\u00edpios gerais do regime jur\u00eddico privado, a pesquisa se concentra [&hellip;]<\/p>\n","protected":false},"author":11,"featured_media":0,"parent":0,"menu_order":0,"comment_status":"closed","ping_status":"closed","template":"","meta":{"_acf_changed":false,"footnotes":""},"class_list":["post-87","page","type-page","status-publish","hentry"],"acf":[],"_links":{"self":[{"href":"https:\/\/pos.uel.br\/direito-negocial\/wp-json\/wp\/v2\/pages\/87","targetHints":{"allow":["GET"]}}],"collection":[{"href":"https:\/\/pos.uel.br\/direito-negocial\/wp-json\/wp\/v2\/pages"}],"about":[{"href":"https:\/\/pos.uel.br\/direito-negocial\/wp-json\/wp\/v2\/types\/page"}],"author":[{"embeddable":true,"href":"https:\/\/pos.uel.br\/direito-negocial\/wp-json\/wp\/v2\/users\/11"}],"replies":[{"embeddable":true,"href":"https:\/\/pos.uel.br\/direito-negocial\/wp-json\/wp\/v2\/comments?post=87"}],"version-history":[{"count":3,"href":"https:\/\/pos.uel.br\/direito-negocial\/wp-json\/wp\/v2\/pages\/87\/revisions"}],"predecessor-version":[{"id":599,"href":"https:\/\/pos.uel.br\/direito-negocial\/wp-json\/wp\/v2\/pages\/87\/revisions\/599"}],"wp:attachment":[{"href":"https:\/\/pos.uel.br\/direito-negocial\/wp-json\/wp\/v2\/media?parent=87"}],"curies":[{"name":"wp","href":"https:\/\/api.w.org\/{rel}","templated":true}]}}

<h2 class="wp-block-heading has-text-align-center has-primary-accent-color has-text-color has-link-color wp-elements-fb0d7e78eb9157fa6d3fd6e9d7453581">RELAÇÕES NEGOCIAIS NO DIREITO PRIVADO</h2>



<p>Na linha de pesquisa &#8220;Relações Negociais no Direito Privado&#8221;, é fundamental considerar as importantes inovações introduzidas pelo Código Civil de 2002, especialmente sua abordagem principiológica voltada para as relações privadas, que são reconhecidas como complexas na contemporaneidade.</p>



<ol class="wp-block-list">
<li><strong>Eticidade</strong>: O Código busca enfrentar as limitações do formalismo jurídico tradicional, valorizando o ser humano como a fonte primária da convivência, onde os valores constitucionais podem ser realizados. O regime jurídico atual prioriza princípios como a equidade, a dignidade da pessoa humana, a boa-fé objetiva, a justa causa e o equilíbrio econômico entre as partes.</li>



<li><strong>Sociabilidade</strong>: Há uma ênfase nas conquistas sociais e transindividuais, rompendo com o individualismo do Código Civil de 1916 e ressaltando a função social do patrimônio (seja material ou imaterial) e das ações de pessoas naturais ou jurídicas.</li>



<li><strong>Operabilidade</strong>: Por meio de cláusulas gerais, o Código ampliou os limites da interpretação judicial, respondendo às críticas da sociedade sobre o descompasso entre a positivação e a atuação do legislador original em face da dinâmica da vida.</li>
</ol>



<p>Com base nesses princípios gerais do regime jurídico privado, a pesquisa se concentra nos negócios jurídicos regidos pelas disposições gerais do Código Civil, assim como nas leis especiais que regulam de maneira específica diversas situações, incluindo uma ampla gama de contratos contemporâneos. Há também espaço para o estudo dos contratos de Direito Privado da Administração Pública.</p>



<p>Qualquer que seja o foco desse recorte acadêmico, certamente contribuirá para a realização dos objetivos fundamentais do Estado brasileiro, conforme dispostos nos artigos 1º a 5º da Constituição vigente.</p>



<h2 class="wp-block-heading has-text-align-center has-primary-accent-color has-text-color has-link-color wp-elements-1ae4b3f24a226cec7c8add353081d7f0">RELAÇÕES NEGOCIAIS NO DIREITO PÚBLICO</h2>



<p>Diante das relações econômicas, que são orientadas pela racionalidade econômica (eficiência e lucro), a intervenção do Estado nos negócios jurídicos é limitada pelos princípios gerais da atividade econômica, especialmente conforme o artigo 170 da Constituição.</p>



<p>Esse regime jurídico valoriza a função social das atividades econômicas, garantindo o direito à livre iniciativa, desde que se respeitem aspectos como o trabalho humano, a livre concorrência, a proteção ao meio ambiente, os direitos do consumidor, o desenvolvimento equilibrado da federação, a promoção do pleno emprego e o fomento às pequenas empresas. A proposta é tutelar direitos individuais e, ao mesmo tempo, conciliar direitos sociais e transindividuais, visando um desenvolvimento que não seja apenas econômico, mas também socioeconômico.</p>



<p>A interpretação desse regime jurídico-econômico corrobora a constitucionalidade da atuação estatal em defesa do mercado interno, considerado patrimônio nacional pelo artigo 219 da Constituição. Esse mercado deve ser incentivado para viabilizar o desenvolvimento cultural e socioeconômico, o bem-estar da população e a autonomia tecnológica do país. Nesse contexto, a soberania nacional torna-se um campo de pesquisa relevante.</p>



<p>Assim, tratados e convenções internacionais de natureza econômica, que orientam negócios jurídicos públicos e privados e promovem maior integração regional e internacional, devem respeitar o regime jurídico mencionado. Com base nessas diretrizes constitucionais, os governos têm a competência para intervir no domínio econômico por meio de normatização, fiscalização, incentivo e planejamento, conforme o artigo 174 da Constituição de 1988.</p>

<p>RELAÇÕES NEGOCIAIS NO DIREITO PRIVADO Na linha de pesquisa &#8220;Relações Negociais no Direito Privado&#8221;, é fundamental considerar as importantes inovações introduzidas pelo Código Civil de 2002, especialmente sua abordagem principiológica voltada para as relações privadas, que são reconhecidas como complexas na contemporaneidade. Com base nesses princípios gerais do regime jurídico privado, a pesquisa se concentra [&hellip;]</p>
