{"id":86,"date":"2024-10-07T10:42:38","date_gmt":"2024-10-07T13:42:38","guid":{"rendered":"https:\/\/pos.uel.br\/direito-negocial\/?page_id=86"},"modified":"2024-10-31T17:09:57","modified_gmt":"2024-10-31T20:09:57","slug":"mestrado-2","status":"publish","type":"page","link":"https:\/\/pos.uel.br\/direito-negocial\/mestrado-2\/","title":{"rendered":"Mestrado"},"content":{"rendered":"\n<p>Um mestrado \u00e9 um programa de p\u00f3s-gradua\u00e7\u00e3o que oferece forma\u00e7\u00e3o avan\u00e7ada em uma \u00e1rea espec\u00edfica do conhecimento. Geralmente, \u00e9 destinado a profissionais que j\u00e1 possuem um diploma de gradua\u00e7\u00e3o e desejam aprofundar seus estudos, adquirir novas habilidades ou se especializar em um campo espec\u00edfico.<\/p>\n\n\n\n<p>Os mestrados podem ser classificados em duas categorias principais:<\/p>\n\n\n\n<ol class=\"wp-block-list\">\n<li><strong>Mestrado Acad\u00eamico<\/strong>: Focado em pesquisa, esse tipo de mestrado visa formar novos pesquisadores. Os alunos desenvolvem uma disserta\u00e7\u00e3o ou tese que contribui para o conhecimento em sua \u00e1rea de estudo. \u00c9 comum que esse tipo de mestrado prepare os alunos para a continuidade de seus estudos em um doutorado.<\/li>\n\n\n\n<li><strong>Mestrado Profissional<\/strong>: Voltado para a pr\u00e1tica e a aplica\u00e7\u00e3o de conhecimentos em contextos profissionais, o mestrado profissional geralmente \u00e9 mais flex\u00edvel e pode incluir projetos pr\u00e1ticos em vez de uma disserta\u00e7\u00e3o. Esse tipo de programa \u00e9 ideal para aqueles que buscam avan\u00e7ar em suas carreiras e aplicar teoria em situa\u00e7\u00f5es do mundo real.<\/li>\n<\/ol>\n\n\n\n<p>A dura\u00e7\u00e3o do mestrado varia, mas geralmente leva de um a dois anos para ser conclu\u00eddo. Durante o curso, os alunos t\u00eam a oportunidade de participar de aulas, semin\u00e1rios e projetos, al\u00e9m de desenvolver habilidades cr\u00edticas, anal\u00edticas e de pesquisa. Ao finalizar o mestrado, o aluno recebe um diploma que pode abrir portas para oportunidades profissionais mais avan\u00e7adas e especializadas.<\/p>\n\n\n\n<p>Al\u00e9m disso, o mestrado \u00e9 valorizado no mercado de trabalho, pois demonstra um comprometimento com o aprendizado cont\u00ednuo e a especializa\u00e7\u00e3o na \u00e1rea escolhida.<\/p>\n","protected":false},"excerpt":{"rendered":"<p>Um mestrado \u00e9 um programa de p\u00f3s-gradua\u00e7\u00e3o que oferece forma\u00e7\u00e3o avan\u00e7ada em uma \u00e1rea espec\u00edfica do conhecimento. Geralmente, \u00e9 destinado a profissionais que j\u00e1 possuem um diploma de gradua\u00e7\u00e3o e desejam aprofundar seus estudos, adquirir novas habilidades ou se especializar em um campo espec\u00edfico. Os mestrados podem ser classificados em duas categorias principais: A dura\u00e7\u00e3o [&hellip;]<\/p>\n","protected":false},"author":11,"featured_media":0,"parent":0,"menu_order":0,"comment_status":"closed","ping_status":"closed","template":"","meta":{"_acf_changed":false,"footnotes":""},"class_list":["post-86","page","type-page","status-publish","hentry"],"acf":[],"_links":{"self":[{"href":"https:\/\/pos.uel.br\/direito-negocial\/wp-json\/wp\/v2\/pages\/86","targetHints":{"allow":["GET"]}}],"collection":[{"href":"https:\/\/pos.uel.br\/direito-negocial\/wp-json\/wp\/v2\/pages"}],"about":[{"href":"https:\/\/pos.uel.br\/direito-negocial\/wp-json\/wp\/v2\/types\/page"}],"author":[{"embeddable":true,"href":"https:\/\/pos.uel.br\/direito-negocial\/wp-json\/wp\/v2\/users\/11"}],"replies":[{"embeddable":true,"href":"https:\/\/pos.uel.br\/direito-negocial\/wp-json\/wp\/v2\/comments?post=86"}],"version-history":[{"count":2,"href":"https:\/\/pos.uel.br\/direito-negocial\/wp-json\/wp\/v2\/pages\/86\/revisions"}],"predecessor-version":[{"id":644,"href":"https:\/\/pos.uel.br\/direito-negocial\/wp-json\/wp\/v2\/pages\/86\/revisions\/644"}],"wp:attachment":[{"href":"https:\/\/pos.uel.br\/direito-negocial\/wp-json\/wp\/v2\/media?parent=86"}],"curies":[{"name":"wp","href":"https:\/\/api.w.org\/{rel}","templated":true}]}}