{"id":4063,"date":"2026-02-24T12:47:14","date_gmt":"2026-02-24T15:47:14","guid":{"rendered":"https:\/\/pos.uel.br\/direito-negocial\/?page_id=4063"},"modified":"2026-02-24T13:03:43","modified_gmt":"2026-02-24T16:03:43","slug":"bolsas-proppg","status":"publish","type":"page","link":"https:\/\/pos.uel.br\/direito-negocial\/bolsas-proppg\/","title":{"rendered":"Bolsas PROPPG"},"content":{"rendered":"<div class=\"wp-block-image\">\n<figure class=\"aligncenter size-full is-resized\"><img loading=\"lazy\" decoding=\"async\" width=\"314\" height=\"254\" src=\"https:\/\/pos.uel.br\/direito-negocial\/wp-content\/uploads\/2026\/02\/Captura-de-Tela-2026-02-24-a\u0300s-13.02.28.png\" alt=\"\" class=\"wp-image-4071\" style=\"aspect-ratio:1.2362958569855123;width:200px;height:auto\" srcset=\"https:\/\/pos.uel.br\/direito-negocial\/wp-content\/uploads\/2026\/02\/Captura-de-Tela-2026-02-24-a\u0300s-13.02.28.png 314w, https:\/\/pos.uel.br\/direito-negocial\/wp-content\/uploads\/2026\/02\/Captura-de-Tela-2026-02-24-a\u0300s-13.02.28-300x243.png 300w\" sizes=\"auto, (max-width: 314px) 100vw, 314px\" \/><\/figure>\n<\/div>\n\n\n<p>A Pr\u00f3-Reitoria de Pesquisa e P\u00f3s-Gradua\u00e7\u00e3o (PROPPG) da Universidade Estadual de Londrina (UEL) publicou o Edital n\u00ba 06\/2026, que disp\u00f5e sobre a distribui\u00e7\u00e3o de bolsas institucionais de Mestrado e Doutorado aos Programas de P\u00f3s-Gradua\u00e7\u00e3o Stricto sensu acad\u00eamicos da Institui\u00e7\u00e3o.<\/p>\n\n\n\n<p>As bolsas t\u00eam como finalidade apoiar a forma\u00e7\u00e3o de recursos humanos qualificados, fortalecendo a pesquisa e a produ\u00e7\u00e3o cient\u00edfica nos Programas de P\u00f3s-Gradua\u00e7\u00e3o da UEL.<\/p>\n\n\n\n<p><\/p>\n\n\n\n<p><strong>Crit\u00e9rios de Elegibilidade<\/strong><\/p>\n\n\n\n<p>Podem concorrer \u00e0s cotas todos os Programas de P\u00f3s-Gradua\u00e7\u00e3o acad\u00eamicos da UEL. Cada Programa poder\u00e1 pleitear:<\/p>\n\n\n\n<ul class=\"wp-block-list\">\n<li>at\u00e9 01 cota de bolsa de Mestrado;<\/li>\n<\/ul>\n\n\n\n<ul class=\"wp-block-list\">\n<li>at\u00e9 01 cota de bolsa de Doutorado.<\/li>\n<\/ul>\n\n\n\n<p><strong>Crit\u00e9rios de Avalia\u00e7\u00e3o e Distribui\u00e7\u00e3o das Bolsas<\/strong><\/p>\n\n\n\n<p>A classifica\u00e7\u00e3o dos Programas ser\u00e1 realizada com base na soma de quatro crit\u00e9rios objetivos:<\/p>\n\n\n\n<ol class=\"wp-block-list\">\n<li>Pontua\u00e7\u00e3o pela nota do Programa (CAPES)<\/li>\n<\/ol>\n\n\n\n<ol class=\"wp-block-list\"><\/ol>\n\n\n\n<ul class=\"wp-block-list\">\n<li>Nota 3: 50 pontos<\/li>\n<\/ul>\n\n\n\n<ul class=\"wp-block-list\">\n<li>Nota 4: 48 pontos<\/li>\n<\/ul>\n\n\n\n<ul class=\"wp-block-list\">\n<li>Nota 5: 46 pontos<\/li>\n<\/ul>\n\n\n\n<ul class=\"wp-block-list\">\n<li>Nota 6: 44 pontos<\/li>\n<\/ul>\n\n\n\n<ul class=\"wp-block-list\">\n<li>Nota 7: 42 pontos<\/li>\n<\/ul>\n\n\n\n<p>2.  Rela\u00e7\u00e3o entre n\u00famero de estudantes matriculados e n\u00famero de bolsas vigentes<\/p>\n\n\n\n<ol class=\"wp-block-list\"><\/ol>\n\n\n\n<p>Ser\u00e1 considerada a raz\u00e3o entre o total de estudantes regularmente matriculados e o total de bolsas j\u00e1 existentes no Programa.<\/p>\n\n\n\n<p>3. Pol\u00edtica de a\u00e7\u00f5es afirmativas<\/p>\n\n\n\n<p>Ser\u00e1 acrescida pontua\u00e7\u00e3o adicional (10 pontos) quando o(a) estudante indicado(a) tiver ingressado por meio de modalidade de reserva ou suplementariedade de vagas (pessoas negras, ind\u00edgenas ou pessoas com defici\u00eancia).<\/p>\n\n\n\n<p>4. Programas sem cota institucional vigente<\/p>\n\n\n\n<p>Programas que n\u00e3o possuam bolsa institucional CAPES-DS ou CNPq implementada receber\u00e3o 10 pontos adicionais.<\/p>\n\n\n\n<p>A prioridade na distribui\u00e7\u00e3o seguir\u00e1 a ordem decrescente da pontua\u00e7\u00e3o final obtida.<\/p>\n\n\n\n<p><strong>Crit\u00e9rios de Desempate<\/strong><\/p>\n\n\n\n<p>Em caso de empate, ser\u00e1 observada:<\/p>\n\n\n\n<ul class=\"wp-block-list\">\n<li>Maior percentual de estudantes matriculados sem bolsa;<\/li>\n<\/ul>\n\n\n\n<ul class=\"wp-block-list\">\n<li>Aus\u00eancia de bolsa institucional CAPES-DS ou CNPq em vig\u00eancia.<\/li>\n<\/ul>\n\n\n\n<ul class=\"wp-block-list\">\n<li>Vig\u00eancia das Bolsas<\/li>\n<\/ul>\n\n\n\n<p>Mestrado: at\u00e9 24 meses, contados a partir do ingresso do estudante no Programa (verificar edital).<\/p>\n\n\n\n<p>Doutorado: at\u00e9 48 meses, contados a partir do ingresso no Programa (verificar edital).<\/p>\n\n\n\n<p><\/p>\n\n\n\n<h2 class=\"wp-block-heading has-text-align-center\">BOLSISTAS EM VIG\u00caNCIA<\/h2>\n\n\n\n<p><\/p>\n\n\n\n<p><\/p>\n","protected":false},"excerpt":{"rendered":"<p>A Pr\u00f3-Reitoria de Pesquisa e P\u00f3s-Gradua\u00e7\u00e3o (PROPPG) da Universidade Estadual de Londrina (UEL) publicou o Edital n\u00ba 06\/2026, que disp\u00f5e sobre a distribui\u00e7\u00e3o de bolsas institucionais de Mestrado e Doutorado aos Programas de P\u00f3s-Gradua\u00e7\u00e3o Stricto sensu acad\u00eamicos da Institui\u00e7\u00e3o. As bolsas t\u00eam como finalidade apoiar a forma\u00e7\u00e3o de recursos humanos qualificados, fortalecendo a pesquisa e [&hellip;]<\/p>\n","protected":false},"author":9,"featured_media":0,"parent":0,"menu_order":0,"comment_status":"closed","ping_status":"closed","template":"","meta":{"_acf_changed":false,"footnotes":""},"class_list":["post-4063","page","type-page","status-publish","hentry"],"acf":[],"_links":{"self":[{"href":"https:\/\/pos.uel.br\/direito-negocial\/wp-json\/wp\/v2\/pages\/4063","targetHints":{"allow":["GET"]}}],"collection":[{"href":"https:\/\/pos.uel.br\/direito-negocial\/wp-json\/wp\/v2\/pages"}],"about":[{"href":"https:\/\/pos.uel.br\/direito-negocial\/wp-json\/wp\/v2\/types\/page"}],"author":[{"embeddable":true,"href":"https:\/\/pos.uel.br\/direito-negocial\/wp-json\/wp\/v2\/users\/9"}],"replies":[{"embeddable":true,"href":"https:\/\/pos.uel.br\/direito-negocial\/wp-json\/wp\/v2\/comments?post=4063"}],"version-history":[{"count":4,"href":"https:\/\/pos.uel.br\/direito-negocial\/wp-json\/wp\/v2\/pages\/4063\/revisions"}],"predecessor-version":[{"id":4072,"href":"https:\/\/pos.uel.br\/direito-negocial\/wp-json\/wp\/v2\/pages\/4063\/revisions\/4072"}],"wp:attachment":[{"href":"https:\/\/pos.uel.br\/direito-negocial\/wp-json\/wp\/v2\/media?parent=4063"}],"curies":[{"name":"wp","href":"https:\/\/api.w.org\/{rel}","templated":true}]}}

<div class="wp-block-image">
<figure class="aligncenter size-full is-resized"><img loading="lazy" decoding="async" width="314" height="254" src="https://pos.uel.br/direito-negocial/wp-content/uploads/2026/02/Captura-de-Tela-2026-02-24-às-13.02.28.png" alt="" class="wp-image-4071" style="aspect-ratio:1.2362958569855123;width:200px;height:auto" srcset="https://pos.uel.br/direito-negocial/wp-content/uploads/2026/02/Captura-de-Tela-2026-02-24-às-13.02.28.png 314w, https://pos.uel.br/direito-negocial/wp-content/uploads/2026/02/Captura-de-Tela-2026-02-24-às-13.02.28-300x243.png 300w" sizes="auto, (max-width: 314px) 100vw, 314px" /></figure>
</div>


<p>A Pró-Reitoria de Pesquisa e Pós-Graduação (PROPPG) da Universidade Estadual de Londrina (UEL) publicou o Edital nº 06/2026, que dispõe sobre a distribuição de bolsas institucionais de Mestrado e Doutorado aos Programas de Pós-Graduação Stricto sensu acadêmicos da Instituição.</p>



<p>As bolsas têm como finalidade apoiar a formação de recursos humanos qualificados, fortalecendo a pesquisa e a produção científica nos Programas de Pós-Graduação da UEL.</p>



<p></p>



<p><strong>Critérios de Elegibilidade</strong></p>



<p>Podem concorrer às cotas todos os Programas de Pós-Graduação acadêmicos da UEL. Cada Programa poderá pleitear:</p>



<ul class="wp-block-list">
<li>até 01 cota de bolsa de Mestrado;</li>
</ul>



<ul class="wp-block-list">
<li>até 01 cota de bolsa de Doutorado.</li>
</ul>



<p><strong>Critérios de Avaliação e Distribuição das Bolsas</strong></p>



<p>A classificação dos Programas será realizada com base na soma de quatro critérios objetivos:</p>



<ol class="wp-block-list">
<li>Pontuação pela nota do Programa (CAPES)</li>
</ol>



<ol class="wp-block-list"></ol>



<ul class="wp-block-list">
<li>Nota 3: 50 pontos</li>
</ul>



<ul class="wp-block-list">
<li>Nota 4: 48 pontos</li>
</ul>



<ul class="wp-block-list">
<li>Nota 5: 46 pontos</li>
</ul>



<ul class="wp-block-list">
<li>Nota 6: 44 pontos</li>
</ul>



<ul class="wp-block-list">
<li>Nota 7: 42 pontos</li>
</ul>



<p>2.  Relação entre número de estudantes matriculados e número de bolsas vigentes</p>



<ol class="wp-block-list"></ol>



<p>Será considerada a razão entre o total de estudantes regularmente matriculados e o total de bolsas já existentes no Programa.</p>



<p>3. Política de ações afirmativas</p>



<p>Será acrescida pontuação adicional (10 pontos) quando o(a) estudante indicado(a) tiver ingressado por meio de modalidade de reserva ou suplementariedade de vagas (pessoas negras, indígenas ou pessoas com deficiência).</p>



<p>4. Programas sem cota institucional vigente</p>



<p>Programas que não possuam bolsa institucional CAPES-DS ou CNPq implementada receberão 10 pontos adicionais.</p>



<p>A prioridade na distribuição seguirá a ordem decrescente da pontuação final obtida.</p>



<p><strong>Critérios de Desempate</strong></p>



<p>Em caso de empate, será observada:</p>



<ul class="wp-block-list">
<li>Maior percentual de estudantes matriculados sem bolsa;</li>
</ul>



<ul class="wp-block-list">
<li>Ausência de bolsa institucional CAPES-DS ou CNPq em vigência.</li>
</ul>



<ul class="wp-block-list">
<li>Vigência das Bolsas</li>
</ul>



<p>Mestrado: até 24 meses, contados a partir do ingresso do estudante no Programa (verificar edital).</p>



<p>Doutorado: até 48 meses, contados a partir do ingresso no Programa (verificar edital).</p>



<p></p>



<h2 class="wp-block-heading has-text-align-center">BOLSISTAS EM VIGÊNCIA</h2>



<p></p>



<p></p>

<p>A Pró-Reitoria de Pesquisa e Pós-Graduação (PROPPG) da Universidade Estadual de Londrina (UEL) publicou o Edital nº 06/2026, que dispõe sobre a distribuição de bolsas institucionais de Mestrado e Doutorado aos Programas de Pós-Graduação Stricto sensu acadêmicos da Instituição. As bolsas têm como finalidade apoiar a formação de recursos humanos qualificados, fortalecendo a pesquisa e [&hellip;]</p>
