{"id":4003,"date":"2026-02-10T21:16:36","date_gmt":"2026-02-11T00:16:36","guid":{"rendered":"https:\/\/pos.uel.br\/direito-negocial\/?page_id=4003"},"modified":"2026-02-12T11:48:03","modified_gmt":"2026-02-12T14:48:03","slug":"arquivo-processo-seletivo-estudante-especial-2025-2","status":"publish","type":"page","link":"https:\/\/pos.uel.br\/direito-negocial\/arquivo-processo-seletivo-estudante-especial-2025-2\/","title":{"rendered":"Processo Seletivo de Editais Anteriores"},"content":{"rendered":"<p class=\"has-secondary-accent-color has-text-color has-medium-font-size\"><strong>Segundo Semestre de 2025<\/strong><\/p>\n<figure class=\"wp-block-table has-small-font-size\">\n<table>\n<thead>\n<tr>\n<td class=\"has-text-align-center\" data-align=\"center\"><strong>\u00a0DOC<\/strong><\/td>\n<td><strong>ATIVIDADES<\/strong><\/td>\n<td class=\"has-text-align-center\" data-align=\"center\"><strong>DATA<\/strong> |<strong> PER\u00cdODO DE PUBLICA\u00c7\u00c3O<\/strong><\/td>\n<td class=\"has-text-align-center\" data-align=\"center\"><strong>SITUA\u00c7\u00c3O ATUAL<\/strong><\/td>\n<\/tr>\n<\/thead>\n<tbody>\n<tr>\n<td class=\"has-text-align-center\" data-align=\"center\"><a href=\"https:\/\/pos.uel.br\/direito-negocial\/wp-content\/uploads\/2025\/07\/EDITAL-PPGDN-04.2025-SELECAO-ESTUDANTES-ESPECIAIS.pdf\"><img decoding=\"async\" class=\"wp-image-412\" src=\"https:\/\/pos.uel.br\/direitocivil\/wp-content\/uploads\/2022\/09\/paste_red1-e1663003698481.jpg\" alt=\"\" \/><\/a><\/td>\n<td>Edital de Oferta | Inscri\u00e7\u00e3o e Sele\u00e7\u00e3o<\/td>\n<td class=\"has-text-align-center\" data-align=\"center\">03\/07\/2025<\/td>\n<td class=\"has-text-align-center\" data-align=\"center\">\u00a0<strong>Imprescind\u00edvel Leitura!<\/strong><\/td>\n<\/tr>\n<tr>\n<td class=\"has-text-align-center\" data-align=\"center\"><a href=\"https:\/\/pos.uel.br\/direito-negocial\/wp-content\/uploads\/2025\/07\/ANEXO-I-VAGAS-ALUNO-ESPECIAL-MESTRADO-E-DOUTORADO.pdf\"><img decoding=\"async\" class=\"wp-image-412\" src=\"https:\/\/pos.uel.br\/direitocivil\/wp-content\/uploads\/2022\/09\/paste_red1-e1663003698481.jpg\" alt=\"\" \/><\/a><\/td>\n<td>Anexo I &#8211; Disciplinas ofertadas e n\u00famero de vagas dispon\u00edveis<\/td>\n<td class=\"has-text-align-center\" data-align=\"center\">03\/07\/2025<\/td>\n<td class=\"has-text-align-center\" data-align=\"center\">\u00a0<strong>Imprescind\u00edvel Leitura!<\/strong><\/td>\n<\/tr>\n<tr>\n<td class=\"has-text-align-center\" data-align=\"center\">\u00a0<\/td>\n<td>Curr\u00edculo | A ser preenchido pelo(a) candidato(a), encaminhado em formato \u00daNICO, em PDF<\/td>\n<td class=\"has-text-align-center\" data-align=\"center\">03\/07\/2025<\/td>\n<td class=\"has-text-align-center\" data-align=\"center\">Preencha a pontua\u00e7\u00e3o com muita aten\u00e7\u00e3o, enumerando todos os documentos comprobat\u00f3rios.\n<p><strong> Leia com aten\u00e7\u00e3o o Anexo III, no qual cont\u00e9m as informa\u00e7\u00f5es para preenchimento do curr\u00edculo.<\/strong><\/p>\n<\/td>\n<\/tr>\n<tr>\n<td class=\"has-text-align-center\" data-align=\"center\">\u00a0<\/td>\n<td>Pedido de Isen\u00e7\u00e3o: Todas as Modalidades<\/td>\n<td class=\"has-text-align-center\" data-align=\"center\"><strong>22\/07\/2025 e 23\/07\/2025<\/strong><\/td>\n<td class=\"has-text-align-center\" data-align=\"center\"><strong>Leia com aten\u00e7\u00e3o se voc\u00ea se encaixa nas modalidades de isen\u00e7\u00e3o!<\/strong><\/td>\n<\/tr>\n<tr>\n<td class=\"has-text-align-center\" data-align=\"center\"><a href=\"https:\/\/pos.uel.br\/direito-negocial\/editais\/resultado-de-pedidos-de-isencao\/\"><img decoding=\"async\" class=\"wp-image-412\" src=\"https:\/\/pos.uel.br\/direitocivil\/wp-content\/uploads\/2022\/09\/paste_red1-e1663003698481.jpg\" alt=\"\" \/><\/a><\/td>\n<td>Publica\u00e7\u00e3o do Edital do Resultado dos pedidos de Isen\u00e7\u00e3o<\/td>\n<td class=\"has-text-align-center\" data-align=\"center\">25\/07\/2025<\/td>\n<td class=\"has-text-align-center\" data-align=\"center\">\u00a0<\/td>\n<\/tr>\n<tr>\n<td class=\"has-text-align-center\" data-align=\"center\">\u00a0<\/td>\n<td>Pedido de Recurso ao Resultado de Isen\u00e7\u00f5es<\/td>\n<td class=\"has-text-align-center\" data-align=\"center\">28\/07\/2025<\/td>\n<td class=\"has-text-align-center\" data-align=\"center\">\u00a0<\/td>\n<\/tr>\n<tr>\n<td class=\"has-text-align-center\" data-align=\"center\"><a href=\"https:\/\/pos.uel.br\/direito-negocial\/editais\/edital-final-isencao-inscricoes-aluno-especial\/\"><img loading=\"lazy\" decoding=\"async\" class=\"alignnone wp-image-412\" src=\"https:\/\/pos.uel.br\/direitocivil\/wp-content\/uploads\/2022\/09\/paste_red1-e1663003698481.jpg\" alt=\"\" width=\"40\" height=\"35\" \/><\/a><\/td>\n<td>Publica\u00e7\u00e3o do Edital Final com o Resultado dos Recursos referente aos pedidos de Isen\u00e7\u00f5es<\/td>\n<td class=\"has-text-align-center\" data-align=\"center\">31\/07\/2025<\/td>\n<td class=\"has-text-align-center\" data-align=\"center\"><strong>Edital Final &#8211; Resultado dos Pedidos de Isen\u00e7\u00e3o<\/strong><\/td>\n<\/tr>\n<tr>\n<td class=\"has-text-align-center\" data-align=\"center\">\u00a0<\/td>\n<td>Inscri\u00e7\u00e3o online e Upload de Documentos <strong>via sistema de inscri\u00e7\u00e3o online<\/strong><\/td>\n<td class=\"has-text-align-center\" data-align=\"center\"><strong>05\/08\/2025 a 07\/08\/2025<\/strong><\/td>\n<td class=\"has-text-align-center\" data-align=\"center\">\u00a0<\/td>\n<\/tr>\n<tr>\n<td class=\"has-text-align-center\" data-align=\"center\">\u00a0<\/td>\n<td>\u00daltimo dia para pagamento de boleto banc\u00e1rio &#8211; <strong>aten\u00e7\u00e3o ao hor\u00e1rio da institui\u00e7\u00e3o banc\u00e1ria<\/strong><\/td>\n<td class=\"has-text-align-center\" data-align=\"center\"><b>07\/08\/2025<\/b><\/td>\n<td class=\"has-text-align-center\" data-align=\"center\">\u00a0<\/td>\n<\/tr>\n<tr>\n<td class=\"has-text-align-center\" data-align=\"center\">\u00a0<\/td>\n<td>An\u00e1lise da documenta\u00e7\u00e3o encaminhada \u2013 per\u00edodo exclusivo para comiss\u00e3o do curso<\/td>\n<td class=\"has-text-align-center\" data-align=\"center\">08\/08\/2025 a 10\/08\/2025<\/td>\n<td class=\"has-text-align-center\" data-align=\"center\">\u00a0<\/td>\n<\/tr>\n<tr>\n<td class=\"has-text-align-center\" data-align=\"center\"><a href=\"https:\/\/pos.uel.br\/direito-negocial\/editais\/resultado-e-convocacao-para-matricula\/\"><img loading=\"lazy\" decoding=\"async\" class=\"alignnone wp-image-412\" src=\"https:\/\/pos.uel.br\/direitocivil\/wp-content\/uploads\/2022\/09\/paste_red1-e1663003698481.jpg\" alt=\"\" width=\"40\" height=\"35\" \/><\/a><\/td>\n<td>Publica\u00e7\u00e3o do Edital de Resultado e Convoca\u00e7\u00e3o para Matr\u00edcula<\/td>\n<td class=\"has-text-align-center\" data-align=\"center\">11\/08\/2025<\/td>\n<td class=\"has-text-align-center\" data-align=\"center\">\u00a0<\/td>\n<\/tr>\n<tr>\n<td class=\"has-text-align-center\" data-align=\"center\">\u00a0<\/td>\n<td>Publica\u00e7\u00e3o do N\u00famero de Matr\u00edcula<\/td>\n<td class=\"has-text-align-center\" data-align=\"center\">13\/08\/2025<\/td>\n<td class=\"has-text-align-center\" data-align=\"center\">\u00a0<\/td>\n<\/tr>\n<tr>\n<td class=\"has-text-align-center\" data-align=\"center\">\u00a0<\/td>\n<td><strong>Matr\u00edcula\u00a0<\/strong><\/td>\n<td class=\"has-text-align-center\" data-align=\"center\"><strong>14\/08\/2025 e 15\/08\/2025<\/strong><\/td>\n<td class=\"has-text-align-center\" data-align=\"center\">\u00a0<\/td>\n<\/tr>\n<tr>\n<td class=\"has-text-align-center\" data-align=\"center\">\u00a0<\/td>\n<td>Convoca\u00e7\u00e3o de suplente \u2013 via e-mail<\/td>\n<td class=\"has-text-align-center\" data-align=\"center\">&#8212;&#8212;&#8212;&#8212;-<\/td>\n<td class=\"has-text-align-center\" data-align=\"center\">\u00a0<\/td>\n<\/tr>\n<tr>\n<td class=\"has-text-align-center\" data-align=\"center\">\u00a0<\/td>\n<td>Matr\u00edcula de suplente<\/td>\n<td class=\"has-text-align-center\" data-align=\"center\">&#8212;&#8212;&#8212;&#8212;-<\/td>\n<td class=\"has-text-align-center\" data-align=\"center\">\u00a0<\/td>\n<\/tr>\n<tr>\n<td class=\"has-text-align-center\" data-align=\"center\">\u00a0<\/td>\n<td>In\u00edcio das Aulas<\/td>\n<td class=\"has-text-align-center\" data-align=\"center\">\u00a0<\/td>\n<td class=\"has-text-align-center\" data-align=\"center\"><strong>\u00a0Consulte o quadro de hor\u00e1rios de acordo com o n\u00edvel desejado (mestrado ou doutorado)!!<\/strong><\/td>\n<\/tr>\n<\/tbody>\n<\/table>\n<\/figure>\n<hr class=\"wp-block-separator has-text-color has-secondary-accent-color has-alpha-channel-opacity has-secondary-accent-background-color has-background is-style-wide\" \/>\n<p style=\"text-align: center\"><a href=\"https:\/\/pos.uel.br\/direito-negocial\/wp-content\/uploads\/2025\/07\/EDITAL-PPGDN-04.2025-SELECAO-ESTUDANTES-ESPECIAIS.pdf\">Edital de Oferta | Inscri\u00e7\u00e3o e Sele\u00e7\u00e3o<\/a><\/p>\n<p style=\"text-align: center\"><a href=\"https:\/\/pos.uel.br\/direito-negocial\/wp-content\/uploads\/2025\/07\/ANEXO-I-VAGAS-ALUNO-ESPECIAL-MESTRADO-E-DOUTORADO.pdf\">Anexo I &#8211; Disciplinas ofertadas e n\u00famero de vagas dispon\u00edveis<\/a><\/p>\n<p style=\"text-align: center\"><a href=\"https:\/\/pos.uel.br\/direito-negocial\/wp-content\/uploads\/2025\/07\/ANEXO-II-MODELO-CURRICULO-1.docx\">Anexo II &#8211; Curr\u00edculo a ser preenchido pelo(a) candidato(a)<\/a><\/p>\n<p style=\"text-align: center\"><a href=\"https:\/\/pos.uel.br\/direito-negocial\/wp-content\/uploads\/2025\/07\/ANEXO-III-ORIENTACOES-PARA-PREENCHIMENTO-DO-CURRICULO.pdf\">Anexo III &#8211; Orienta\u00e7\u00f5es para o preenchimento do curr\u00edculo<\/a><\/p>\n<p style=\"text-align: center\"><a href=\"https:\/\/pos.uel.br\/direito-negocial\/wp-content\/uploads\/2025\/06\/QUADRO-DE-HORA%CC%81RIO-MESTRADO-2025-2-24.06.pdf\">Quadro de Hor\u00e1rios das disciplinas a n\u00edvel de Mestrado 2025\/2<\/a><\/p>\n<p style=\"text-align: center\"><a href=\"https:\/\/pos.uel.br\/direito-negocial\/wp-content\/uploads\/2025\/06\/QUADRO-DE-HORA%CC%81RIO-DOUTORADO-2025-2-24.06.pdf\">Quadro de Hor\u00e1rios das disciplinas a n\u00edvel de Doutorado 2025\/2<\/a><\/p>\n<p style=\"text-align: center\"><a href=\"https:\/\/pos.uel.br\/direito-negocial\/wp-content\/uploads\/2025\/08\/EDITAL-RESULTADO-ALUNOS-ESPECIAIS-2025.2-FINAL-1.pdf\">Edital de Resultado Retificado &#8211; 2025\/2<\/a><\/p>\n<p style=\"text-align: center\"><a href=\"https:\/\/pos.uel.br\/direito-negocial\/wp-content\/uploads\/2025\/08\/Guia-para-Cadastro-no-Portal-da-Po%CC%81s-Graduac%CC%A7a%CC%83o-para-Aluno-Especial.docx.pdf\">Guia de Orienta\u00e7\u00f5es para Cadastro de Aluno Especial 2025\/2<\/a><\/p>\n\n\n<p><\/p>\n","protected":false},"excerpt":{"rendered":"<p>Segundo Semestre de 2025 \u00a0DOC ATIVIDADES DATA | PER\u00cdODO DE PUBLICA\u00c7\u00c3O SITUA\u00c7\u00c3O ATUAL Edital de Oferta | Inscri\u00e7\u00e3o e Sele\u00e7\u00e3o 03\/07\/2025 \u00a0Imprescind\u00edvel Leitura! Anexo I &#8211; Disciplinas ofertadas e n\u00famero de vagas dispon\u00edveis 03\/07\/2025 \u00a0Imprescind\u00edvel Leitura! \u00a0 Curr\u00edculo | A ser preenchido pelo(a) candidato(a), encaminhado em formato \u00daNICO, em PDF 03\/07\/2025 Preencha a pontua\u00e7\u00e3o com [&hellip;]<\/p>\n","protected":false},"author":16,"featured_media":0,"parent":0,"menu_order":0,"comment_status":"closed","ping_status":"closed","template":"","meta":{"_acf_changed":false,"footnotes":""},"class_list":["post-4003","page","type-page","status-publish","hentry"],"acf":[],"_links":{"self":[{"href":"https:\/\/pos.uel.br\/direito-negocial\/wp-json\/wp\/v2\/pages\/4003","targetHints":{"allow":["GET"]}}],"collection":[{"href":"https:\/\/pos.uel.br\/direito-negocial\/wp-json\/wp\/v2\/pages"}],"about":[{"href":"https:\/\/pos.uel.br\/direito-negocial\/wp-json\/wp\/v2\/types\/page"}],"author":[{"embeddable":true,"href":"https:\/\/pos.uel.br\/direito-negocial\/wp-json\/wp\/v2\/users\/16"}],"replies":[{"embeddable":true,"href":"https:\/\/pos.uel.br\/direito-negocial\/wp-json\/wp\/v2\/comments?post=4003"}],"version-history":[{"count":5,"href":"https:\/\/pos.uel.br\/direito-negocial\/wp-json\/wp\/v2\/pages\/4003\/revisions"}],"predecessor-version":[{"id":4128,"href":"https:\/\/pos.uel.br\/direito-negocial\/wp-json\/wp\/v2\/pages\/4003\/revisions\/4128"}],"wp:attachment":[{"href":"https:\/\/pos.uel.br\/direito-negocial\/wp-json\/wp\/v2\/media?parent=4003"}],"curies":[{"name":"wp","href":"https:\/\/api.w.org\/{rel}","templated":true}]}}