{"id":3168,"date":"2025-09-09T09:32:55","date_gmt":"2025-09-09T12:32:55","guid":{"rendered":"https:\/\/pos.uel.br\/direito-negocial\/?page_id=3168"},"modified":"2026-02-27T11:31:04","modified_gmt":"2026-02-27T14:31:04","slug":"qualificacao-doutorado","status":"publish","type":"page","link":"https:\/\/pos.uel.br\/direito-negocial\/qualificacao-doutorado\/","title":{"rendered":"Qualifica\u00e7\u00e3o | Doutorado"},"content":{"rendered":"\n<h2 class=\"wp-block-heading\">2026<\/h2>\n\n\n\n<details class=\"wp-block-details is-layout-flow wp-block-details-is-layout-flow\"><summary>MEDIA\u00c7\u00c3O E INTELIG\u00caNCIA ARTIFICIAL FRENTE \u00c0 RESOLU\u00c7\u00c3O DE CONFLITOS NO DIREITO DAS FAM\u00cdLIAS: DESAFIOS, POTENCIALIDADES E LIMITES DA IA NA CONSTRU\u00c7\u00c3O DO DI\u00c1LOGO E DOS NEG\u00d3CIOS JUR\u00cdDICOS FAMILIARES NO BRASIL<\/summary>\n<p>Jos\u00e9 Ricardo Suter<\/p>\n\n\n\n<p>Data da Defesa: 13.02.2026<\/p>\n\n\n\n<p>Banca Examinadora: Rozane da Rosa Cacphapuz (Orientadora); Luiz Fernando Bellinetti (Membro Interno); Patricia Auyb da Costa (Membra Externa)<\/p>\n<\/details>\n\n\n\n<hr class=\"wp-block-separator has-alpha-channel-opacity\" \/>\n\n\n\n<h2 class=\"wp-block-heading\">2025<\/h2>\n\n\n\n<details class=\"wp-block-details is-layout-flow wp-block-details-is-layout-flow\"><summary>DOS CONTRATOS AGR\u00c1RIOS E AS FIGURAS PARCELARES DA BOA-F\u00c9 OBJETIVA: A APLICABILIDADE DO DUTY TO MITIGATE TO LOSS<\/summary>\n<p>       <strong>Adiloar Franco Zemuler<\/strong><\/p>\n\n\n\n<p>Data da Defesa: 12.02.2025<\/p>\n\n\n\n<p>Banca Examinadora: Daniela Braga Paiano (Orientadora); Rita de C\u00e1ssia Resquetti Tarifa Espolador (Membro Interno); Alessandra Cristina Furlan (Membra Externa)<\/p>\n<\/details>\n\n\n\n<hr class=\"wp-block-separator has-alpha-channel-opacity is-style-wide\" \/>\n\n\n\n<details class=\"wp-block-details is-layout-flow wp-block-details-is-layout-flow\"><summary>A COMUNICA\u00c7\u00c3O COMO ELEMENTO FUNDAMENTAL PARA VALIDADE DA TOMADA DE DECIS\u00c3O COMPARTILHADA EM CUIDADOS DE SA\u00daDE<\/summary>\n<p>     <strong>Aracelli Mesquita Bandolin Bermejo<\/strong><\/p>\n\n\n\n<p>Data da defesa: 17.02.2025<\/p>\n\n\n\n<p>Banca examinadora: Rita de C\u00e1ssia Resquetti Tarifa Espolador (Orientadora); Daniela Braga Paiano (Membro Interno); Igor de Lucena Mascarenhas (Membra Externa); Juliana Carvalho Pav\u00e3o (Membra Externa).<\/p>\n<\/details>\n\n\n\n<hr class=\"wp-block-separator has-alpha-channel-opacity is-style-wide\" \/>\n\n\n\n<details class=\"wp-block-details is-layout-flow wp-block-details-is-layout-flow\"><summary>A FORMA\u00c7\u00c3O DA RATIO DECIDENDI DOS PRECEDENTES E A ATIVIDADE TRANSINDIVIDUAL NO SISTEMA RECURSAL BRASILEIRO: A CONVERG\u00caNCIA ENTRE ARGUMENTA\u00c7\u00c3O JUR\u00cdDICA, FILOSOFIA DA LINGUAGEM, PROCEDIMENTALISMO, SUBSTANCIALISMO E HERMEN\u00caUTICA NA CONSTRU\u00c7\u00c3O DAS DECIS\u00d5ES JUDICIAIS COM EFIC\u00c1CIA TRANSINDIVIDUAL<\/summary>\n<p><strong>Wilian Zendrini Buzingnani<\/strong><\/p>\n\n\n\n<p>Data da defesa: 26.03.2025<\/p>\n\n\n\n<p>Banca: Luiz Fernando Bellinetti (Orientador); Elve Miguel Cenci (Membro Interno); Jos\u00e9 Miguel Garcia Medina (Membra Externa).<\/p>\n<\/details>\n\n\n\n<hr class=\"wp-block-separator has-alpha-channel-opacity\" \/>\n\n\n\n<h2 class=\"wp-block-heading\">2024<\/h2>\n\n\n\n<details class=\"wp-block-details is-layout-flow wp-block-details-is-layout-flow\"><summary>POSITIVISMO ENTRE KANT E KELSEN: PARADIGMAS FILOS\u00d3FICO, EPISTEMOL\u00d3GICO E LINGU\u00cdSTICO DO DIREITO POSITIVO E A FUN\u00c7\u00c3O CRIADORA DE DIREITOS DA NORMA NEGOCIAL<\/summary>\n<p><strong>Adyr Garcia Ferreira Netto<\/strong><\/p>\n\n\n\n<p>Data da defesa: 23.05.2024<\/p>\n\n\n\n<p>Banca: Clodomiro Jos\u00e9 Bannwart J\u00fanior (Orientador); Elve Miguel Cenci (Membro Interno); Ricardo V\u00e9lez Rodriguez (Membro Externo).<\/p>\n<\/details>\n\n\n\n<hr class=\"wp-block-separator has-alpha-channel-opacity is-style-wide\" \/>\n\n\n\n<details class=\"wp-block-details is-layout-flow wp-block-details-is-layout-flow\"><summary>OS SUBS\u00cdDIOS AGR\u00cdCOLAS E A PERSPECTIVA COSMOPOLITA DE DESENVOLVIMENTO NA ORGANIZA\u00c7\u00c3O MUNDIAL DO COM\u00c9RCIO<\/summary>\n<p><strong>Joice Duarte Gon\u00e7alves Bergamaschi<\/strong><\/p>\n\n\n\n<p>Data da defesa: 09.10.2024<\/p>\n\n\n\n<p>Banca: Elve Miguel Cenci&nbsp;&#8211; (Orientador); Clodomiro Jos\u00e9 Bannwart J\u00fanior (Membro Interno); Wagner Luiz Menezes Lino (Membro Externo).<\/p>\n<\/details>\n\n\n\n<hr class=\"wp-block-separator has-alpha-channel-opacity is-style-wide\" \/>\n\n\n\n<details class=\"wp-block-details is-layout-flow wp-block-details-is-layout-flow\"><summary>CONTRIBUI\u00c7\u00c3O AMBIENTAL DE INTERVEN\u00c7\u00c3O SOBRE O DOM\u00cdNIO ECON\u00d4MICO <\/summary>\n<p><strong>Fellipe Cianca Fortes<\/strong><\/p>\n\n\n\n<p>Data da defesa: 02.12.2024<\/p>\n\n\n\n<p>Banca: Marlene Kempfer (Orientadora); Carlos Renato Cunha (Membro Externo); Maria de F\u00e1tima Ribeiro (Membra Externa).<\/p>\n<\/details>\n\n\n\n<hr class=\"wp-block-separator has-alpha-channel-opacity is-style-wide\" \/>\n\n\n\n<p><\/p>\n\n\n\n<p><\/p>\n\n\n\n<p><\/p>\n","protected":false},"excerpt":{"rendered":"<p>2026 2025 2024<\/p>\n","protected":false},"author":34,"featured_media":0,"parent":0,"menu_order":0,"comment_status":"closed","ping_status":"closed","template":"","meta":{"_acf_changed":false,"footnotes":""},"class_list":["post-3168","page","type-page","status-publish","hentry"],"acf":[],"_links":{"self":[{"href":"https:\/\/pos.uel.br\/direito-negocial\/wp-json\/wp\/v2\/pages\/3168","targetHints":{"allow":["GET"]}}],"collection":[{"href":"https:\/\/pos.uel.br\/direito-negocial\/wp-json\/wp\/v2\/pages"}],"about":[{"href":"https:\/\/pos.uel.br\/direito-negocial\/wp-json\/wp\/v2\/types\/page"}],"author":[{"embeddable":true,"href":"https:\/\/pos.uel.br\/direito-negocial\/wp-json\/wp\/v2\/users\/34"}],"replies":[{"embeddable":true,"href":"https:\/\/pos.uel.br\/direito-negocial\/wp-json\/wp\/v2\/comments?post=3168"}],"version-history":[{"count":16,"href":"https:\/\/pos.uel.br\/direito-negocial\/wp-json\/wp\/v2\/pages\/3168\/revisions"}],"predecessor-version":[{"id":4105,"href":"https:\/\/pos.uel.br\/direito-negocial\/wp-json\/wp\/v2\/pages\/3168\/revisions\/4105"}],"wp:attachment":[{"href":"https:\/\/pos.uel.br\/direito-negocial\/wp-json\/wp\/v2\/media?parent=3168"}],"curies":[{"name":"wp","href":"https:\/\/api.w.org\/{rel}","templated":true}]}}

Qualificação | Doutorado

<h2 class="wp-block-heading">2026</h2>



<details class="wp-block-details is-layout-flow wp-block-details-is-layout-flow"><summary>MEDIAÇÃO E INTELIGÊNCIA ARTIFICIAL FRENTE À RESOLUÇÃO DE CONFLITOS NO DIREITO DAS FAMÍLIAS: DESAFIOS, POTENCIALIDADES E LIMITES DA IA NA CONSTRUÇÃO DO DIÁLOGO E DOS NEGÓCIOS JURÍDICOS FAMILIARES NO BRASIL</summary>
<p>José Ricardo Suter</p>



<p>Data da Defesa: 13.02.2026</p>



<p>Banca Examinadora: Rozane da Rosa Cacphapuz (Orientadora); Luiz Fernando Bellinetti (Membro Interno); Patricia Auyb da Costa (Membra Externa)</p>
</details>



<hr class="wp-block-separator has-alpha-channel-opacity" />



<h2 class="wp-block-heading">2025</h2>



<details class="wp-block-details is-layout-flow wp-block-details-is-layout-flow"><summary>DOS CONTRATOS AGRÁRIOS E AS FIGURAS PARCELARES DA BOA-FÉ OBJETIVA: A APLICABILIDADE DO DUTY TO MITIGATE TO LOSS</summary>
<p>       <strong>Adiloar Franco Zemuler</strong></p>



<p>Data da Defesa: 12.02.2025</p>



<p>Banca Examinadora: Daniela Braga Paiano (Orientadora); Rita de Cássia Resquetti Tarifa Espolador (Membro Interno); Alessandra Cristina Furlan (Membra Externa)</p>
</details>



<hr class="wp-block-separator has-alpha-channel-opacity is-style-wide" />



<details class="wp-block-details is-layout-flow wp-block-details-is-layout-flow"><summary>A COMUNICAÇÃO COMO ELEMENTO FUNDAMENTAL PARA VALIDADE DA TOMADA DE DECISÃO COMPARTILHADA EM CUIDADOS DE SAÚDE</summary>
<p>     <strong>Aracelli Mesquita Bandolin Bermejo</strong></p>



<p>Data da defesa: 17.02.2025</p>



<p>Banca examinadora: Rita de Cássia Resquetti Tarifa Espolador (Orientadora); Daniela Braga Paiano (Membro Interno); Igor de Lucena Mascarenhas (Membra Externa); Juliana Carvalho Pavão (Membra Externa).</p>
</details>



<hr class="wp-block-separator has-alpha-channel-opacity is-style-wide" />



<details class="wp-block-details is-layout-flow wp-block-details-is-layout-flow"><summary>A FORMAÇÃO DA RATIO DECIDENDI DOS PRECEDENTES E A ATIVIDADE TRANSINDIVIDUAL NO SISTEMA RECURSAL BRASILEIRO: A CONVERGÊNCIA ENTRE ARGUMENTAÇÃO JURÍDICA, FILOSOFIA DA LINGUAGEM, PROCEDIMENTALISMO, SUBSTANCIALISMO E HERMENÊUTICA NA CONSTRUÇÃO DAS DECISÕES JUDICIAIS COM EFICÁCIA TRANSINDIVIDUAL</summary>
<p><strong>Wilian Zendrini Buzingnani</strong></p>



<p>Data da defesa: 26.03.2025</p>



<p>Banca: Luiz Fernando Bellinetti (Orientador); Elve Miguel Cenci (Membro Interno); José Miguel Garcia Medina (Membra Externa).</p>
</details>



<hr class="wp-block-separator has-alpha-channel-opacity" />



<h2 class="wp-block-heading">2024</h2>



<details class="wp-block-details is-layout-flow wp-block-details-is-layout-flow"><summary>POSITIVISMO ENTRE KANT E KELSEN: PARADIGMAS FILOSÓFICO, EPISTEMOLÓGICO E LINGUÍSTICO DO DIREITO POSITIVO E A FUNÇÃO CRIADORA DE DIREITOS DA NORMA NEGOCIAL</summary>
<p><strong>Adyr Garcia Ferreira Netto</strong></p>



<p>Data da defesa: 23.05.2024</p>



<p>Banca: Clodomiro José Bannwart Júnior (Orientador); Elve Miguel Cenci (Membro Interno); Ricardo Vélez Rodriguez (Membro Externo).</p>
</details>



<hr class="wp-block-separator has-alpha-channel-opacity is-style-wide" />



<details class="wp-block-details is-layout-flow wp-block-details-is-layout-flow"><summary>OS SUBSÍDIOS AGRÍCOLAS E A PERSPECTIVA COSMOPOLITA DE DESENVOLVIMENTO NA ORGANIZAÇÃO MUNDIAL DO COMÉRCIO</summary>
<p><strong>Joice Duarte Gonçalves Bergamaschi</strong></p>



<p>Data da defesa: 09.10.2024</p>



<p>Banca: Elve Miguel Cenci&nbsp;&#8211; (Orientador); Clodomiro José Bannwart Júnior (Membro Interno); Wagner Luiz Menezes Lino (Membro Externo).</p>
</details>



<hr class="wp-block-separator has-alpha-channel-opacity is-style-wide" />



<details class="wp-block-details is-layout-flow wp-block-details-is-layout-flow"><summary>CONTRIBUIÇÃO AMBIENTAL DE INTERVENÇÃO SOBRE O DOMÍNIO ECONÔMICO </summary>
<p><strong>Fellipe Cianca Fortes</strong></p>



<p>Data da defesa: 02.12.2024</p>



<p>Banca: Marlene Kempfer (Orientadora); Carlos Renato Cunha (Membro Externo); Maria de Fátima Ribeiro (Membra Externa).</p>
</details>



<hr class="wp-block-separator has-alpha-channel-opacity is-style-wide" />



<p></p>



<p></p>



<p></p>
