{"id":241,"date":"2024-10-07T11:06:56","date_gmt":"2024-10-07T14:06:56","guid":{"rendered":"https:\/\/pos.uel.br\/direito-negocial\/?page_id=241"},"modified":"2025-10-09T11:36:23","modified_gmt":"2025-10-09T14:36:23","slug":"convenios","status":"publish","type":"page","link":"https:\/\/pos.uel.br\/direito-negocial\/convenios\/","title":{"rendered":"Internacionaliza\u00e7\u00e3o"},"content":{"rendered":"<div class=\"wp-block-image\">\n<figure class=\"aligncenter size-full is-resized\"><img loading=\"lazy\" decoding=\"async\" width=\"225\" height=\"225\" src=\"https:\/\/pos.uel.br\/direito-negocial\/wp-content\/uploads\/2024\/10\/images.png\" alt=\"\" class=\"wp-image-542\" style=\"width:202px;height:auto\" srcset=\"https:\/\/pos.uel.br\/direito-negocial\/wp-content\/uploads\/2024\/10\/images.png 225w, https:\/\/pos.uel.br\/direito-negocial\/wp-content\/uploads\/2024\/10\/images-150x150.png 150w\" sizes=\"auto, (max-width: 225px) 100vw, 225px\" \/><\/figure>\n<\/div>\n\n\n<p>A internacionaliza\u00e7\u00e3o na P\u00f3s-gradua\u00e7\u00e3o e na pesquisa jur\u00eddica \u00e9 fundamental para a amplia\u00e7\u00e3o do horizonte acad\u00eamico dos discentes e para o desenvolvimento de perspectivas inovadoras e eficazes que respondam aos desafios locais, regionais e globais. Ao promover a mobilidade internacional de professores, pesquisadores e estudantes, \u00e9 poss\u00edvel promover a integra\u00e7\u00e3o de conhecimentos e de experi\u00eancias de diferentes sistemas jur\u00eddicos e culturais, o que enriquece a forma\u00e7\u00e3o e a vis\u00e3o cr\u00edtica dos atores envolvidos. Esse processo fortalece a educa\u00e7\u00e3o superior e contribui para que a Universidade Estadual de Londrina (UEL) e seus colaboradores aprimorem sua qualidade e alcancem padr\u00f5es de excel\u00eancia internacional.<\/p>\n\n\n\n<p>A mobilidade internacional n\u00e3o apenas eleva a qualifica\u00e7\u00e3o do corpo docente e discente, mas tamb\u00e9m fomenta a coopera\u00e7\u00e3o em projetos de pesquisa de alto impacto. Os alunos e professores quando retornam de suas atividades em pa\u00edses estrangeiros, n\u00e3o trazem apenas novos conhecimentos, mas tamb\u00e9m estabelecem redes de pesquisa que permanecem por anos.<\/p>\n\n\n\n<p>Al\u00e9m da capacita\u00e7\u00e3o, a internacionaliza\u00e7\u00e3o \u00e9 uma via para fomentar a cria\u00e7\u00e3o de conhecimento comprometido com a transforma\u00e7\u00e3o social e a justi\u00e7a. O interc\u00e2mbio de ideias e metodologias fortalece a inova\u00e7\u00e3o nas pesquisas e contribui para que as universidades formem profissionais socialmente respons\u00e1veis \u200b\u200be capacitados para enfrentar problemas econ\u00f4micos, pol\u00edticos e culturais.<\/p>\n\n\n\n<p>Na UEL, os acordos de coopera\u00e7\u00e3o e interc\u00e2mbio e os conv\u00eanios com outras universidades s\u00e3o mediados pela Assessoria de Rela\u00e7\u00f5es Internacionais (ARI), &nbsp;que auxilia no estabelecimento de parcerias com as institui\u00e7\u00f5es estrangeiras, visando a coopera\u00e7\u00e3o acad\u00eamica internacional, e ajuda estudantes e docentes na identifica\u00e7\u00e3o de oportunidades e na elabora\u00e7\u00e3o de propostas para o fortalecimento da internacionaliza\u00e7\u00e3o da universidade.<\/p>\n\n\n\n<p>Atualmente, o Programa de P\u00f3s-gradua\u00e7\u00e3o em Direito Negocial da UEL possui acordos de coopera\u00e7\u00e3o e interc\u00e2mbio com universidades renomadas da Europa e da Am\u00e9rica do Sul, contribuindo para a pol\u00edtica de internacionaliza\u00e7\u00e3o da UEL e para a divulga\u00e7\u00e3o e troca de conhecimentos cient\u00edficos.<\/p>\n\n\n\n<hr class=\"wp-block-separator has-alpha-channel-opacity\" \/>\n","protected":false},"excerpt":{"rendered":"<p>A internacionaliza\u00e7\u00e3o na P\u00f3s-gradua\u00e7\u00e3o e na pesquisa jur\u00eddica \u00e9 fundamental para a amplia\u00e7\u00e3o do horizonte acad\u00eamico dos discentes e para o desenvolvimento de perspectivas inovadoras e eficazes que respondam aos desafios locais, regionais e globais. Ao promover a mobilidade internacional de professores, pesquisadores e estudantes, \u00e9 poss\u00edvel promover a integra\u00e7\u00e3o de conhecimentos e de experi\u00eancias [&hellip;]<\/p>\n","protected":false},"author":11,"featured_media":0,"parent":0,"menu_order":0,"comment_status":"closed","ping_status":"closed","template":"","meta":{"_acf_changed":false,"footnotes":""},"class_list":["post-241","page","type-page","status-publish","hentry"],"acf":[],"_links":{"self":[{"href":"https:\/\/pos.uel.br\/direito-negocial\/wp-json\/wp\/v2\/pages\/241","targetHints":{"allow":["GET"]}}],"collection":[{"href":"https:\/\/pos.uel.br\/direito-negocial\/wp-json\/wp\/v2\/pages"}],"about":[{"href":"https:\/\/pos.uel.br\/direito-negocial\/wp-json\/wp\/v2\/types\/page"}],"author":[{"embeddable":true,"href":"https:\/\/pos.uel.br\/direito-negocial\/wp-json\/wp\/v2\/users\/11"}],"replies":[{"embeddable":true,"href":"https:\/\/pos.uel.br\/direito-negocial\/wp-json\/wp\/v2\/comments?post=241"}],"version-history":[{"count":10,"href":"https:\/\/pos.uel.br\/direito-negocial\/wp-json\/wp\/v2\/pages\/241\/revisions"}],"predecessor-version":[{"id":3516,"href":"https:\/\/pos.uel.br\/direito-negocial\/wp-json\/wp\/v2\/pages\/241\/revisions\/3516"}],"wp:attachment":[{"href":"https:\/\/pos.uel.br\/direito-negocial\/wp-json\/wp\/v2\/media?parent=241"}],"curies":[{"name":"wp","href":"https:\/\/api.w.org\/{rel}","templated":true}]}}