{"id":22,"date":"2024-10-07T10:26:50","date_gmt":"2024-10-07T13:26:50","guid":{"rendered":"https:\/\/pos.uel.br\/direito-negocial\/?page_id=22"},"modified":"2025-08-20T10:48:16","modified_gmt":"2025-08-20T13:48:16","slug":"coordenacao-e-administracao","status":"publish","type":"page","link":"https:\/\/pos.uel.br\/direito-negocial\/coordenacao-e-administracao\/","title":{"rendered":"Coordena\u00e7\u00e3o e Administra\u00e7\u00e3o"},"content":{"rendered":"\n<p>A estrutura de coordena\u00e7\u00e3o did\u00e1tica e administrativa dos cursos de P\u00f3s-Gradua\u00e7\u00e3o em Direito Negocial da Universidade Estadual de Londrina (UEL) \u00e9 composta pelo Colegiado e pela Coordena\u00e7\u00e3o do Programa.<\/p>\n\n\n\n<p>A Coordena\u00e7\u00e3o \u00e9 respons\u00e1vel por gerir as atividades administrativas do programa e garantir a execu\u00e7\u00e3o program\u00e1tica de suas diretrizes, adotando as medidas necess\u00e1rias para o desenvolvimento cont\u00ednuo e o cumprimento das delibera\u00e7\u00f5es tomadas pelo Colegiado.<\/p>\n\n\n\n<p>O Coordenador e o Vice-Coordenador s\u00e3o eleitos para um mandato de dois anos, com a possibilidade de recondu\u00e7\u00e3o por igual per\u00edodo. O processo eleitoral envolve a participa\u00e7\u00e3o ativa dos docentes que integram o Corpo Docente, dos discentes matriculados no programa e dos servidores administrativos, assegurando uma gest\u00e3o participativa e democr\u00e1tica.<\/p>\n\n\n\n<p>J\u00e1 o Colegiado do Programa, como \u00f3rg\u00e3o superior, \u00e9 encarregado de supervisionar tanto os aspectos did\u00e1ticos quanto administrativos dos cursos de mestrado e doutorado. Esse \u00f3rg\u00e3o \u00e9 composto por representantes do corpo docente e dicente, tamb\u00e9m eleitos para mandatos de dois anos, refor\u00e7ando a integra\u00e7\u00e3o entre as diversas esferas acad\u00eamicas e administrativas. Dessa forma, o Colegiado desempenha um papel crucial na garantia da qualidade acad\u00eamica e na condu\u00e7\u00e3o estrat\u00e9gica do Programa de P\u00f3s-Gradua\u00e7\u00e3o.<\/p>\n\n\n\n<p><\/p>\n\n\n\n<p>Nossa Coordena\u00e7\u00e3o atualmente tem a seguinte composi\u00e7\u00e3o para a gest\u00e3o 2025\/2027:<\/p>\n\n\n\n<p><strong>Coordenador:<\/strong> Clodomiro Jos\u00e9 Bannwart Junior<\/p>\n\n\n\n<p><strong>Vice Coordenadora<\/strong>: Patr\u00edcia Ayub da Costa<\/p>\n\n\n\n<p><strong>Telefone:<\/strong> (43) 3371-4120<\/p>\n\n\n\n<hr class=\"wp-block-separator has-alpha-channel-opacity\" \/>\n\n\n\n<div class=\"wp-block-uel-card\">\n<p class=\"has-text-align-center has-site-background-color has-primary-accent-background-color has-text-color has-background has-link-color wp-elements-0497b75e0d337317fd26513d8ceade10\"><strong>HIST\u00d3RICO DE COORDENADORES DO PROGRAMA DE P\u00d3S-GRADUA\u00c7\u00c3O EM DIREITO NEGOCIAL<\/strong><\/p>\n<\/div>\n\n\n\n<div class=\"wp-block-group is-layout-grid wp-container-core-group-is-layout-9649a0d9 wp-block-group-is-layout-grid\">\n<figure class=\"wp-block-image size-full\"><img loading=\"lazy\" decoding=\"async\" width=\"570\" height=\"570\" src=\"https:\/\/pos.uel.br\/direito-negocial\/wp-content\/uploads\/2024\/11\/Nely-Lopes-Casali-1-edited.jpg\" alt=\"\" class=\"wp-image-908\" srcset=\"https:\/\/pos.uel.br\/direito-negocial\/wp-content\/uploads\/2024\/11\/Nely-Lopes-Casali-1-edited.jpg 570w, https:\/\/pos.uel.br\/direito-negocial\/wp-content\/uploads\/2024\/11\/Nely-Lopes-Casali-1-edited-300x300.jpg 300w, https:\/\/pos.uel.br\/direito-negocial\/wp-content\/uploads\/2024\/11\/Nely-Lopes-Casali-1-edited-150x150.jpg 150w\" sizes=\"auto, (max-width: 570px) 100vw, 570px\" \/><figcaption class=\"wp-element-caption\"><strong>Nely Lopes Casali<\/strong><br><em>Coordenador de 1990 a 1994<\/em> (Portarias 49.622\/1990 e 61.733\/1992).<br>Vice-coordena\u00e7\u00e3o: Dinaura Godinho Pimental (1990-1992) e Jussara Suzi Assis Borges Nasser Ferreira (1992-1994).<\/figcaption><\/figure>\n\n\n\n<figure class=\"wp-block-image size-full wp-container-content-69bc4bdf\"><img loading=\"lazy\" decoding=\"async\" width=\"387\" height=\"387\" src=\"https:\/\/pos.uel.br\/direito-negocial\/wp-content\/uploads\/2024\/11\/jussara-3-edited.jpeg\" alt=\"\" class=\"wp-image-906\" srcset=\"https:\/\/pos.uel.br\/direito-negocial\/wp-content\/uploads\/2024\/11\/jussara-3-edited.jpeg 387w, https:\/\/pos.uel.br\/direito-negocial\/wp-content\/uploads\/2024\/11\/jussara-3-edited-300x300.jpeg 300w, https:\/\/pos.uel.br\/direito-negocial\/wp-content\/uploads\/2024\/11\/jussara-3-edited-150x150.jpeg 150w\" sizes=\"auto, (max-width: 387px) 100vw, 387px\" \/><figcaption class=\"wp-element-caption\"><strong>Jussara Suzi Assis Borges Nasser Ferreira<\/strong><br><em>Coordenadora de 1994 a 2003<\/em> (Portarias 74.256\/1994, 248\/1997 e 364\/1999).<br>Vice-coordena\u00e7\u00e3o: Mariluza Fernandes Franco (1994-1996), Omar Jos\u00e9 Baddauy (1996-1999) e Maria de F\u00e1tima Ribeiro (1999-2003).<\/figcaption><\/figure>\n\n\n\n<figure class=\"wp-block-image size-full\"><img loading=\"lazy\" decoding=\"async\" width=\"789\" height=\"800\" src=\"https:\/\/pos.uel.br\/direito-negocial\/wp-content\/uploads\/2024\/11\/image-26.png\" alt=\"\" class=\"wp-image-851\" srcset=\"https:\/\/pos.uel.br\/direito-negocial\/wp-content\/uploads\/2024\/11\/image-26.png 789w, https:\/\/pos.uel.br\/direito-negocial\/wp-content\/uploads\/2024\/11\/image-26-296x300.png 296w, https:\/\/pos.uel.br\/direito-negocial\/wp-content\/uploads\/2024\/11\/image-26-768x779.png 768w\" sizes=\"auto, (max-width: 789px) 100vw, 789px\" \/><figcaption class=\"wp-element-caption\"><strong>Maria de F\u00e1tima Ribeiro<\/strong><br><em>Coordenadora de 2003 a 2005<\/em> (Portaria 1.432\/2003).<br>Vice-coordena\u00e7\u00e3o: Luiz Fernando Bellinetti.<br><\/figcaption><\/figure>\n\n\n\n<figure class=\"wp-block-image size-large\"><img loading=\"lazy\" decoding=\"async\" width=\"854\" height=\"854\" src=\"https:\/\/pos.uel.br\/direito-negocial\/wp-content\/uploads\/2024\/11\/belinetti-3-edited.jpeg\" alt=\"\" class=\"wp-image-930\" srcset=\"https:\/\/pos.uel.br\/direito-negocial\/wp-content\/uploads\/2024\/11\/belinetti-3-edited.jpeg 854w, https:\/\/pos.uel.br\/direito-negocial\/wp-content\/uploads\/2024\/11\/belinetti-3-edited-300x300.jpeg 300w, https:\/\/pos.uel.br\/direito-negocial\/wp-content\/uploads\/2024\/11\/belinetti-3-edited-150x150.jpeg 150w, https:\/\/pos.uel.br\/direito-negocial\/wp-content\/uploads\/2024\/11\/belinetti-3-edited-768x768.jpeg 768w\" sizes=\"auto, (max-width: 854px) 100vw, 854px\" \/><figcaption class=\"wp-element-caption\"><strong>Luiz Fernando Bellinetti<\/strong><br><em>Coordenador de 2005 a 2010<\/em> (Portaria 957\/2005).<br>Vice-coordena\u00e7\u00e3o: Marlene Kempfer Bassoli.<br><\/figcaption><\/figure>\n\n\n\n<figure class=\"wp-block-image size-full\"><img loading=\"lazy\" decoding=\"async\" width=\"841\" height=\"845\" src=\"https:\/\/pos.uel.br\/direito-negocial\/wp-content\/uploads\/2024\/11\/WhatsApp-Image-2024-11-07-at-12.12.59-2.jpeg\" alt=\"\" class=\"wp-image-959\" srcset=\"https:\/\/pos.uel.br\/direito-negocial\/wp-content\/uploads\/2024\/11\/WhatsApp-Image-2024-11-07-at-12.12.59-2.jpeg 841w, https:\/\/pos.uel.br\/direito-negocial\/wp-content\/uploads\/2024\/11\/WhatsApp-Image-2024-11-07-at-12.12.59-2-300x300.jpeg 300w, https:\/\/pos.uel.br\/direito-negocial\/wp-content\/uploads\/2024\/11\/WhatsApp-Image-2024-11-07-at-12.12.59-2-150x150.jpeg 150w, https:\/\/pos.uel.br\/direito-negocial\/wp-content\/uploads\/2024\/11\/WhatsApp-Image-2024-11-07-at-12.12.59-2-768x772.jpeg 768w\" sizes=\"auto, (max-width: 841px) 100vw, 841px\" \/><figcaption class=\"wp-element-caption\"><strong>Marlene Kempfer Bassoli<\/strong><br><em>Coordenadora de 2010 a 2014<\/em> (Portarias 3.477\/2010 e Portaria 3.233\/2013).<br>Vice-coordena\u00e7\u00e3o: Luiz Fernando Bellinetti (2010-2012) e Ana Cl\u00e1udia Corr\u00eaa Zuin Mattos do Amaral (2013-2014).<br><\/figcaption><\/figure>\n\n\n\n<figure class=\"wp-block-image size-large\"><img loading=\"lazy\" decoding=\"async\" width=\"280\" height=\"280\" src=\"https:\/\/pos.uel.br\/direito-negocial\/wp-content\/uploads\/2024\/11\/assembleia-20-edited.jpg\" alt=\"\" class=\"wp-image-936\" srcset=\"https:\/\/pos.uel.br\/direito-negocial\/wp-content\/uploads\/2024\/11\/assembleia-20-edited.jpg 280w, https:\/\/pos.uel.br\/direito-negocial\/wp-content\/uploads\/2024\/11\/assembleia-20-edited-150x150.jpg 150w\" sizes=\"auto, (max-width: 280px) 100vw, 280px\" \/><figcaption class=\"wp-element-caption\"><strong>Miguel Etinger de Ara\u00fajo J\u00fanior<\/strong><br><em>Coordenador de 2014 a 2017<\/em> (Portaria 1.989\/2014).<br>Vice-coordena\u00e7\u00e3o: Ana Cl\u00e1udia Corr\u00eaa Zuin Mattos do Amaral.<\/figcaption><\/figure>\n\n\n\n<figure class=\"wp-block-image size-large\"><img loading=\"lazy\" decoding=\"async\" width=\"854\" height=\"854\" src=\"https:\/\/pos.uel.br\/direito-negocial\/wp-content\/uploads\/2024\/11\/elve-1-edited.jpeg\" alt=\"\" class=\"wp-image-937\" srcset=\"https:\/\/pos.uel.br\/direito-negocial\/wp-content\/uploads\/2024\/11\/elve-1-edited.jpeg 854w, https:\/\/pos.uel.br\/direito-negocial\/wp-content\/uploads\/2024\/11\/elve-1-edited-300x300.jpeg 300w, https:\/\/pos.uel.br\/direito-negocial\/wp-content\/uploads\/2024\/11\/elve-1-edited-150x150.jpeg 150w, https:\/\/pos.uel.br\/direito-negocial\/wp-content\/uploads\/2024\/11\/elve-1-edited-768x768.jpeg 768w\" sizes=\"auto, (max-width: 854px) 100vw, 854px\" \/><figcaption class=\"wp-element-caption\"><strong>Elve Miguel Cenci<\/strong><br><em>Coordenador de 2017 a 2023<\/em><br>Vice-coordena\u00e7\u00e3o: Luiz Fernando Bellinetti.<\/figcaption><\/figure>\n\n\n\n<figure class=\"wp-block-image size-full\"><img loading=\"lazy\" decoding=\"async\" width=\"240\" height=\"240\" src=\"https:\/\/pos.uel.br\/direito-negocial\/wp-content\/uploads\/2024\/11\/WhatsApp-Image-2024-11-08-at-07.54.13-edited.jpeg\" alt=\"\" class=\"wp-image-964\" srcset=\"https:\/\/pos.uel.br\/direito-negocial\/wp-content\/uploads\/2024\/11\/WhatsApp-Image-2024-11-08-at-07.54.13-edited.jpeg 240w, https:\/\/pos.uel.br\/direito-negocial\/wp-content\/uploads\/2024\/11\/WhatsApp-Image-2024-11-08-at-07.54.13-edited-150x150.jpeg 150w\" sizes=\"auto, (max-width: 240px) 100vw, 240px\" \/><figcaption class=\"wp-element-caption\"><strong>Clodomiro Jos\u00e9 Bannwart J\u00fanior<\/strong><br><em>Coordenador desde 2023<\/em> (Portarias 2.148\/2023 e 1.323\/2025).<br>Vice-coordena\u00e7\u00e3o: Patr\u00edcia Ayub da Costa.<\/figcaption><\/figure>\n<\/div>\n\n\n\n<div class=\"wp-block-group alignwide is-nowrap is-layout-flex wp-container-core-group-is-layout-ad2f72ca wp-block-group-is-layout-flex\">\n<div class=\"wp-block-columns is-layout-flex wp-container-core-columns-is-layout-9d6595d7 wp-block-columns-is-layout-flex\">\n<div class=\"wp-block-column is-layout-flow wp-block-column-is-layout-flow\" style=\"flex-basis:100%\"><\/div>\n<\/div>\n<\/div>\n\n\n\n<div class=\"wp-block-columns is-layout-flex wp-container-core-columns-is-layout-9d6595d7 wp-block-columns-is-layout-flex\">\n<div class=\"wp-block-column is-layout-flow wp-block-column-is-layout-flow\"><\/div>\n\n\n\n<div class=\"wp-block-column is-layout-flow wp-block-column-is-layout-flow\"><\/div>\n<\/div>\n\n\n\n<p><\/p>\n","protected":false},"excerpt":{"rendered":"<p>A estrutura de coordena\u00e7\u00e3o did\u00e1tica e administrativa dos cursos de P\u00f3s-Gradua\u00e7\u00e3o em Direito Negocial da Universidade Estadual de Londrina (UEL) \u00e9 composta pelo Colegiado e pela Coordena\u00e7\u00e3o do Programa. A Coordena\u00e7\u00e3o \u00e9 respons\u00e1vel por gerir as atividades administrativas do programa e garantir a execu\u00e7\u00e3o program\u00e1tica de suas diretrizes, adotando as medidas necess\u00e1rias para o desenvolvimento [&hellip;]<\/p>\n","protected":false},"author":11,"featured_media":0,"parent":0,"menu_order":0,"comment_status":"closed","ping_status":"closed","template":"","meta":{"_acf_changed":false,"footnotes":""},"class_list":["post-22","page","type-page","status-publish","hentry"],"acf":[],"_links":{"self":[{"href":"https:\/\/pos.uel.br\/direito-negocial\/wp-json\/wp\/v2\/pages\/22","targetHints":{"allow":["GET"]}}],"collection":[{"href":"https:\/\/pos.uel.br\/direito-negocial\/wp-json\/wp\/v2\/pages"}],"about":[{"href":"https:\/\/pos.uel.br\/direito-negocial\/wp-json\/wp\/v2\/types\/page"}],"author":[{"embeddable":true,"href":"https:\/\/pos.uel.br\/direito-negocial\/wp-json\/wp\/v2\/users\/11"}],"replies":[{"embeddable":true,"href":"https:\/\/pos.uel.br\/direito-negocial\/wp-json\/wp\/v2\/comments?post=22"}],"version-history":[{"count":28,"href":"https:\/\/pos.uel.br\/direito-negocial\/wp-json\/wp\/v2\/pages\/22\/revisions"}],"predecessor-version":[{"id":2584,"href":"https:\/\/pos.uel.br\/direito-negocial\/wp-json\/wp\/v2\/pages\/22\/revisions\/2584"}],"wp:attachment":[{"href":"https:\/\/pos.uel.br\/direito-negocial\/wp-json\/wp\/v2\/media?parent=22"}],"curies":[{"name":"wp","href":"https:\/\/api.w.org\/{rel}","templated":true}]}}

Coordenação e Administração

<p>A estrutura de coordenação didática e administrativa dos cursos de Pós-Graduação em Direito Negocial da Universidade Estadual de Londrina (UEL) é composta pelo Colegiado e pela Coordenação do Programa.</p>



<p>A Coordenação é responsável por gerir as atividades administrativas do programa e garantir a execução programática de suas diretrizes, adotando as medidas necessárias para o desenvolvimento contínuo e o cumprimento das deliberações tomadas pelo Colegiado.</p>



<p>O Coordenador e o Vice-Coordenador são eleitos para um mandato de dois anos, com a possibilidade de recondução por igual período. O processo eleitoral envolve a participação ativa dos docentes que integram o Corpo Docente, dos discentes matriculados no programa e dos servidores administrativos, assegurando uma gestão participativa e democrática.</p>



<p>Já o Colegiado do Programa, como órgão superior, é encarregado de supervisionar tanto os aspectos didáticos quanto administrativos dos cursos de mestrado e doutorado. Esse órgão é composto por representantes do corpo docente e dicente, também eleitos para mandatos de dois anos, reforçando a integração entre as diversas esferas acadêmicas e administrativas. Dessa forma, o Colegiado desempenha um papel crucial na garantia da qualidade acadêmica e na condução estratégica do Programa de Pós-Graduação.</p>



<p></p>



<p>Nossa Coordenação atualmente tem a seguinte composição para a gestão 2025/2027:</p>



<p><strong>Coordenador:</strong> Clodomiro José Bannwart Junior</p>



<p><strong>Vice Coordenadora</strong>: Patrícia Ayub da Costa</p>



<p><strong>Telefone:</strong> (43) 3371-4120</p>



<hr class="wp-block-separator has-alpha-channel-opacity" />



<div class="wp-block-uel-card">
<p class="has-text-align-center has-site-background-color has-primary-accent-background-color has-text-color has-background has-link-color wp-elements-0497b75e0d337317fd26513d8ceade10"><strong>HISTÓRICO DE COORDENADORES DO PROGRAMA DE PÓS-GRADUAÇÃO EM DIREITO NEGOCIAL</strong></p>
</div>



<div class="wp-block-group is-layout-grid wp-container-core-group-is-layout-9649a0d9 wp-block-group-is-layout-grid">
<figure class="wp-block-image size-full"><img loading="lazy" decoding="async" width="570" height="570" src="https://pos.uel.br/direito-negocial/wp-content/uploads/2024/11/Nely-Lopes-Casali-1-edited.jpg" alt="" class="wp-image-908" srcset="https://pos.uel.br/direito-negocial/wp-content/uploads/2024/11/Nely-Lopes-Casali-1-edited.jpg 570w, https://pos.uel.br/direito-negocial/wp-content/uploads/2024/11/Nely-Lopes-Casali-1-edited-300x300.jpg 300w, https://pos.uel.br/direito-negocial/wp-content/uploads/2024/11/Nely-Lopes-Casali-1-edited-150x150.jpg 150w" sizes="auto, (max-width: 570px) 100vw, 570px" /><figcaption class="wp-element-caption"><strong>Nely Lopes Casali</strong><br><em>Coordenador de 1990 a 1994</em> (Portarias 49.622/1990 e 61.733/1992).<br>Vice-coordenação: Dinaura Godinho Pimental (1990-1992) e Jussara Suzi Assis Borges Nasser Ferreira (1992-1994).</figcaption></figure>



<figure class="wp-block-image size-full wp-container-content-69bc4bdf"><img loading="lazy" decoding="async" width="387" height="387" src="https://pos.uel.br/direito-negocial/wp-content/uploads/2024/11/jussara-3-edited.jpeg" alt="" class="wp-image-906" srcset="https://pos.uel.br/direito-negocial/wp-content/uploads/2024/11/jussara-3-edited.jpeg 387w, https://pos.uel.br/direito-negocial/wp-content/uploads/2024/11/jussara-3-edited-300x300.jpeg 300w, https://pos.uel.br/direito-negocial/wp-content/uploads/2024/11/jussara-3-edited-150x150.jpeg 150w" sizes="auto, (max-width: 387px) 100vw, 387px" /><figcaption class="wp-element-caption"><strong>Jussara Suzi Assis Borges Nasser Ferreira</strong><br><em>Coordenadora de 1994 a 2003</em> (Portarias 74.256/1994, 248/1997 e 364/1999).<br>Vice-coordenação: Mariluza Fernandes Franco (1994-1996), Omar José Baddauy (1996-1999) e Maria de Fátima Ribeiro (1999-2003).</figcaption></figure>



<figure class="wp-block-image size-full"><img loading="lazy" decoding="async" width="789" height="800" src="https://pos.uel.br/direito-negocial/wp-content/uploads/2024/11/image-26.png" alt="" class="wp-image-851" srcset="https://pos.uel.br/direito-negocial/wp-content/uploads/2024/11/image-26.png 789w, https://pos.uel.br/direito-negocial/wp-content/uploads/2024/11/image-26-296x300.png 296w, https://pos.uel.br/direito-negocial/wp-content/uploads/2024/11/image-26-768x779.png 768w" sizes="auto, (max-width: 789px) 100vw, 789px" /><figcaption class="wp-element-caption"><strong>Maria de Fátima Ribeiro</strong><br><em>Coordenadora de 2003 a 2005</em> (Portaria 1.432/2003).<br>Vice-coordenação: Luiz Fernando Bellinetti.<br></figcaption></figure>



<figure class="wp-block-image size-large"><img loading="lazy" decoding="async" width="854" height="854" src="https://pos.uel.br/direito-negocial/wp-content/uploads/2024/11/belinetti-3-edited.jpeg" alt="" class="wp-image-930" srcset="https://pos.uel.br/direito-negocial/wp-content/uploads/2024/11/belinetti-3-edited.jpeg 854w, https://pos.uel.br/direito-negocial/wp-content/uploads/2024/11/belinetti-3-edited-300x300.jpeg 300w, https://pos.uel.br/direito-negocial/wp-content/uploads/2024/11/belinetti-3-edited-150x150.jpeg 150w, https://pos.uel.br/direito-negocial/wp-content/uploads/2024/11/belinetti-3-edited-768x768.jpeg 768w" sizes="auto, (max-width: 854px) 100vw, 854px" /><figcaption class="wp-element-caption"><strong>Luiz Fernando Bellinetti</strong><br><em>Coordenador de 2005 a 2010</em> (Portaria 957/2005).<br>Vice-coordenação: Marlene Kempfer Bassoli.<br></figcaption></figure>



<figure class="wp-block-image size-full"><img loading="lazy" decoding="async" width="841" height="845" src="https://pos.uel.br/direito-negocial/wp-content/uploads/2024/11/WhatsApp-Image-2024-11-07-at-12.12.59-2.jpeg" alt="" class="wp-image-959" srcset="https://pos.uel.br/direito-negocial/wp-content/uploads/2024/11/WhatsApp-Image-2024-11-07-at-12.12.59-2.jpeg 841w, https://pos.uel.br/direito-negocial/wp-content/uploads/2024/11/WhatsApp-Image-2024-11-07-at-12.12.59-2-300x300.jpeg 300w, https://pos.uel.br/direito-negocial/wp-content/uploads/2024/11/WhatsApp-Image-2024-11-07-at-12.12.59-2-150x150.jpeg 150w, https://pos.uel.br/direito-negocial/wp-content/uploads/2024/11/WhatsApp-Image-2024-11-07-at-12.12.59-2-768x772.jpeg 768w" sizes="auto, (max-width: 841px) 100vw, 841px" /><figcaption class="wp-element-caption"><strong>Marlene Kempfer Bassoli</strong><br><em>Coordenadora de 2010 a 2014</em> (Portarias 3.477/2010 e Portaria 3.233/2013).<br>Vice-coordenação: Luiz Fernando Bellinetti (2010-2012) e Ana Cláudia Corrêa Zuin Mattos do Amaral (2013-2014).<br></figcaption></figure>



<figure class="wp-block-image size-large"><img loading="lazy" decoding="async" width="280" height="280" src="https://pos.uel.br/direito-negocial/wp-content/uploads/2024/11/assembleia-20-edited.jpg" alt="" class="wp-image-936" srcset="https://pos.uel.br/direito-negocial/wp-content/uploads/2024/11/assembleia-20-edited.jpg 280w, https://pos.uel.br/direito-negocial/wp-content/uploads/2024/11/assembleia-20-edited-150x150.jpg 150w" sizes="auto, (max-width: 280px) 100vw, 280px" /><figcaption class="wp-element-caption"><strong>Miguel Etinger de Araújo Júnior</strong><br><em>Coordenador de 2014 a 2017</em> (Portaria 1.989/2014).<br>Vice-coordenação: Ana Cláudia Corrêa Zuin Mattos do Amaral.</figcaption></figure>



<figure class="wp-block-image size-large"><img loading="lazy" decoding="async" width="854" height="854" src="https://pos.uel.br/direito-negocial/wp-content/uploads/2024/11/elve-1-edited.jpeg" alt="" class="wp-image-937" srcset="https://pos.uel.br/direito-negocial/wp-content/uploads/2024/11/elve-1-edited.jpeg 854w, https://pos.uel.br/direito-negocial/wp-content/uploads/2024/11/elve-1-edited-300x300.jpeg 300w, https://pos.uel.br/direito-negocial/wp-content/uploads/2024/11/elve-1-edited-150x150.jpeg 150w, https://pos.uel.br/direito-negocial/wp-content/uploads/2024/11/elve-1-edited-768x768.jpeg 768w" sizes="auto, (max-width: 854px) 100vw, 854px" /><figcaption class="wp-element-caption"><strong>Elve Miguel Cenci</strong><br><em>Coordenador de 2017 a 2023</em><br>Vice-coordenação: Luiz Fernando Bellinetti.</figcaption></figure>



<figure class="wp-block-image size-full"><img loading="lazy" decoding="async" width="240" height="240" src="https://pos.uel.br/direito-negocial/wp-content/uploads/2024/11/WhatsApp-Image-2024-11-08-at-07.54.13-edited.jpeg" alt="" class="wp-image-964" srcset="https://pos.uel.br/direito-negocial/wp-content/uploads/2024/11/WhatsApp-Image-2024-11-08-at-07.54.13-edited.jpeg 240w, https://pos.uel.br/direito-negocial/wp-content/uploads/2024/11/WhatsApp-Image-2024-11-08-at-07.54.13-edited-150x150.jpeg 150w" sizes="auto, (max-width: 240px) 100vw, 240px" /><figcaption class="wp-element-caption"><strong>Clodomiro José Bannwart Júnior</strong><br><em>Coordenador desde 2023</em> (Portarias 2.148/2023 e 1.323/2025).<br>Vice-coordenação: Patrícia Ayub da Costa.</figcaption></figure>
</div>



<div class="wp-block-group alignwide is-nowrap is-layout-flex wp-container-core-group-is-layout-ad2f72ca wp-block-group-is-layout-flex">
<div class="wp-block-columns is-layout-flex wp-container-core-columns-is-layout-9d6595d7 wp-block-columns-is-layout-flex">
<div class="wp-block-column is-layout-flow wp-block-column-is-layout-flow" style="flex-basis:100%"></div>
</div>
</div>



<div class="wp-block-columns is-layout-flex wp-container-core-columns-is-layout-9d6595d7 wp-block-columns-is-layout-flex">
<div class="wp-block-column is-layout-flow wp-block-column-is-layout-flow"></div>



<div class="wp-block-column is-layout-flow wp-block-column-is-layout-flow"></div>
</div>



<p></p>

<p>A estrutura de coordenação didática e administrativa dos cursos de Pós-Graduação em Direito Negocial da Universidade Estadual de Londrina (UEL) é composta pelo Colegiado e pela Coordenação do Programa. A Coordenação é responsável por gerir as atividades administrativas do programa e garantir a execução programática de suas diretrizes, adotando as medidas necessárias para o desenvolvimento [&hellip;]</p>
