{"id":214,"date":"2024-10-07T10:54:18","date_gmt":"2024-10-07T13:54:18","guid":{"rendered":"https:\/\/pos.uel.br\/direito-negocial\/?page_id=214"},"modified":"2024-11-03T13:17:45","modified_gmt":"2024-11-03T16:17:45","slug":"revista-de-direito-publico-a2","status":"publish","type":"page","link":"https:\/\/pos.uel.br\/direito-negocial\/revista-de-direito-publico-a2\/","title":{"rendered":"Revista de Direito P\u00fablico (A2)"},"content":{"rendered":"\n<p>A\u00a0<strong>Revista Eletr\u00f4nica do Direito P\u00fablico\u00a0<\/strong>tem por objetivo publicar artigos cient\u00edficos in\u00e9ditos de autores de Institui\u00e7\u00f5es de Ensino e Pesquisa, nacionais e estrangeiras, envolvendo tem\u00e1ticas afetas \u00e0 \u00e1rea de Direito P\u00fablico e \u00e0s linhas de pesquisa do Programa de Mestrado e Doutorado em Direito Negocial da UEL. Em suas se\u00e7\u00f5es especiais, \u00e0 partir do ano de 2012, aceita-se tamb\u00e9m resenhas e resumo de teses.<\/p>\n\n\n\n<p><\/p>\n\n\n\n<div data-wp-interactive=\"core\/file\" class=\"wp-block-file\"><object data-wp-bind--hidden=\"!state.hasPdfPreview\" hidden class=\"wp-block-file__embed\" data=\"https:\/\/pos.uel.br\/direito-negocial\/wp-content\/uploads\/2024\/11\/Regimento-Revista-do-Dir-Publico-Delib-08-2024-1.pdf\" type=\"application\/pdf\" style=\"width:100%;height:600px\" aria-label=\"Incorporado de Regimento - Revista do Dir P\u00fablico - Delib 08 2024 (1).\"><\/object><a id=\"wp-block-file--media-9fe80df3-5350-46fc-bf50-d2c449d04a51\" href=\"https:\/\/pos.uel.br\/direito-negocial\/wp-content\/uploads\/2024\/11\/Regimento-Revista-do-Dir-Publico-Delib-08-2024-1.pdf\">Regimento &#8211; Revista do Dir P\u00fablico &#8211; Delib 08 2024 (1)<\/a><a href=\"https:\/\/pos.uel.br\/direito-negocial\/wp-content\/uploads\/2024\/11\/Regimento-Revista-do-Dir-Publico-Delib-08-2024-1.pdf\" class=\"wp-block-file__button wp-element-button\" download aria-describedby=\"wp-block-file--media-9fe80df3-5350-46fc-bf50-d2c449d04a51\">Baixar<\/a><\/div>\n\n\n\n<p><\/p>\n\n\n<div class=\"wp-block-image\">\n<figure class=\"aligncenter size-full is-resized\"><a href=\"https:\/\/ojs.uel.br\/revistas\/uel\/index.php\/direitopub\/index\"><img loading=\"lazy\" decoding=\"async\" width=\"487\" height=\"690\" src=\"https:\/\/pos.uel.br\/direito-negocial\/wp-content\/uploads\/2024\/11\/homepageImage_pt_BR.png\" alt=\"\" class=\"wp-image-671\" style=\"width:244px;height:auto\" srcset=\"https:\/\/pos.uel.br\/direito-negocial\/wp-content\/uploads\/2024\/11\/homepageImage_pt_BR.png 487w, https:\/\/pos.uel.br\/direito-negocial\/wp-content\/uploads\/2024\/11\/homepageImage_pt_BR-212x300.png 212w\" sizes=\"auto, (max-width: 487px) 100vw, 487px\" \/><\/a><\/figure>\n<\/div>\n\n\n<p><\/p>\n\n\n\n<div class=\"wp-block-buttons alignwide is-content-justification-center is-layout-flex wp-container-core-buttons-is-layout-16018d1d wp-block-buttons-is-layout-flex\">\n<div class=\"wp-block-button\"><a class=\"wp-block-button__link has-text-align-center wp-element-button\" href=\"https:\/\/ojs.uel.br\/revistas\/uel\/index.php\/direitopub\/about\/submissions\">CLIQUE AQUI PARA OBTER INFORMA\u00c7\u00d5ES SOBRE SUBMISS\u00d5ES PARA A REVISTA DO DIREITO P\u00daBLICO<\/a><\/div>\n<\/div>\n\n\n\n<p><\/p>\n","protected":false},"excerpt":{"rendered":"<p>A\u00a0Revista Eletr\u00f4nica do Direito P\u00fablico\u00a0tem por objetivo publicar artigos cient\u00edficos in\u00e9ditos de autores de Institui\u00e7\u00f5es de Ensino e Pesquisa, nacionais e estrangeiras, envolvendo tem\u00e1ticas afetas \u00e0 \u00e1rea de Direito P\u00fablico e \u00e0s linhas de pesquisa do Programa de Mestrado e Doutorado em Direito Negocial da UEL. Em suas se\u00e7\u00f5es especiais, \u00e0 partir do ano de [&hellip;]<\/p>\n","protected":false},"author":11,"featured_media":0,"parent":0,"menu_order":0,"comment_status":"closed","ping_status":"closed","template":"","meta":{"_acf_changed":false,"footnotes":""},"class_list":["post-214","page","type-page","status-publish","hentry"],"acf":[],"_links":{"self":[{"href":"https:\/\/pos.uel.br\/direito-negocial\/wp-json\/wp\/v2\/pages\/214","targetHints":{"allow":["GET"]}}],"collection":[{"href":"https:\/\/pos.uel.br\/direito-negocial\/wp-json\/wp\/v2\/pages"}],"about":[{"href":"https:\/\/pos.uel.br\/direito-negocial\/wp-json\/wp\/v2\/types\/page"}],"author":[{"embeddable":true,"href":"https:\/\/pos.uel.br\/direito-negocial\/wp-json\/wp\/v2\/users\/11"}],"replies":[{"embeddable":true,"href":"https:\/\/pos.uel.br\/direito-negocial\/wp-json\/wp\/v2\/comments?post=214"}],"version-history":[{"count":8,"href":"https:\/\/pos.uel.br\/direito-negocial\/wp-json\/wp\/v2\/pages\/214\/revisions"}],"predecessor-version":[{"id":677,"href":"https:\/\/pos.uel.br\/direito-negocial\/wp-json\/wp\/v2\/pages\/214\/revisions\/677"}],"wp:attachment":[{"href":"https:\/\/pos.uel.br\/direito-negocial\/wp-json\/wp\/v2\/media?parent=214"}],"curies":[{"name":"wp","href":"https:\/\/api.w.org\/{rel}","templated":true}]}}

Revista de Direito Público (A2)

<p>A <strong>Revista Eletrônica do Direito Público </strong>tem por objetivo publicar artigos científicos inéditos de autores de Instituições de Ensino e Pesquisa, nacionais e estrangeiras, envolvendo temáticas afetas à área de Direito Público e às linhas de pesquisa do Programa de Mestrado e Doutorado em Direito Negocial da UEL. Em suas seções especiais, à partir do ano de 2012, aceita-se também resenhas e resumo de teses.</p>



<p></p>



<div data-wp-interactive="core/file" class="wp-block-file"><object data-wp-bind--hidden="!state.hasPdfPreview" hidden class="wp-block-file__embed" data="https://pos.uel.br/direito-negocial/wp-content/uploads/2024/11/Regimento-Revista-do-Dir-Publico-Delib-08-2024-1.pdf" type="application/pdf" style="width:100%;height:600px" aria-label="Incorporado de Regimento - Revista do Dir Público - Delib 08 2024 (1)."></object><a id="wp-block-file--media-9fe80df3-5350-46fc-bf50-d2c449d04a51" href="https://pos.uel.br/direito-negocial/wp-content/uploads/2024/11/Regimento-Revista-do-Dir-Publico-Delib-08-2024-1.pdf">Regimento &#8211; Revista do Dir Público &#8211; Delib 08 2024 (1)</a><a href="https://pos.uel.br/direito-negocial/wp-content/uploads/2024/11/Regimento-Revista-do-Dir-Publico-Delib-08-2024-1.pdf" class="wp-block-file__button wp-element-button" download aria-describedby="wp-block-file--media-9fe80df3-5350-46fc-bf50-d2c449d04a51">Baixar</a></div>



<p></p>


<div class="wp-block-image">
<figure class="aligncenter size-full is-resized"><a href="https://ojs.uel.br/revistas/uel/index.php/direitopub/index"><img loading="lazy" decoding="async" width="487" height="690" src="https://pos.uel.br/direito-negocial/wp-content/uploads/2024/11/homepageImage_pt_BR.png" alt="" class="wp-image-671" style="width:244px;height:auto" srcset="https://pos.uel.br/direito-negocial/wp-content/uploads/2024/11/homepageImage_pt_BR.png 487w, https://pos.uel.br/direito-negocial/wp-content/uploads/2024/11/homepageImage_pt_BR-212x300.png 212w" sizes="auto, (max-width: 487px) 100vw, 487px" /></a></figure>
</div>


<p></p>



<div class="wp-block-buttons alignwide is-content-justification-center is-layout-flex wp-container-core-buttons-is-layout-16018d1d wp-block-buttons-is-layout-flex">
<div class="wp-block-button"><a class="wp-block-button__link has-text-align-center wp-element-button" href="https://ojs.uel.br/revistas/uel/index.php/direitopub/about/submissions">CLIQUE AQUI PARA OBTER INFORMAÇÕES SOBRE SUBMISSÕES PARA A REVISTA DO DIREITO PÚBLICO</a></div>
</div>



<p></p>

<p>A Revista Eletrônica do Direito Público tem por objetivo publicar artigos científicos inéditos de autores de Instituições de Ensino e Pesquisa, nacionais e estrangeiras, envolvendo temáticas afetas à área de Direito Público e às linhas de pesquisa do Programa de Mestrado e Doutorado em Direito Negocial da UEL. Em suas seções especiais, à partir do ano de [&hellip;]</p>
