{"id":208,"date":"2024-10-07T10:54:17","date_gmt":"2024-10-07T13:54:17","guid":{"rendered":"https:\/\/pos.uel.br\/direito-negocial\/?page_id=208"},"modified":"2025-10-09T10:50:36","modified_gmt":"2025-10-09T13:50:36","slug":"producoes-do-programa","status":"publish","type":"page","link":"https:\/\/pos.uel.br\/direito-negocial\/producoes-do-programa\/","title":{"rendered":"Produ\u00e7\u00f5es"},"content":{"rendered":"\n<p><\/p>\n\n\n\n<p>O&nbsp;<strong>Programa de P\u00f3s-Gradua\u00e7\u00e3o em Direito Negocial \u2013 Mestrado e Doutorado<\/strong>&nbsp;(PPGDN) da Universidade Estadual de Londrina (UEL) tem promovido impactos relevantes no meio acad\u00eamico, jur\u00eddico, institucional e social, por meio da forma\u00e7\u00e3o cr\u00edtica e interdisciplinar de mestres e doutores voltados \u00e0 compreens\u00e3o aprofundada dos neg\u00f3cios jur\u00eddicos em suas m\u00faltiplas dimens\u00f5es.<\/p>\n\n\n\n<h3 class=\"wp-block-heading\"><strong>Forma\u00e7\u00e3o de Mestres e Doutores<\/strong><\/h3>\n\n\n\n<p>A forma\u00e7\u00e3o de pesquisadores altamente qualificados, com dom\u00ednio te\u00f3rico, dogm\u00e1tico e pr\u00e1tico do Direito Negocial, \u00e9 um dos pilares do Programa. Os egressos atuam como docentes universit\u00e1rios, ju\u00edzes, promotores, defensores p\u00fablicos, procuradores, advogados p\u00fablicos e privados, al\u00e9m de consultores em \u00f3rg\u00e3os nacionais e internacionais. Essa qualifica\u00e7\u00e3o contribui diretamente para a eleva\u00e7\u00e3o do n\u00edvel t\u00e9cnico do debate jur\u00eddico e institucional em diversos contextos da vida social e econ\u00f4mica.<\/p>\n\n\n\n<h3 class=\"wp-block-heading\"><strong>Impacto Acad\u00eamico<\/strong><\/h3>\n\n\n\n<p>A produ\u00e7\u00e3o cient\u00edfica desenvolvida no \u00e2mbito do PPGDN articula o estudo dos neg\u00f3cios jur\u00eddicos com os fundamentos da teoria geral do direito, da hermen\u00eautica, da filosofia, da sociologia e da epistemologia jur\u00eddica. Os projetos e disserta\u00e7\u00f5es\/discuss\u00f5es desenvolvidos abordam desde os contratos civis e empresariais at\u00e9 temas complexos como biodireito, \u00e9tica, Direito Internacional, neg\u00f3cios processuais e solu\u00e7\u00f5es alternativas de lit\u00edgios. Essa diversidade sustenta a consolida\u00e7\u00e3o de uma abordagem interdisciplinar e cr\u00edtica do fen\u00f4meno jur\u00eddico, gerando publica\u00e7\u00f5es de impacto em peri\u00f3dicos qualificados, livros e eventos cient\u00edficos.<\/p>\n","protected":false},"excerpt":{"rendered":"<p>O&nbsp;Programa de P\u00f3s-Gradua\u00e7\u00e3o em Direito Negocial \u2013 Mestrado e Doutorado&nbsp;(PPGDN) da Universidade Estadual de Londrina (UEL) tem promovido impactos relevantes no meio acad\u00eamico, jur\u00eddico, institucional e social, por meio da forma\u00e7\u00e3o cr\u00edtica e interdisciplinar de mestres e doutores voltados \u00e0 compreens\u00e3o aprofundada dos neg\u00f3cios jur\u00eddicos em suas m\u00faltiplas dimens\u00f5es. Forma\u00e7\u00e3o de Mestres e Doutores A [&hellip;]<\/p>\n","protected":false},"author":11,"featured_media":0,"parent":0,"menu_order":0,"comment_status":"closed","ping_status":"closed","template":"","meta":{"_acf_changed":false,"footnotes":""},"class_list":["post-208","page","type-page","status-publish","hentry"],"acf":[],"_links":{"self":[{"href":"https:\/\/pos.uel.br\/direito-negocial\/wp-json\/wp\/v2\/pages\/208","targetHints":{"allow":["GET"]}}],"collection":[{"href":"https:\/\/pos.uel.br\/direito-negocial\/wp-json\/wp\/v2\/pages"}],"about":[{"href":"https:\/\/pos.uel.br\/direito-negocial\/wp-json\/wp\/v2\/types\/page"}],"author":[{"embeddable":true,"href":"https:\/\/pos.uel.br\/direito-negocial\/wp-json\/wp\/v2\/users\/11"}],"replies":[{"embeddable":true,"href":"https:\/\/pos.uel.br\/direito-negocial\/wp-json\/wp\/v2\/comments?post=208"}],"version-history":[{"count":3,"href":"https:\/\/pos.uel.br\/direito-negocial\/wp-json\/wp\/v2\/pages\/208\/revisions"}],"predecessor-version":[{"id":3487,"href":"https:\/\/pos.uel.br\/direito-negocial\/wp-json\/wp\/v2\/pages\/208\/revisions\/3487"}],"wp:attachment":[{"href":"https:\/\/pos.uel.br\/direito-negocial\/wp-json\/wp\/v2\/media?parent=208"}],"curies":[{"name":"wp","href":"https:\/\/api.w.org\/{rel}","templated":true}]}}