{"id":2,"date":"2021-03-21T23:36:11","date_gmt":"2021-03-22T02:36:11","guid":{"rendered":"https:\/\/pos.uel.br\/direito-negocial\/?page_id=2"},"modified":"2026-03-06T11:34:37","modified_gmt":"2026-03-06T14:34:37","slug":"calendario-proppg","status":"publish","type":"page","link":"https:\/\/pos.uel.br\/direito-negocial\/processoseletivo\/calendario-proppg\/","title":{"rendered":"Calend\u00e1rio PROPPG"},"content":{"rendered":"\n<h2 class=\"wp-block-heading\">Calend\u00e1rio PROPPG (2026-2027)<\/h2>\n\n\n\n<div data-wp-interactive=\"core\/file\" class=\"wp-block-file\"><object data-wp-bind--hidden=\"!state.hasPdfPreview\" hidden class=\"wp-block-file__embed\" data=\"https:\/\/pos.uel.br\/direito-negocial\/wp-content\/uploads\/2026\/03\/Calendario-Stricto-Sensu-2026-2027.pdf\" type=\"application\/pdf\" style=\"width:100%;height:600px\" aria-label=\"Incorporado de Calendario Stricto Sensu 2026-2027.\"><\/object><a id=\"wp-block-file--media-cb2c256c-e415-4657-be17-1141efad9d46\" href=\"https:\/\/pos.uel.br\/direito-negocial\/wp-content\/uploads\/2026\/03\/Calendario-Stricto-Sensu-2026-2027.pdf\">Calendario Stricto Sensu 2026-2027<\/a><a href=\"https:\/\/pos.uel.br\/direito-negocial\/wp-content\/uploads\/2026\/03\/Calendario-Stricto-Sensu-2026-2027.pdf\" class=\"wp-block-file__button wp-element-button\" download aria-describedby=\"wp-block-file--media-cb2c256c-e415-4657-be17-1141efad9d46\">Baixar<\/a><\/div>\n\n\n\n<h2 class=\"wp-block-heading\">Calend\u00e1rio PROPPG (2025-2026)<\/h2>\n\n\n\n<div data-wp-interactive=\"core\/file\" class=\"wp-block-file\"><object data-wp-bind--hidden=\"!state.hasPdfPreview\" hidden class=\"wp-block-file__embed\" data=\"https:\/\/pos.uel.br\/direito-negocial\/wp-content\/uploads\/2025\/01\/CalendarioStricto_2025-2026-1.pdf\" type=\"application\/pdf\" style=\"width:100%;height:600px\" aria-label=\"Incorporado de CalendarioStricto_2025-2026.\"><\/object><a id=\"wp-block-file--media-af0f87f8-f4ef-450c-bccc-f133683bedab\" href=\"https:\/\/pos.uel.br\/direito-negocial\/wp-content\/uploads\/2025\/01\/CalendarioStricto_2025-2026-1.pdf\">CalendarioStricto_2025-2026<\/a><a href=\"https:\/\/pos.uel.br\/direito-negocial\/wp-content\/uploads\/2025\/01\/CalendarioStricto_2025-2026-1.pdf\" class=\"wp-block-file__button wp-element-button\" download aria-describedby=\"wp-block-file--media-af0f87f8-f4ef-450c-bccc-f133683bedab\">Baixar<\/a><\/div>\n\n\n\n<p><\/p>\n\n\n\n<h2 class=\"wp-block-heading\">NORMAS PARA MUDAN\u00c7A DE N\u00cdVEL DE PROGRAMA <em>STRICTO SENSU<\/em><\/h2>\n\n\n\n<p>DO MESTRADO PARA O DOUTORADO<\/p>\n\n\n\n<div data-wp-interactive=\"core\/file\" class=\"wp-block-file\"><object data-wp-bind--hidden=\"!state.hasPdfPreview\" hidden class=\"wp-block-file__embed\" data=\"https:\/\/pos.uel.br\/direito-negocial\/wp-content\/uploads\/2025\/10\/Deliberac\u0327a\u0303o-019-2025-Normas-para-mudanc\u0327a-de-ni\u0301vel-Stricto-sensu.pdf\" type=\"application\/pdf\" style=\"width:100%;height:600px\" aria-label=\"Incorporado de Deliberac\u0327a\u0303o 019 2025 | Normas para mudanc\u0327a de ni\u0301vel - Stricto sensu.\"><\/object><a id=\"wp-block-file--media-e914cecd-9da5-4129-aae8-11fa83371bed\" href=\"https:\/\/pos.uel.br\/direito-negocial\/wp-content\/uploads\/2025\/10\/Deliberac\u0327a\u0303o-019-2025-Normas-para-mudanc\u0327a-de-ni\u0301vel-Stricto-sensu.pdf\">Deliberac\u0327a\u0303o 019 2025 | Normas para mudanc\u0327a de ni\u0301vel &#8211; Stricto sensu<\/a><a href=\"https:\/\/pos.uel.br\/direito-negocial\/wp-content\/uploads\/2025\/10\/Deliberac\u0327a\u0303o-019-2025-Normas-para-mudanc\u0327a-de-ni\u0301vel-Stricto-sensu.pdf\" class=\"wp-block-file__button wp-element-button\" download aria-describedby=\"wp-block-file--media-e914cecd-9da5-4129-aae8-11fa83371bed\">Baixar<\/a><\/div>\n","protected":false},"excerpt":{"rendered":"<p>Calend\u00e1rio PROPPG (2026-2027) Calend\u00e1rio PROPPG (2025-2026) NORMAS PARA MUDAN\u00c7A DE N\u00cdVEL DE PROGRAMA STRICTO SENSU DO MESTRADO PARA O DOUTORADO<\/p>\n","protected":false},"author":1,"featured_media":0,"parent":104,"menu_order":0,"comment_status":"closed","ping_status":"open","template":"","meta":{"_acf_changed":false,"footnotes":""},"class_list":["post-2","page","type-page","status-publish","hentry"],"acf":[],"_links":{"self":[{"href":"https:\/\/pos.uel.br\/direito-negocial\/wp-json\/wp\/v2\/pages\/2","targetHints":{"allow":["GET"]}}],"collection":[{"href":"https:\/\/pos.uel.br\/direito-negocial\/wp-json\/wp\/v2\/pages"}],"about":[{"href":"https:\/\/pos.uel.br\/direito-negocial\/wp-json\/wp\/v2\/types\/page"}],"author":[{"embeddable":true,"href":"https:\/\/pos.uel.br\/direito-negocial\/wp-json\/wp\/v2\/users\/1"}],"replies":[{"embeddable":true,"href":"https:\/\/pos.uel.br\/direito-negocial\/wp-json\/wp\/v2\/comments?post=2"}],"version-history":[{"count":4,"href":"https:\/\/pos.uel.br\/direito-negocial\/wp-json\/wp\/v2\/pages\/2\/revisions"}],"predecessor-version":[{"id":4159,"href":"https:\/\/pos.uel.br\/direito-negocial\/wp-json\/wp\/v2\/pages\/2\/revisions\/4159"}],"up":[{"embeddable":true,"href":"https:\/\/pos.uel.br\/direito-negocial\/wp-json\/wp\/v2\/pages\/104"}],"wp:attachment":[{"href":"https:\/\/pos.uel.br\/direito-negocial\/wp-json\/wp\/v2\/media?parent=2"}],"curies":[{"name":"wp","href":"https:\/\/api.w.org\/{rel}","templated":true}]}}

Calendário PROPPG

<h2 class="wp-block-heading">Calendário PROPPG (2026-2027)</h2>



<div data-wp-interactive="core/file" class="wp-block-file"><object data-wp-bind--hidden="!state.hasPdfPreview" hidden class="wp-block-file__embed" data="https://pos.uel.br/direito-negocial/wp-content/uploads/2026/03/Calendario-Stricto-Sensu-2026-2027.pdf" type="application/pdf" style="width:100%;height:600px" aria-label="Incorporado de Calendario Stricto Sensu 2026-2027."></object><a id="wp-block-file--media-cb2c256c-e415-4657-be17-1141efad9d46" href="https://pos.uel.br/direito-negocial/wp-content/uploads/2026/03/Calendario-Stricto-Sensu-2026-2027.pdf">Calendario Stricto Sensu 2026-2027</a><a href="https://pos.uel.br/direito-negocial/wp-content/uploads/2026/03/Calendario-Stricto-Sensu-2026-2027.pdf" class="wp-block-file__button wp-element-button" download aria-describedby="wp-block-file--media-cb2c256c-e415-4657-be17-1141efad9d46">Baixar</a></div>



<h2 class="wp-block-heading">Calendário PROPPG (2025-2026)</h2>



<div data-wp-interactive="core/file" class="wp-block-file"><object data-wp-bind--hidden="!state.hasPdfPreview" hidden class="wp-block-file__embed" data="https://pos.uel.br/direito-negocial/wp-content/uploads/2025/01/CalendarioStricto_2025-2026-1.pdf" type="application/pdf" style="width:100%;height:600px" aria-label="Incorporado de CalendarioStricto_2025-2026."></object><a id="wp-block-file--media-af0f87f8-f4ef-450c-bccc-f133683bedab" href="https://pos.uel.br/direito-negocial/wp-content/uploads/2025/01/CalendarioStricto_2025-2026-1.pdf">CalendarioStricto_2025-2026</a><a href="https://pos.uel.br/direito-negocial/wp-content/uploads/2025/01/CalendarioStricto_2025-2026-1.pdf" class="wp-block-file__button wp-element-button" download aria-describedby="wp-block-file--media-af0f87f8-f4ef-450c-bccc-f133683bedab">Baixar</a></div>



<p></p>



<h2 class="wp-block-heading">NORMAS PARA MUDANÇA DE NÍVEL DE PROGRAMA <em>STRICTO SENSU</em></h2>



<p>DO MESTRADO PARA O DOUTORADO</p>



<div data-wp-interactive="core/file" class="wp-block-file"><object data-wp-bind--hidden="!state.hasPdfPreview" hidden class="wp-block-file__embed" data="https://pos.uel.br/direito-negocial/wp-content/uploads/2025/10/Deliberação-019-2025-Normas-para-mudança-de-nível-Stricto-sensu.pdf" type="application/pdf" style="width:100%;height:600px" aria-label="Incorporado de Deliberação 019 2025 | Normas para mudança de nível - Stricto sensu."></object><a id="wp-block-file--media-e914cecd-9da5-4129-aae8-11fa83371bed" href="https://pos.uel.br/direito-negocial/wp-content/uploads/2025/10/Deliberação-019-2025-Normas-para-mudança-de-nível-Stricto-sensu.pdf">Deliberação 019 2025 | Normas para mudança de nível &#8211; Stricto sensu</a><a href="https://pos.uel.br/direito-negocial/wp-content/uploads/2025/10/Deliberação-019-2025-Normas-para-mudança-de-nível-Stricto-sensu.pdf" class="wp-block-file__button wp-element-button" download aria-describedby="wp-block-file--media-e914cecd-9da5-4129-aae8-11fa83371bed">Baixar</a></div>

<p>Calendário PROPPG (2026-2027) Calendário PROPPG (2025-2026) NORMAS PARA MUDANÇA DE NÍVEL DE PROGRAMA STRICTO SENSU DO MESTRADO PARA O DOUTORADO</p>
