{"id":1878,"date":"2025-05-23T11:30:12","date_gmt":"2025-05-23T14:30:12","guid":{"rendered":"https:\/\/pos.uel.br\/direito-negocial\/?page_id=1878"},"modified":"2026-03-27T12:10:07","modified_gmt":"2026-03-27T15:10:07","slug":"oferta-de-vagas-doutorado","status":"publish","type":"page","link":"https:\/\/pos.uel.br\/direito-negocial\/oferta-de-vagas-doutorado\/","title":{"rendered":"Oferta de Vagas &#8211; Doutorado"},"content":{"rendered":"\n<p>As vagas para aluno regular do programa de Doutorado em Direito Negocial s\u00e3o atreladas \u00e0 oferta de vagas pelo orientador. Abaixo, segue hist\u00f3rico de oferta de vagas do programa.<\/p>\n\n\n\n<figure class=\"wp-block-table\"><table class=\"has-fixed-layout\"><thead><tr><td class=\"has-text-align-center\" data-align=\"center\"><strong>NOME<\/strong><\/td><td class=\"has-text-align-center\" data-align=\"center\"><strong>2021<\/strong><\/td><td class=\"has-text-align-center\" data-align=\"center\"><strong>2022<\/strong><\/td><td class=\"has-text-align-center\" data-align=\"center\"><strong>2023<\/strong><\/td><th class=\"has-text-align-center\" data-align=\"center\">2024<\/th><th class=\"has-text-align-center\" data-align=\"center\">2025<\/th><th class=\"has-text-align-center\" data-align=\"center\">2026<\/th><\/tr><\/thead><tbody><tr><td class=\"has-text-align-center\" data-align=\"center\">Prof. Dr. Clodomiro Jos\u00e9 Bannwart J\u00fanior<a href=\"https:\/\/pos.uel.br\/direito-negocial\/editais\/edital-de-selecao-2025-doutorado-retificado\/\" data-type=\"link\" data-id=\"https:\/\/pos.uel.br\/direito-negocial\/editais\/edital-de-selecao-2025-doutorado-retificado\/\" target=\"_blank\" rel=\"noreferrer noopener\"><\/a><\/td><td class=\"has-text-align-center\" data-align=\"center\">Ofertou<\/td><td class=\"has-text-align-center\" data-align=\"center\">N\u00e3o ofertou<\/td><td class=\"has-text-align-center\" data-align=\"center\">Ofertou<\/td><td class=\"has-text-align-center\" data-align=\"center\">N\u00e3o ofertou<\/td><td class=\"has-text-align-center\" data-align=\"center\">Ofertou<\/td><td class=\"has-text-align-center\" data-align=\"center\">N\u00e3o ofertar\u00e1<\/td><\/tr><tr><td class=\"has-text-align-center\" data-align=\"center\">Prof. Dr. Elve Miguel Cenci<\/td><td class=\"has-text-align-center\" data-align=\"center\">N\u00e3o ofertou<\/td><td class=\"has-text-align-center\" data-align=\"center\">Ofertou<\/td><td class=\"has-text-align-center\" data-align=\"center\">N\u00e3o ofertou<\/td><td class=\"has-text-align-center\" data-align=\"center\">Ofertou<\/td><td class=\"has-text-align-center\" data-align=\"center\">N\u00e3o ofertou<\/td><td class=\"has-text-align-center\" data-align=\"center\">Ofertar\u00e1<\/td><\/tr><tr><td class=\"has-text-align-center\" data-align=\"center\">Prof. Dr. Lourival Jos\u00e9 de Oliveira<\/td><td class=\"has-text-align-center\" data-align=\"center\">Ingressou em<br>2024<\/td><td class=\"has-text-align-center\" data-align=\"center\">Ingressou em<br>2024<\/td><td class=\"has-text-align-center\" data-align=\"center\">Ingressou em<br>2024<\/td><td class=\"has-text-align-center\" data-align=\"center\">Ofertou<\/td><td class=\"has-text-align-center\" data-align=\"center\">N\u00e3o ofertou<\/td><td class=\"has-text-align-center\" data-align=\"center\">Ofertar\u00e1<\/td><\/tr><tr><td class=\"has-text-align-center\" data-align=\"center\">Prof. Dr. Luiz Alberto Pereira Ribeiro<\/td><td class=\"has-text-align-center\" data-align=\"center\">Ingressou em<br>2024<\/td><td class=\"has-text-align-center\" data-align=\"center\">Ingressou em<br>2024<\/td><td class=\"has-text-align-center\" data-align=\"center\">Ingressou em<br>2024<\/td><td class=\"has-text-align-center\" data-align=\"center\">Ofertou<\/td><td class=\"has-text-align-center\" data-align=\"center\">N\u00e3o ofertou<\/td><td class=\"has-text-align-center\" data-align=\"center\">Ofertar\u00e1<\/td><\/tr><tr><td class=\"has-text-align-center\" data-align=\"center\">Prof. Dr. Luiz Fernando Bellinetti<\/td><td class=\"has-text-align-center\" data-align=\"center\">Ofertou<\/td><td class=\"has-text-align-center\" data-align=\"center\">N\u00e3o ofertou<\/td><td class=\"has-text-align-center\" data-align=\"center\">Ofertou<\/td><td class=\"has-text-align-center\" data-align=\"center\">N\u00e3o ofertou<\/td><td class=\"has-text-align-center\" data-align=\"center\">Ofertou<\/td><td class=\"has-text-align-center\" data-align=\"center\">N\u00e3o ofertar\u00e1<\/td><\/tr><tr><td class=\"has-text-align-center\" data-align=\"center\">Prof. Dr. Marcos Ant\u00f4nio Striquer Soares<\/td><td class=\"has-text-align-center\" data-align=\"center\">N\u00e3o ofertou<\/td><td class=\"has-text-align-center\" data-align=\"center\">Ofertou<\/td><td class=\"has-text-align-center\" data-align=\"center\">N\u00e3o ofertou<\/td><td class=\"has-text-align-center\" data-align=\"center\">N\u00e3o ofertou<\/td><td class=\"has-text-align-center\" data-align=\"center\">Ofertou<\/td><td class=\"has-text-align-center\" data-align=\"center\">N\u00e3o ofertar\u00e1<\/td><\/tr><tr><td class=\"has-text-align-center\" data-align=\"center\">Prof. Dr. Miguel Etinger de Araujo Junior<\/td><td class=\"has-text-align-center\" data-align=\"center\">N\u00e3o ofertou<\/td><td class=\"has-text-align-center\" data-align=\"center\">Ofertou<\/td><td class=\"has-text-align-center\" data-align=\"center\">N\u00e3o ofertou<\/td><td class=\"has-text-align-center\" data-align=\"center\">Ofertou<\/td><td class=\"has-text-align-center\" data-align=\"center\">N\u00e3o ofertou<\/td><td class=\"has-text-align-center\" data-align=\"center\">Ofertar\u00e1<\/td><\/tr><tr><td class=\"has-text-align-center\" data-align=\"center\">Prof. Dra. T\u00e2nia Lobo Muniz<\/td><td class=\"has-text-align-center\" data-align=\"center\">Ofertou<\/td><td class=\"has-text-align-center\" data-align=\"center\">N\u00e3o ofertou<\/td><td class=\"has-text-align-center\" data-align=\"center\">Ofertou<\/td><td class=\"has-text-align-center\" data-align=\"center\">N\u00e3o ofertou<\/td><td class=\"has-text-align-center\" data-align=\"center\">Ofertou<\/td><td class=\"has-text-align-center\" data-align=\"center\">N\u00e3o ofertar\u00e1<\/td><\/tr><tr><td class=\"has-text-align-center\" data-align=\"center\">Profa. Dra. Ana Cl\u00e1udia Corr\u00eaa Zuin Mattos do Amaral<\/td><td class=\"has-text-align-center\" data-align=\"center\">N\u00e3o ofertou<\/td><td class=\"has-text-align-center\" data-align=\"center\">Ofertou<\/td><td class=\"has-text-align-center\" data-align=\"center\">N\u00e3o ofertou<\/td><td class=\"has-text-align-center\" data-align=\"center\">Ofertou<\/td><td class=\"has-text-align-center\" data-align=\"center\">N\u00e3o ofertou<\/td><td class=\"has-text-align-center\" data-align=\"center\">N\u00e3o ofertar\u00e1<\/td><\/tr><tr><td class=\"has-text-align-center\" data-align=\"center\">Profa. Dra. Daniela Braga Paiano<\/td><td class=\"has-text-align-center\" data-align=\"center\">Ingressou em<br>2023<\/td><td class=\"has-text-align-center\" data-align=\"center\">Ingressou em<br>2023<\/td><td class=\"has-text-align-center\" data-align=\"center\">Ofertou<\/td><td class=\"has-text-align-center\" data-align=\"center\">Ofertou<\/td><td class=\"has-text-align-center\" data-align=\"center\">N\u00e3o ofertou<\/td><td class=\"has-text-align-center\" data-align=\"center\">Ofertar\u00e1<\/td><\/tr><tr><td class=\"has-text-align-center\" data-align=\"center\">Profa. Dra. Marlene Kempfer<\/td><td class=\"has-text-align-center\" data-align=\"center\">Ofertou<\/td><td class=\"has-text-align-center\" data-align=\"center\">N\u00e3o ofertou<\/td><td class=\"has-text-align-center\" data-align=\"center\">Ofertou<\/td><td class=\"has-text-align-center\" data-align=\"center\">N\u00e3o ofertou<\/td><td class=\"has-text-align-center\" data-align=\"center\">Ofertou<\/td><td class=\"has-text-align-center\" data-align=\"center\">N\u00e3o ofertar\u00e1<\/td><\/tr><tr><td class=\"has-text-align-center\" data-align=\"center\">Profa. Dra. Rita de C\u00e1ssia Resquetti Tarifa Espolador<\/td><td class=\"has-text-align-center\" data-align=\"center\">Ofertou<\/td><td class=\"has-text-align-center\" data-align=\"center\">N\u00e3o ofertou<\/td><td class=\"has-text-align-center\" data-align=\"center\">Ofertou<\/td><td class=\"has-text-align-center\" data-align=\"center\">N\u00e3o ofertou<\/td><td class=\"has-text-align-center\" data-align=\"center\">Ofertou<\/td><td class=\"has-text-align-center\" data-align=\"center\">Ofertar\u00e1<\/td><\/tr><tr><td class=\"has-text-align-center\" data-align=\"center\">Profa. Dra. Rozane da Rosa Cachapuz<\/td><td class=\"has-text-align-center\" data-align=\"center\">N\u00e3o ofertou<\/td><td class=\"has-text-align-center\" data-align=\"center\">Ofertou<\/td><td class=\"has-text-align-center\" data-align=\"center\">N\u00e3o ofertou<\/td><td class=\"has-text-align-center\" data-align=\"center\">N\u00e3o ofertou<\/td><td class=\"has-text-align-center\" data-align=\"center\">Ofertou<\/td><td class=\"has-text-align-center\" data-align=\"center\">N\u00e3o ofertar\u00e1<\/td><\/tr><tr><td class=\"has-text-align-center\" data-align=\"center\">Profa. Dra. Patr\u00edcia Ayub da Costa<\/td><td class=\"has-text-align-center\" data-align=\"center\"><\/td><td class=\"has-text-align-center\" data-align=\"center\"><\/td><td class=\"has-text-align-center\" data-align=\"center\"><\/td><td class=\"has-text-align-center\" data-align=\"center\"><\/td><td class=\"has-text-align-center\" data-align=\"center\"><\/td><td class=\"has-text-align-center\" data-align=\"center\">Ofertar\u00e1<\/td><\/tr><\/tbody><\/table><\/figure>\n","protected":false},"excerpt":{"rendered":"<p>As vagas para aluno regular do programa de Doutorado em Direito Negocial s\u00e3o atreladas \u00e0 oferta de vagas pelo orientador. Abaixo, segue hist\u00f3rico de oferta de vagas do programa. NOME 2021 2022 2023 2024 2025 2026 Prof. Dr. Clodomiro Jos\u00e9 Bannwart J\u00fanior Ofertou N\u00e3o ofertou Ofertou N\u00e3o ofertou Ofertou N\u00e3o ofertar\u00e1 Prof. Dr. Elve Miguel [&hellip;]<\/p>\n","protected":false},"author":16,"featured_media":0,"parent":0,"menu_order":0,"comment_status":"closed","ping_status":"closed","template":"","meta":{"_acf_changed":false,"footnotes":""},"class_list":["post-1878","page","type-page","status-publish","hentry"],"acf":[],"_links":{"self":[{"href":"https:\/\/pos.uel.br\/direito-negocial\/wp-json\/wp\/v2\/pages\/1878","targetHints":{"allow":["GET"]}}],"collection":[{"href":"https:\/\/pos.uel.br\/direito-negocial\/wp-json\/wp\/v2\/pages"}],"about":[{"href":"https:\/\/pos.uel.br\/direito-negocial\/wp-json\/wp\/v2\/types\/page"}],"author":[{"embeddable":true,"href":"https:\/\/pos.uel.br\/direito-negocial\/wp-json\/wp\/v2\/users\/16"}],"replies":[{"embeddable":true,"href":"https:\/\/pos.uel.br\/direito-negocial\/wp-json\/wp\/v2\/comments?post=1878"}],"version-history":[{"count":5,"href":"https:\/\/pos.uel.br\/direito-negocial\/wp-json\/wp\/v2\/pages\/1878\/revisions"}],"predecessor-version":[{"id":4300,"href":"https:\/\/pos.uel.br\/direito-negocial\/wp-json\/wp\/v2\/pages\/1878\/revisions\/4300"}],"wp:attachment":[{"href":"https:\/\/pos.uel.br\/direito-negocial\/wp-json\/wp\/v2\/media?parent=1878"}],"curies":[{"name":"wp","href":"https:\/\/api.w.org\/{rel}","templated":true}]}}