{"id":179,"date":"2024-10-07T10:49:31","date_gmt":"2024-10-07T13:49:31","guid":{"rendered":"https:\/\/pos.uel.br\/direito-negocial\/?page_id=179"},"modified":"2026-03-06T09:35:03","modified_gmt":"2026-03-06T12:35:03","slug":"capes","status":"publish","type":"page","link":"https:\/\/pos.uel.br\/direito-negocial\/capes\/","title":{"rendered":"BOLSAS CAPES"},"content":{"rendered":"<div class=\"wp-block-image\">\n<figure class=\"aligncenter size-full is-resized\"><a href=\"https:\/\/www.gov.br\/capes\/pt-br\"><img loading=\"lazy\" decoding=\"async\" width=\"269\" height=\"235\" src=\"https:\/\/pos.uel.br\/direito-negocial\/wp-content\/uploads\/2024\/10\/image-2.png\" alt=\"\" class=\"wp-image-487\" style=\"width:216px;height:auto\" \/><\/a><\/figure>\n<\/div>\n\n\n<p>A Coordena\u00e7\u00e3o de Aperfei\u00e7oamento de Pessoal de N\u00edvel Superior (CAPES) \u00e9 uma funda\u00e7\u00e3o do Minist\u00e9rio da Educa\u00e7\u00e3o (MEC) que tem como objetivo o aprimoramento, expans\u00e3o, investimento e divulga\u00e7\u00e3o da pesquisa cient\u00edfica no Brasil e no exterior. A CAPES, visando estimular a forma\u00e7\u00e3o de recursos humanos de alto n\u00edvel, concede bolsas de estudo no Brasil para possibilitar que estudantes se dediquem com maior afinco em seus projetos de pesquisa, elevando o padr\u00e3o de excel\u00eancia das mesmas.<\/p>\n\n\n\n<div style=\"height:50px\" aria-hidden=\"true\" class=\"wp-block-spacer\"><\/div>\n\n\n\n<h4 class=\"wp-block-heading\">Inscri\u00e7\u00f5es<\/h4>\n\n\n\n<p>As inscri\u00e7\u00f5es para concess\u00e3o de bolsas ocorrem ap\u00f3s a entrada de novos ingressantes no Mestrado e Doutorado, com abertura de edital devidamente publicado no site do Programa de Mestrado em Direito Negocial, sendo admitidas as inscri\u00e7\u00f5es de alunos regulares matriculados no Programa de Mestrado em Direito Negocial, com as especifica\u00e7\u00f5es de cada processo seletivo adequadamente especificado no edital do processo seletivo em aberto.&nbsp;<\/p>\n\n\n\n<div style=\"height:53px\" aria-hidden=\"true\" class=\"wp-block-spacer\"><\/div>\n\n\n\n<h4 class=\"wp-block-heading\">Crit\u00e9rios<\/h4>\n\n\n\n<p>As bolsas ser\u00e3o distribu\u00eddas entre os docentes de acordo com a ordem dos seguintes crit\u00e9rios:&nbsp;<\/p>\n\n\n\n<blockquote class=\"wp-block-quote is-layout-flow wp-block-quote-is-layout-flow\">\n<p>1\u00ba \u2013 atividades acad\u00eamico-administrativas pelas quais os docentes e discentes ficariam respons\u00e1veis&nbsp;<\/p>\n\n\n\n<p>2\u00ba \u2013 produ\u00e7\u00e3o acad\u00eamico-cient\u00edfica conforme pontua\u00e7\u00e3o da CAPES para avalia\u00e7\u00e3o do curso&nbsp;<\/p>\n\n\n\n<p>3\u00ba \u2013 n\u00famero de orientandos&nbsp;<\/p>\n\n\n\n<p>4\u00ba \u2013 carga hor\u00e1ria no Programa<\/p>\n<\/blockquote>\n\n\n\n<p><\/p>\n\n\n\n<p>Para obter a bolsa, os orientandos dever\u00e3o atender aos seguintes requisitos:<\/p>\n\n\n\n<p>1. O candidato aprovado dever\u00e1 ter resid\u00eancia na Regi\u00e3o Metropolitana de Londrina\/PR, conforme Portaria n. 79, de 28 de abril de 2023 que revogou o inc. X do art. 9\u00ba da Portaria n. 76, de abril de 2010.&nbsp;<\/p>\n\n\n\n<p>2. \u00c9 permitido o exerc\u00edcio de atividade acad\u00eamica profissional remunerada em Institui\u00e7\u00e3o de Ensino Superior, desde que exer\u00e7a carga hor\u00e1ria m\u00e1xima de 20 (vinte) horas-aula semanais.&nbsp;<\/p>\n\n\n\n<p>3. O candidato dever\u00e1 apresentar rendimento acad\u00eamico satisfat\u00f3rio n\u00e3o podendo ser reprovado em qualquer disciplina a partir da concess\u00e3o da bolsa.<\/p>\n\n\n\n<div style=\"height:64px\" aria-hidden=\"true\" class=\"wp-block-spacer\"><\/div>\n\n\n\n<h4 class=\"wp-block-heading\">Fases do processo seletivo<\/h4>\n\n\n\n<p><strong>Inscri\u00e7\u00e3o<\/strong><\/p>\n\n\n\n<p>Documentos a serem enviados, dentro do prazo, nos seguintes endere\u00e7os eletr\u00f4nicos: <a href=\"mailto:mestrados@uel.br\">mestrados@uel.br<\/a> e <a href=\"mailto:ppgdireitouel@uel.br\">ppgdireitouel@uel.br<\/a>&nbsp;<\/p>\n\n\n\n<ul class=\"wp-block-list\">\n<li>Comprovante de resid\u00eancia na regi\u00e3o metropolitana de Londrina, Paran\u00e1, tais como conta de luz, telefone ou declara\u00e7\u00e3o do locador do im\u00f3vel, com firma reconhecida em cart\u00f3rio.\n<ul class=\"wp-block-list\">\n<li>O comprovante de resid\u00eancia poder\u00e1 ser apresentado no momento da concess\u00e3o da bolsa para o estudante selecionado, sendo-lhe condi\u00e7\u00e3o obrigat\u00f3ria.<\/li>\n<\/ul>\n<\/li>\n\n\n\n<li>Declara\u00e7\u00e3o que ateste a inexist\u00eancia de percep\u00e7\u00e3o de rendimentos de qualquer natureza, e caso possua v\u00ednculo empregat\u00edcio, declara\u00e7\u00e3o de que est\u00e1 liberado dessas atividades, sem vencimentos, seja no ato da entrega dos documentos ou no ato de eventual contempla\u00e7\u00e3o, observando o art. 7\u00ba da Portaria CAPES n. 133, de 10 de julho de 2023.<\/li>\n\n\n\n<li>Declara\u00e7\u00e3o de n\u00e3o ser funcion\u00e1rio ou servidor (docente, pesquisador ou t\u00e9cnico) da institui\u00e7\u00e3o onde realiza a p\u00f3s-gradua\u00e7\u00e3o;<\/li>\n\n\n\n<li>Comprovante de matr\u00edcula como aluno regular deste Programa de Mestrado e Doutorado, sendo permitida a apresenta\u00e7\u00e3o do comprovante de matr\u00edcula extra\u00eddo online, pelo site da Universidade Estadual de Londrina.<\/li>\n<\/ul>\n\n\n\n<p><strong>Entrevista<\/strong><\/p>\n\n\n\n<p>A entrevista ocorrer\u00e1 na modalidade presencial, nas salas do Programa de P\u00f3s-gradua\u00e7\u00e3o em Direito Negocial, no Centro de Estudos Sociais Aplicados da UEL<\/p>\n\n\n\n<p>Nesta oportunidade, ser\u00e1 arguido sobre comprometimento do candidato com as atividades, especialmente, disponibilidade de tempo para dedica\u00e7\u00e3o em perman\u00eancia presencial neste Programa de Mestrado, bem como acerca de atribui\u00e7\u00f5es para atividades em grupo com os demais discentes e docentes.<\/p>\n\n\n\n<p><strong>Convoca\u00e7\u00e3o<\/strong><\/p>\n\n\n\n<p>A classifica\u00e7\u00e3o dos candidatos levar\u00e1 em considera\u00e7\u00e3o a maior pontua\u00e7\u00e3o final (nota fina geral) &#8211; NFG, conforme f\u00f3rmula abaixo:<\/p>\n\n\n\n<p>&nbsp;NFG = NPPD + NPO + (NE x 2)&nbsp;<\/p>\n\n\n\n<p>Onde:&nbsp;<\/p>\n\n\n\n<p><strong>NFG<\/strong> &#8211; NOTA FINAL GERAL&nbsp;<\/p>\n\n\n\n<p><strong>NPPD <\/strong>&#8211; NOTA DO PR\u00c9-PROJETO DE DISSERTA\u00c7\u00c3O NO PROCESSO SELETIVO DE INGRESSO COMO ALUNO REGULAR&nbsp;<\/p>\n\n\n\n<p><strong>NPO<\/strong> &#8211; NOTA DA PROVA ORAL NO PROCESSO SELETIVO DE INGRESSO COMO ALUNO REGULAR&nbsp;<strong>NE<\/strong> &#8211; NOTA DA ENTREVISTA NO PROCESSO SELETIVO PARA CONCESS\u00c3O DE BOLSA<\/p>\n\n\n\n<p>Os alunos selecionados ser\u00e3o convocados de acordo com a ordem de classifica\u00e7\u00e3o deste processo seletivo e \u00e0 medida que forem disponibilizadas as bolsas pelo Programa de Mestrado e Doutorado em Direito Negocial, conforme vagas nas linhas e projetos de pesquisa.<\/p>\n\n\n\n<p><\/p>\n\n\n\n<h4 class=\"wp-block-heading\"><strong>Atribui\u00e7\u00f5es<\/strong><\/h4>\n\n\n\n<ul class=\"wp-block-list\">\n<li>Cumprir com o hor\u00e1rio de perman\u00eancia estabelecido pela Coordena\u00e7\u00e3o deste Programa de Mestrado.\n<ul class=\"wp-block-list\">\n<li>Esta perman\u00eancia considera a disposi\u00e7\u00e3o do aluno bolsista, no m\u00ednimo, em dois per\u00edodos, al\u00e9m do hor\u00e1rio regular de aula e est\u00e1gio em doc\u00eancia na gradua\u00e7\u00e3o. Essa perman\u00eancia deve ser cumprida nas depend\u00eancias da institui\u00e7\u00e3o. O bolsista desenvolver\u00e1 as atividades de forma remota quando persistir, por raz\u00f5es extraordin\u00e1rias, a suspens\u00e3o das atividades no campus.&nbsp;<\/li>\n<\/ul>\n<\/li>\n\n\n\n<li>Participar de eventos acad\u00eamicos por meio da apresenta\u00e7\u00e3o de trabalhos e publica\u00e7\u00e3o de artigos cient\u00edficos.&nbsp;<\/li>\n\n\n\n<li>Zelar pela boa condu\u00e7\u00e3o das atividades desempenhadas por este Programa de P\u00f3s-gradua\u00e7\u00e3o em Direito Negocial, especialmente no cumprimento de prazos, estabelecidos pela coordena\u00e7\u00e3o.&nbsp;<\/li>\n\n\n\n<li>Realizar, de forma eficiente e correta, as tarefas que lhe forem submetidas.&nbsp;<\/li>\n\n\n\n<li>Comparecer \u00e0s reuni\u00f5es quando solicitado pela Coordena\u00e7\u00e3o deste Programa de P\u00f3s-gradua\u00e7\u00e3o em Direito Negocial.&nbsp;<\/li>\n\n\n\n<li>Ter bom desempenho nas disciplinas cursadas como aluno regular neste Programa de Mestrado.&nbsp;<\/li>\n\n\n\n<li>Ser\u00e1 desligado do Programa de Bolsas o aluno que reprovar em qualquer disciplina.<\/li>\n<\/ul>\n\n\n\n<h4 class=\"wp-block-heading\"><strong>Exig\u00eancias<\/strong><\/h4>\n\n\n\n<ul class=\"wp-block-list\">\n<li>As atividades realizadas como aluno bolsista n\u00e3o prejudicar\u00e3o os hor\u00e1rios de aulas do Programa de Mestrado e do Est\u00e1gio em Doc\u00eancia.&nbsp;<\/li>\n\n\n\n<li>O aluno bolsista dever\u00e1 ser aprovado no exame de qualifica\u00e7\u00e3o, conforme estabelecido nas normas internas, e aprovado na defesa de disserta\u00e7\u00e3o no prazo regulamentar de 24 meses, contados do seu ingresso como aluno regular do programa, n\u00e3o sendo admitido pedido de prorroga\u00e7\u00e3o deste prazo, salvo situa\u00e7\u00f5es excepcionais a serem analisadas pelo Colegiado do Programa de P\u00f3s-gradua\u00e7\u00e3o em Direito Negocial<\/li>\n<\/ul>\n\n\n\n<hr class=\"wp-block-separator has-alpha-channel-opacity\" \/>\n\n\n\n<h2 class=\"wp-block-heading has-text-align-center\">BOLSISTAS EM VIG\u00caNCIA<\/h2>\n\n\n\n<p class=\"has-text-align-center\"><strong>MESTRADO<\/strong><\/p>\n\n\n\n<p><strong>BIANCA CHBANE CONTI<\/strong> &#8211; Data de In\u00edcio: 08\/2024 \/ Data de T\u00e9rmino: 07\/2026<\/p>\n\n\n\n<p><strong>DAVID SHIGUEO ZANDONADE<\/strong> &#8211; Data de In\u00edcio: 08\/2025 \/ Data de T\u00e9rmino: 07\/2027<\/p>\n\n\n\n<p><strong>GABRIELLA DE ORNELAS AUGUSTO<\/strong> &#8211; Data de In\u00edcio: 08\/2025 \/ Data de T\u00e9rmino: 07\/2027<\/p>\n\n\n\n<p><strong>HENRIQUE ADRIANO PAZOTTI<\/strong> &#8211; Data de In\u00edcio: 08\/2025 \/ Data de T\u00e9rmino: 07\/2027<\/p>\n\n\n\n<p><strong>JOSIANE APARECIDA CAXA<\/strong> &#8211; Data de In\u00edcio: 08\/2025 \/ Data de T\u00e9rmino: 07\/2027<\/p>\n\n\n\n<p><strong>LAURA FERREIRA MELETTI<\/strong> &#8211; Data de In\u00edcio:08\/2024 \/ Data de T\u00e9rmino: 07\/2026<\/p>\n\n\n\n<p><strong>LUIZ EDUARDO FADONI SAHYUN ABDALLA<\/strong> &#8211; Data de In\u00edcio: 08\/2025 \/ Data de T\u00e9rmino: 07\/2027<\/p>\n\n\n\n<p><strong>MARCELLE CHICARELI<\/strong> <strong>DA COSTA<\/strong> &#8211; Data de In\u00edcio: 08\/2024 \/ Data de T\u00e9rmino: 07\/2026<\/p>\n\n\n\n<p><strong>PRISCILA APARECIDA DA SILVA<\/strong> &#8211; Data de In\u00edcio: 08\/2024 \/ Data de T\u00e9rmino:  07\/2026<\/p>\n\n\n\n<p><strong>NAT\u00c1LIA COLOMBARI GOMES<\/strong> &#8211; Data de In\u00edcio: 08\/2025 \/ Data de T\u00e9rmino: 07\/2027<\/p>\n\n\n\n<p><strong>SABRINA MATIAS ULIANA<\/strong> &#8211; Data de In\u00edcio: 03\/2026 \/ Data de T\u00e9rmino: 07\/2027<\/p>\n\n\n\n<p><strong>THAISE ROCHA FERREIRA<\/strong> &#8211; Data de In\u00edcio: 08\/2024 \/ Data de T\u00e9rmino: 07\/2026<\/p>\n\n\n\n<p><strong>VANDRO CORDA\u00c7O TISKI <\/strong>&#8211; Data de In\u00edcio: 08\/2025 \/ Data de T\u00e9rmino: 07\/2027<\/p>\n\n\n\n<hr class=\"wp-block-separator has-alpha-channel-opacity\" \/>\n\n\n\n<p class=\"has-text-align-center\"><strong>DOUTORADO<\/strong><\/p>\n\n\n\n<p><strong>ANDRE PEDROSO KASEMIRSKI<\/strong> &#8211; Data de In\u00edcio: 03\/2023 \/ Data de T\u00e9rmino:02\/2027<\/p>\n\n\n\n<p><strong>ARIELLA KELY BESING MOTTER<\/strong> &#8211; Data de In\u00edcio: 12\/2023 \/ Data de T\u00e9rmino: 07\/2026<\/p>\n\n\n\n<p><strong>ARTHUR LUSTOSA STROZZI<\/strong> &#8211; Data de In\u00edcio: 03\/2023 \/ Data de T\u00e9rmino: 02\/2027<\/p>\n\n\n\n<p><strong>BIANCA DA ROSA BITTENCOURT <\/strong>&#8211; Data de In\u00edcio: 03\/2026 \/ Data de T\u00e9rmino: 07\/2029<\/p>\n\n\n\n<p><strong>BRUNA FARIA<\/strong> &#8211; Data de In\u00edcio: 03\/2025 \/ Data de T\u00e9rmino: 02\/2028<\/p>\n\n\n\n<p><strong>DANIEL MARINHO CORR\u00caA<\/strong> &#8211; Data de In\u00edcio: 03\/2025 \/ Data de T\u00e9rmino: 02\/2027<\/p>\n\n\n\n<p><strong>EDUARDO BUENO RODRIGUES <\/strong> &#8211; Data de In\u00edcio: 03\/2025 \/ Data de T\u00e9rmino: 02\/2028<\/p>\n\n\n\n<p><strong>GUILHERME HENRIQUE GIACOMINO FERREIRA<\/strong> &#8211; Data de In\u00edcio: 03\/2026 \/ Data de T\u00e9rmino: 07\/2029<\/p>\n\n\n\n<p><strong>ISABELA NABAS SCHIAVON <\/strong> &#8211; Data de In\u00edcio: 03\/2025 \/ Data de T\u00e9rmino: 02\/2028<\/p>\n\n\n\n<p><strong>IZABELLA AFFONSO COSTA <\/strong> &#8211; Data de In\u00edcio: 03\/2025 \/ Data de T\u00e9rmino: 02\/2028<\/p>\n\n\n\n<p><strong>JUSSARA ROMERO SANCHES<\/strong> &#8211; Data de In\u00edcio: 05\/2024 \/ Data de T\u00e9rmino: 02\/2028<\/p>\n\n\n\n<p><strong>PHILIPPE ANTONIO AZEDO MONTEIRO<\/strong> &#8211; Data de In\u00edcio: 03\/2023 \/ Data de T\u00e9rmino: 02\/2027<\/p>\n\n\n\n<p><strong>TEMIS CHENSO DA SILVA RABELO PEDROSO<\/strong> &#8211; Data de In\u00edcio: 03\/2026 \/ Data de T\u00e9rmino: 02\/2027<\/p>\n\n\n\n<p><strong>THIAGO RIDOLFI FERREIRA<\/strong> &#8211; Data de In\u00edcio: 03\/2026 \/ Data de T\u00e9rmino: 07\/2029<\/p>\n\n\n\n<hr class=\"wp-block-separator has-alpha-channel-opacity\" \/>\n\n\n\n<h2 class=\"wp-block-heading has-text-align-center\"><strong>EGRESSOS BOLSISTAS <\/strong><\/h2>\n\n\n\n<p class=\"has-text-align-center\"><strong>MESTRADO<\/strong><\/p>\n\n\n\n<p><strong>2025<\/strong><\/p>\n\n\n\n<p><strong>FERNANDA BATELOCHI SANTOS<\/strong> &#8211; Data de In\u00edcio: 06\/2024 \/ Data de T\u00e9rmino: 07\/2025<\/p>\n\n\n\n<p><strong>JULIA MARIA FELICIANO<\/strong> &#8211; Data de In\u00edcio: 08\/2023 \/ Data de T\u00e9rmino: 07\/2025<\/p>\n\n\n\n<p><strong>LAIS ALVES DE OLIVEIRA<\/strong> &#8211; Data de In\u00edcio: 08\/2023 \/ Data de T\u00e9rmino: 07\/2025<\/p>\n\n\n\n<p><strong>LUCAS MENDON\u00c7A TREVISAN<\/strong> &#8211; Data de In\u00edcio: 08\/2024 \/ Data de T\u00e9rmino: 07\/2025<\/p>\n\n\n\n<p><strong>MARIA EDUARDA GOBBO ANDRADES<\/strong> &#8211; Data de In\u00edcio: 08\/2023 \/ Data de T\u00e9rmino: 07\/2025<\/p>\n\n\n\n<p><strong>MATHEUS FILIPE DE QUEIROZ<\/strong> &#8211; Data de In\u00edcio: 08\/2024 \/ Data de T\u00e9rmino: 07\/2025<\/p>\n\n\n\n<p><strong>MAYARA RIBEIRO SIMARO<\/strong> &#8211; Data de In\u00edcio: 08\/2023 \/ Data de T\u00e9rmino: 07\/2025<\/p>\n\n\n\n<hr class=\"wp-block-separator has-alpha-channel-opacity\" \/>\n\n\n\n<p class=\"has-text-align-center\"><strong>DOUTORADO<\/strong><\/p>\n\n\n\n<p><strong>2026<\/strong><\/p>\n\n\n\n<p><strong>FL\u00c1VIO HENRIQUE CAETANO DE PAULA MAIMONE<\/strong> &#8211; Data de In\u00edcio: 03\/2022 \/ Data de T\u00e9rmino: 02\/2026<\/p>\n\n\n\n<p><strong>JOS\u00c9 RICARDO SUTER<\/strong> &#8211; Data de In\u00edcio: 03\/2022 \/ Data de T\u00e9rmino: 02\/2026<\/p>\n\n\n\n<p><strong>SUZANE DE FRAN\u00c7A RIBEIRO<\/strong> &#8211; Data de In\u00edcio: 03\/2022 \/ Data de T\u00e9rmino: 02\/2026<\/p>\n\n\n\n<hr class=\"wp-block-separator has-alpha-channel-opacity\" \/>\n\n\n\n<p><strong>2025<\/strong><\/p>\n\n\n\n<p><strong>ADYR GARCIA FERREIRA NETTO<\/strong> &#8211; Data de In\u00edcio: 03\/2022 \/ Data de T\u00e9rmino: 03\/2025<\/p>\n\n\n\n<p><strong>ARACELLI MESQUITA BANDOLIN BERMEJO<\/strong> &#8211; Data de In\u00edcio: 03\/2022 \/ Data de T\u00e9rmino: 03\/2025<\/p>\n\n\n\n<p><strong>JOICE DUARTE GONCALVES BERGAMASCHI<\/strong> &#8211; Data de In\u00edcio: 03\/2022 \/ Data de T\u00e9rmino: 03\/2025 <\/p>\n\n\n\n<p><strong>FELIPE CIANCA FORTES<\/strong> &#8211; Data de In\u00edcio: 03\/2022 \/ Data de T\u00e9rmino: 02\/2025 <\/p>\n\n\n\n<p><strong>WESLEY TOMASZEWSKI<\/strong> &#8211; Data de In\u00edcio: 03\/2022 \/ Data de T\u00e9rmino: 03\/2025<\/p>\n\n\n\n<p><\/p>\n","protected":false},"excerpt":{"rendered":"<p>A Coordena\u00e7\u00e3o de Aperfei\u00e7oamento de Pessoal de N\u00edvel Superior (CAPES) \u00e9 uma funda\u00e7\u00e3o do Minist\u00e9rio da Educa\u00e7\u00e3o (MEC) que tem como objetivo o aprimoramento, expans\u00e3o, investimento e divulga\u00e7\u00e3o da pesquisa cient\u00edfica no Brasil e no exterior. A CAPES, visando estimular a forma\u00e7\u00e3o de recursos humanos de alto n\u00edvel, concede bolsas de estudo no Brasil para [&hellip;]<\/p>\n","protected":false},"author":11,"featured_media":0,"parent":0,"menu_order":0,"comment_status":"closed","ping_status":"closed","template":"","meta":{"_acf_changed":false,"footnotes":""},"class_list":["post-179","page","type-page","status-publish","hentry"],"acf":[],"_links":{"self":[{"href":"https:\/\/pos.uel.br\/direito-negocial\/wp-json\/wp\/v2\/pages\/179","targetHints":{"allow":["GET"]}}],"collection":[{"href":"https:\/\/pos.uel.br\/direito-negocial\/wp-json\/wp\/v2\/pages"}],"about":[{"href":"https:\/\/pos.uel.br\/direito-negocial\/wp-json\/wp\/v2\/types\/page"}],"author":[{"embeddable":true,"href":"https:\/\/pos.uel.br\/direito-negocial\/wp-json\/wp\/v2\/users\/11"}],"replies":[{"embeddable":true,"href":"https:\/\/pos.uel.br\/direito-negocial\/wp-json\/wp\/v2\/comments?post=179"}],"version-history":[{"count":27,"href":"https:\/\/pos.uel.br\/direito-negocial\/wp-json\/wp\/v2\/pages\/179\/revisions"}],"predecessor-version":[{"id":4155,"href":"https:\/\/pos.uel.br\/direito-negocial\/wp-json\/wp\/v2\/pages\/179\/revisions\/4155"}],"wp:attachment":[{"href":"https:\/\/pos.uel.br\/direito-negocial\/wp-json\/wp\/v2\/media?parent=179"}],"curies":[{"name":"wp","href":"https:\/\/api.w.org\/{rel}","templated":true}]}}