{"id":1348,"date":"2025-02-13T20:16:55","date_gmt":"2025-02-13T23:16:55","guid":{"rendered":"https:\/\/pos.uel.br\/direito-negocial\/?page_id=1348"},"modified":"2025-07-11T18:30:52","modified_gmt":"2025-07-11T21:30:52","slug":"doutorado-2","status":"publish","type":"page","link":"https:\/\/pos.uel.br\/direito-negocial\/doutorado-2\/","title":{"rendered":"Doutorado"},"content":{"rendered":"\n<h3 class=\"wp-block-heading\">Bancas de qualifica\u00e7\u00e3o &#8211; 2025<\/h3>\n\n\n\n<details class=\"wp-block-details is-layout-flow wp-block-details-is-layout-flow\"><summary>DOS CONTRATOS AGR\u00c1RIOS E AS FIGURAS PARCELARES DA BOA-F\u00c9 OBJETIVA: A aplicabilidade do duty to mitigate to loss.<\/summary>\n<p><\/p>\n\n\n\n<p><strong>Adiloar Franco Zemuler<\/strong><\/p>\n\n\n\n<p>Data da Defesa: 12\/02\/2025<\/p>\n\n\n\n<p>Banca Examinadora: Daniela Braga Paiano (Orientadora); Rita de C\u00e1ssia Resquetti Tarifa Espolador; Alessandra Cristina Furlan (Membra Externa)<\/p>\n<\/details>\n\n\n\n<hr class=\"wp-block-separator has-alpha-channel-opacity is-style-wide\" \/>\n\n\n\n<details class=\"wp-block-details is-layout-flow wp-block-details-is-layout-flow\"><summary>A COMUNICA\u00c7\u00c3O COMO ELEMENTO FUNDAMENTAL PARA VALIDADE DA TOMADA DE DECIS\u00c3O COMPARTILHADA EM CUIDADOS DE SA\u00daDE<\/summary>\n<p><\/p>\n\n\n\n<p><strong>Aracelli Mesquita Bandolin Bermejo<\/strong><\/p>\n\n\n\n<p>Data da defesa: 17.02.2025<\/p>\n\n\n\n<p>Banca examinadora: Rita de C\u00e1ssia Resquetti Tarifa Espolador (Orientadora); Daniela Braga Paiano; Igor de Lucena Mascarenhas; Juliana Carvalho Pav\u00e3o.<\/p>\n<\/details>\n\n\n\n<hr class=\"wp-block-separator has-alpha-channel-opacity is-style-wide\" \/>\n\n\n\n<details class=\"wp-block-details is-layout-flow wp-block-details-is-layout-flow\"><summary>A FORMA\u00c7\u00c3O DA RATIO DECIDENDI DOS PRECEDENTES E A ATIVIDADE TRANSINDIVIDUAL NO SISTEMA RECURSAL BRASILEIRO: A converg\u00eancia entre argumenta\u00e7\u00e3o jur\u00eddica, filosofia da linguagem, procedimentalismo, substancialismo e hermen\u00eautica na constru\u00e7\u00e3o das decis\u00f5es judiciais com efic\u00e1cia transindividual<br><\/summary>\n<p><strong>Wilian Zendrini Buzingnani<\/strong><\/p>\n\n\n\n<p>Data da defesa: 26.03.2025<\/p>\n\n\n\n<p>Banca: Luiz Fernando Bellinetti (orientador); Elve Miguel Cenci; Jos\u00e9 Miguel Garcia Medina.<\/p>\n<\/details>\n\n\n\n<hr class=\"wp-block-separator has-alpha-channel-opacity is-style-wide\" \/>\n\n\n\n<p><\/p>\n","protected":false},"excerpt":{"rendered":"<p>Bancas de qualifica\u00e7\u00e3o &#8211; 2025<\/p>\n","protected":false},"author":12,"featured_media":0,"parent":0,"menu_order":0,"comment_status":"closed","ping_status":"closed","template":"","meta":{"_acf_changed":false,"footnotes":""},"class_list":["post-1348","page","type-page","status-publish","hentry"],"acf":[],"_links":{"self":[{"href":"https:\/\/pos.uel.br\/direito-negocial\/wp-json\/wp\/v2\/pages\/1348","targetHints":{"allow":["GET"]}}],"collection":[{"href":"https:\/\/pos.uel.br\/direito-negocial\/wp-json\/wp\/v2\/pages"}],"about":[{"href":"https:\/\/pos.uel.br\/direito-negocial\/wp-json\/wp\/v2\/types\/page"}],"author":[{"embeddable":true,"href":"https:\/\/pos.uel.br\/direito-negocial\/wp-json\/wp\/v2\/users\/12"}],"replies":[{"embeddable":true,"href":"https:\/\/pos.uel.br\/direito-negocial\/wp-json\/wp\/v2\/comments?post=1348"}],"version-history":[{"count":6,"href":"https:\/\/pos.uel.br\/direito-negocial\/wp-json\/wp\/v2\/pages\/1348\/revisions"}],"predecessor-version":[{"id":2253,"href":"https:\/\/pos.uel.br\/direito-negocial\/wp-json\/wp\/v2\/pages\/1348\/revisions\/2253"}],"wp:attachment":[{"href":"https:\/\/pos.uel.br\/direito-negocial\/wp-json\/wp\/v2\/media?parent=1348"}],"curies":[{"name":"wp","href":"https:\/\/api.w.org\/{rel}","templated":true}]}}

<h3 class="wp-block-heading">Bancas de qualificação &#8211; 2025</h3>



<details class="wp-block-details is-layout-flow wp-block-details-is-layout-flow"><summary>DOS CONTRATOS AGRÁRIOS E AS FIGURAS PARCELARES DA BOA-FÉ OBJETIVA: A aplicabilidade do duty to mitigate to loss.</summary>
<p></p>



<p><strong>Adiloar Franco Zemuler</strong></p>



<p>Data da Defesa: 12/02/2025</p>



<p>Banca Examinadora: Daniela Braga Paiano (Orientadora); Rita de Cássia Resquetti Tarifa Espolador; Alessandra Cristina Furlan (Membra Externa)</p>
</details>



<hr class="wp-block-separator has-alpha-channel-opacity is-style-wide" />



<details class="wp-block-details is-layout-flow wp-block-details-is-layout-flow"><summary>A COMUNICAÇÃO COMO ELEMENTO FUNDAMENTAL PARA VALIDADE DA TOMADA DE DECISÃO COMPARTILHADA EM CUIDADOS DE SAÚDE</summary>
<p></p>



<p><strong>Aracelli Mesquita Bandolin Bermejo</strong></p>



<p>Data da defesa: 17.02.2025</p>



<p>Banca examinadora: Rita de Cássia Resquetti Tarifa Espolador (Orientadora); Daniela Braga Paiano; Igor de Lucena Mascarenhas; Juliana Carvalho Pavão.</p>
</details>



<hr class="wp-block-separator has-alpha-channel-opacity is-style-wide" />



<details class="wp-block-details is-layout-flow wp-block-details-is-layout-flow"><summary>A FORMAÇÃO DA RATIO DECIDENDI DOS PRECEDENTES E A ATIVIDADE TRANSINDIVIDUAL NO SISTEMA RECURSAL BRASILEIRO: A convergência entre argumentação jurídica, filosofia da linguagem, procedimentalismo, substancialismo e hermenêutica na construção das decisões judiciais com eficácia transindividual<br></summary>
<p><strong>Wilian Zendrini Buzingnani</strong></p>



<p>Data da defesa: 26.03.2025</p>



<p>Banca: Luiz Fernando Bellinetti (orientador); Elve Miguel Cenci; José Miguel Garcia Medina.</p>
</details>



<hr class="wp-block-separator has-alpha-channel-opacity is-style-wide" />



<p></p>

<p>Bancas de qualificação &#8211; 2025</p>
