{"id":100,"date":"2024-10-07T10:42:39","date_gmt":"2024-10-07T13:42:39","guid":{"rendered":"https:\/\/pos.uel.br\/direito-negocial\/?page_id=100"},"modified":"2025-07-09T16:32:58","modified_gmt":"2025-07-09T19:32:58","slug":"corpo-docente","status":"publish","type":"page","link":"https:\/\/pos.uel.br\/direito-negocial\/corpo-docente\/","title":{"rendered":"Corpo Docente"},"content":{"rendered":"\n<p><strong>DOCENTES PERMANENTES<\/strong><\/p>\n\n\n\n<p>Ana Claudia Corr\u00eaa Zuin Mattos Amaral&nbsp;<a href=\"http:\/\/lattes.cnpq.br\/2316621807060725\">[Curr\u00edculo Lattes]<\/a><\/p>\n\n\n\n<p>Clodomiro Jos\u00e9 Bannwart J\u00fanior&nbsp;<a href=\"http:\/\/lattes.cnpq.br\/6362687483868182\">[Curr\u00edculo Lattes]<\/a><\/p>\n\n\n\n<p>Daniela Braga Paiano&nbsp;<a href=\"http:\/\/lattes.cnpq.br\/0598909153586648\">[Curr\u00edculo Lattes]<\/a><\/p>\n\n\n\n<p>Elve Miguel Cenci&nbsp;<a href=\"http:\/\/lattes.cnpq.br\/0007556022902547\">[Curr\u00edculo Lattes]<\/a><\/p>\n\n\n\n<p>Lourival Jos\u00e9 de Oliveira <a href=\"http:\/\/lattes.cnpq.br\/0909877454780329\">[Curr\u00edculo Lattes]<\/a><\/p>\n\n\n\n<p>Luiz Alberto Pereira Ribeiro&nbsp;<a href=\"http:\/\/lattes.cnpq.br\/9670672705313325\">[Curr\u00edculo Lattes]<\/a><\/p>\n\n\n\n<p>Luiz Fernando Bellinetti&nbsp;<a href=\"http:\/\/lattes.cnpq.br\/6744744552154789\">[Curr\u00edculo Lattes]<\/a><\/p>\n\n\n\n<p>Marcos Antonio Striquer Soares&nbsp;<a href=\"http:\/\/lattes.cnpq.br\/9458143007250972\">[Curr\u00edculo Lattes]<\/a><\/p>\n\n\n\n<p>Marlene Kempfer\u00a0<a href=\"http:\/\/lattes.cnpq.br\/7141753184018389\" target=\"_blank\" rel=\"noreferrer noopener\">[Curr\u00edculo Lattes]<\/a><\/p>\n\n\n\n<p>Miguel Etinger De Ara\u00fajo J\u00fanior&nbsp;<a href=\"http:\/\/lattes.cnpq.br\/3645279441325845\">[Curr\u00edculo Lattes]<\/a><\/p>\n\n\n\n<p>Patr\u00edcia Ayub da Costa <a href=\"http:\/\/lattes.cnpq.br\/7103427570893903\">[Curr\u00edculo Lattes]<\/a><\/p>\n\n\n\n<p>Rita De C\u00e1ssia Resquetti Tarifa Espolador&nbsp;<a href=\"http:\/\/lattes.cnpq.br\/3810986131039976\">[Curr\u00edculo Lattes]<\/a><\/p>\n\n\n\n<p>Rozane Da Rosa Cachapuz&nbsp;<a href=\"http:\/\/lattes.cnpq.br\/0378281231923148\">[Curr\u00edculo Lattes]<\/a><\/p>\n\n\n\n<p>T\u00e2nia Lobo Muniz&nbsp;<a href=\"http:\/\/lattes.cnpq.br\/4840316454306635\">[Curr\u00edculo Lattes]<\/a><\/p>\n\n\n\n<p>Tarcisio Teixeira &nbsp;<a href=\"http:\/\/lattes.cnpq.br\/4974808438124961\" data-type=\"link\" data-id=\"http:\/\/lattes.cnpq.br\/4974808438124961\">[Curr\u00edculo Lattes]<\/a><\/p>\n\n\n\n<p><\/p>\n","protected":false},"excerpt":{"rendered":"<p>DOCENTES PERMANENTES Ana Claudia Corr\u00eaa Zuin Mattos Amaral&nbsp;[Curr\u00edculo Lattes] Clodomiro Jos\u00e9 Bannwart J\u00fanior&nbsp;[Curr\u00edculo Lattes] Daniela Braga Paiano&nbsp;[Curr\u00edculo Lattes] Elve Miguel Cenci&nbsp;[Curr\u00edculo Lattes] Lourival Jos\u00e9 de Oliveira [Curr\u00edculo Lattes] Luiz Alberto Pereira Ribeiro&nbsp;[Curr\u00edculo Lattes] Luiz Fernando Bellinetti&nbsp;[Curr\u00edculo Lattes] Marcos Antonio Striquer Soares&nbsp;[Curr\u00edculo Lattes] Marlene Kempfer\u00a0[Curr\u00edculo Lattes] Miguel Etinger De Ara\u00fajo J\u00fanior&nbsp;[Curr\u00edculo Lattes] Patr\u00edcia Ayub da Costa [&hellip;]<\/p>\n","protected":false},"author":11,"featured_media":0,"parent":0,"menu_order":0,"comment_status":"closed","ping_status":"closed","template":"","meta":{"_acf_changed":false,"footnotes":""},"class_list":["post-100","page","type-page","status-publish","hentry"],"acf":[],"_links":{"self":[{"href":"https:\/\/pos.uel.br\/direito-negocial\/wp-json\/wp\/v2\/pages\/100","targetHints":{"allow":["GET"]}}],"collection":[{"href":"https:\/\/pos.uel.br\/direito-negocial\/wp-json\/wp\/v2\/pages"}],"about":[{"href":"https:\/\/pos.uel.br\/direito-negocial\/wp-json\/wp\/v2\/types\/page"}],"author":[{"embeddable":true,"href":"https:\/\/pos.uel.br\/direito-negocial\/wp-json\/wp\/v2\/users\/11"}],"replies":[{"embeddable":true,"href":"https:\/\/pos.uel.br\/direito-negocial\/wp-json\/wp\/v2\/comments?post=100"}],"version-history":[{"count":9,"href":"https:\/\/pos.uel.br\/direito-negocial\/wp-json\/wp\/v2\/pages\/100\/revisions"}],"predecessor-version":[{"id":2223,"href":"https:\/\/pos.uel.br\/direito-negocial\/wp-json\/wp\/v2\/pages\/100\/revisions\/2223"}],"wp:attachment":[{"href":"https:\/\/pos.uel.br\/direito-negocial\/wp-json\/wp\/v2\/media?parent=100"}],"curies":[{"name":"wp","href":"https:\/\/api.w.org\/{rel}","templated":true}]}}

<p><strong>DOCENTES PERMANENTES</strong></p>



<p>Ana Claudia Corrêa Zuin Mattos Amaral&nbsp;<a href="http://lattes.cnpq.br/2316621807060725">[Currículo Lattes]</a></p>



<p>Clodomiro José Bannwart Júnior&nbsp;<a href="http://lattes.cnpq.br/6362687483868182">[Currículo Lattes]</a></p>



<p>Daniela Braga Paiano&nbsp;<a href="http://lattes.cnpq.br/0598909153586648">[Currículo Lattes]</a></p>



<p>Elve Miguel Cenci&nbsp;<a href="http://lattes.cnpq.br/0007556022902547">[Currículo Lattes]</a></p>



<p>Lourival José de Oliveira <a href="http://lattes.cnpq.br/0909877454780329">[Currículo Lattes]</a></p>



<p>Luiz Alberto Pereira Ribeiro&nbsp;<a href="http://lattes.cnpq.br/9670672705313325">[Currículo Lattes]</a></p>



<p>Luiz Fernando Bellinetti&nbsp;<a href="http://lattes.cnpq.br/6744744552154789">[Currículo Lattes]</a></p>



<p>Marcos Antonio Striquer Soares&nbsp;<a href="http://lattes.cnpq.br/9458143007250972">[Currículo Lattes]</a></p>



<p>Marlene Kempfer <a href="http://lattes.cnpq.br/7141753184018389" target="_blank" rel="noreferrer noopener">[Currículo Lattes]</a></p>



<p>Miguel Etinger De Araújo Júnior&nbsp;<a href="http://lattes.cnpq.br/3645279441325845">[Currículo Lattes]</a></p>



<p>Patrícia Ayub da Costa <a href="http://lattes.cnpq.br/7103427570893903">[Currículo Lattes]</a></p>



<p>Rita De Cássia Resquetti Tarifa Espolador&nbsp;<a href="http://lattes.cnpq.br/3810986131039976">[Currículo Lattes]</a></p>



<p>Rozane Da Rosa Cachapuz&nbsp;<a href="http://lattes.cnpq.br/0378281231923148">[Currículo Lattes]</a></p>



<p>Tânia Lobo Muniz&nbsp;<a href="http://lattes.cnpq.br/4840316454306635">[Currículo Lattes]</a></p>



<p>Tarcisio Teixeira &nbsp;<a href="http://lattes.cnpq.br/4974808438124961" data-type="link" data-id="http://lattes.cnpq.br/4974808438124961">[Currículo Lattes]</a></p>



<p></p>

<p>DOCENTES PERMANENTES Ana Claudia Corrêa Zuin Mattos Amaral&nbsp;[Currículo Lattes] Clodomiro José Bannwart Júnior&nbsp;[Currículo Lattes] Daniela Braga Paiano&nbsp;[Currículo Lattes] Elve Miguel Cenci&nbsp;[Currículo Lattes] Lourival José de Oliveira [Currículo Lattes] Luiz Alberto Pereira Ribeiro&nbsp;[Currículo Lattes] Luiz Fernando Bellinetti&nbsp;[Currículo Lattes] Marcos Antonio Striquer Soares&nbsp;[Currículo Lattes] Marlene Kempfer [Currículo Lattes] Miguel Etinger De Araújo Júnior&nbsp;[Currículo Lattes] Patrícia Ayub da Costa [&hellip;]</p>
