{"id":14,"date":"2025-08-05T16:34:27","date_gmt":"2025-08-05T19:34:27","guid":{"rendered":"https:\/\/pos.uel.br\/direcao-de-arte\/?page_id=14"},"modified":"2025-10-20T09:37:58","modified_gmt":"2025-10-20T12:37:58","slug":"sobre-o-curso","status":"publish","type":"page","link":"https:\/\/pos.uel.br\/direcao-de-arte\/sobre-o-curso\/","title":{"rendered":"Sobre o curso"},"content":{"rendered":"\n<div style=\"height:34px\" aria-hidden=\"true\" class=\"wp-block-spacer\"><\/div>\n\n\n\n<p>O Curso de P\u00f3s-gradua\u00e7\u00e3o Lato Sensu em Dire\u00e7\u00e3o de Arte, oferecido pela Universidade Estadual de Londrina (UEL), \u00e9 destinado a profissionais graduados com diploma de curso superior nas \u00e1reas de Design, Desenho Industrial, Artes Visuais, Comunica\u00e7\u00e3o Social, Publicidade e Propaganda, Rela\u00e7\u00f5es P\u00fablicas, Arquitetura e em \u00e1reas afins, que buscam ampliar seus conhecimentos no mercado da Dire\u00e7\u00e3o de Arte.<\/p>\n\n\n\n<p>O curso ser\u00e1 ofertado no modo \u201cRemoto S\u00edncrono\u201d (aulas ao vivo), conforme a Resolu\u00e7\u00e3o CEPE N\u00ba 013\/2021, at\u00e9 a sua conclus\u00e3o. As aulas ser\u00e3o oferecidas \u00e0s ter\u00e7as e quintas-feiras, das 19h15min \u00e0s 22h30min. A dura\u00e7\u00e3o total do curso \u00e9 de tr\u00eas per\u00edodos letivos (18 meses), sendo dois per\u00edodos para o cumprimento das disciplinas e um per\u00edodo para a entrega do TCCPG (Trabalho de Conclus\u00e3o de Curso de P\u00f3s-gradua\u00e7\u00e3o).<\/p>\n\n\n\n<p><a href=\"https:\/\/pos.uel.br\/direcao-de-arte\/inscricoes-2\/\">Inscreva-se aqui<\/a><\/p>\n\n\n\n<p><\/p>\n","protected":false},"excerpt":{"rendered":"<p>O Curso de P\u00f3s-gradua\u00e7\u00e3o Lato Sensu em Dire\u00e7\u00e3o de Arte, oferecido pela Universidade Estadual de Londrina (UEL), \u00e9 destinado a profissionais graduados com diploma de curso superior nas \u00e1reas de Design, Desenho Industrial, Artes Visuais, Comunica\u00e7\u00e3o Social, Publicidade e Propaganda, Rela\u00e7\u00f5es P\u00fablicas, Arquitetura e em \u00e1reas afins, que buscam ampliar seus conhecimentos no mercado da [&hellip;]<\/p>\n","protected":false},"author":6,"featured_media":0,"parent":0,"menu_order":0,"comment_status":"closed","ping_status":"closed","template":"","meta":{"_acf_changed":false,"_themeisle_gutenberg_block_has_review":false,"footnotes":""},"class_list":["post-14","page","type-page","status-publish","hentry"],"acf":[],"_links":{"self":[{"href":"https:\/\/pos.uel.br\/direcao-de-arte\/wp-json\/wp\/v2\/pages\/14","targetHints":{"allow":["GET"]}}],"collection":[{"href":"https:\/\/pos.uel.br\/direcao-de-arte\/wp-json\/wp\/v2\/pages"}],"about":[{"href":"https:\/\/pos.uel.br\/direcao-de-arte\/wp-json\/wp\/v2\/types\/page"}],"author":[{"embeddable":true,"href":"https:\/\/pos.uel.br\/direcao-de-arte\/wp-json\/wp\/v2\/users\/6"}],"replies":[{"embeddable":true,"href":"https:\/\/pos.uel.br\/direcao-de-arte\/wp-json\/wp\/v2\/comments?post=14"}],"version-history":[{"count":10,"href":"https:\/\/pos.uel.br\/direcao-de-arte\/wp-json\/wp\/v2\/pages\/14\/revisions"}],"predecessor-version":[{"id":328,"href":"https:\/\/pos.uel.br\/direcao-de-arte\/wp-json\/wp\/v2\/pages\/14\/revisions\/328"}],"wp:attachment":[{"href":"https:\/\/pos.uel.br\/direcao-de-arte\/wp-json\/wp\/v2\/media?parent=14"}],"curies":[{"name":"wp","href":"https:\/\/api.w.org\/{rel}","templated":true}]}}

<div style="height:34px" aria-hidden="true" class="wp-block-spacer"></div>



<p>O Curso de Pós-graduação Lato Sensu em Direção de Arte, oferecido pela Universidade Estadual de Londrina (UEL), é destinado a profissionais graduados com diploma de curso superior nas áreas de Design, Desenho Industrial, Artes Visuais, Comunicação Social, Publicidade e Propaganda, Relações Públicas, Arquitetura e em áreas afins, que buscam ampliar seus conhecimentos no mercado da Direção de Arte.</p>



<p>O curso será ofertado no modo “Remoto Síncrono” (aulas ao vivo), conforme a Resolução CEPE Nº 013/2021, até a sua conclusão. As aulas serão oferecidas às terças e quintas-feiras, das 19h15min às 22h30min. A duração total do curso é de três períodos letivos (18 meses), sendo dois períodos para o cumprimento das disciplinas e um período para a entrega do TCCPG (Trabalho de Conclusão de Curso de Pós-graduação).</p>



<p><a href="https://pos.uel.br/direcao-de-arte/inscricoes-2/">Inscreva-se aqui</a></p>



<p></p>

<p>O Curso de Pós-graduação Lato Sensu em Direção de Arte, oferecido pela Universidade Estadual de Londrina (UEL), é destinado a profissionais graduados com diploma de curso superior nas áreas de Design, Desenho Industrial, Artes Visuais, Comunicação Social, Publicidade e Propaganda, Relações Públicas, Arquitetura e em áreas afins, que buscam ampliar seus conhecimentos no mercado da [&hellip;]</p>
