{"id":85,"date":"2025-10-02T15:15:37","date_gmt":"2025-10-02T18:15:37","guid":{"rendered":"https:\/\/pos.uel.br\/deel\/?page_id=85"},"modified":"2026-02-10T14:18:51","modified_gmt":"2026-02-10T17:18:51","slug":"estudantes-ppga-dee-uel-utfpr-cp","status":"publish","type":"page","link":"https:\/\/pos.uel.br\/deel\/estudantes-ppga-dee-uel-utfpr-cp\/","title":{"rendered":"Estudantes UEL\/UTFPR-CP"},"content":{"rendered":"\n<p><strong>PROGRAMA de BOLSAS<\/strong><strong>:&nbsp;&nbsp;<\/strong><\/p>\n\n\n\n<p><strong>a) <\/strong>DS\/CAPES: Programa&nbsp;&nbsp;Demanda Social\/CAPES&nbsp;<br><strong>b) <\/strong>Conv\u00eanio FA\/CAPES &#8211; Conv\u00eanio Funda\u00e7\u00e3o Arauc\u00e1ria \/ CAPES&nbsp;<br><strong>c) <\/strong>CNPq-AE:&nbsp;&nbsp;Edital CNPq N\u00ba 01\/2019 &#8211; APOIO \u00c0 FORMA\u00c7\u00c3O DE DOUTORES EM \u00c1REAS ESTRAT\u00c9GICAS<br><br><\/p>\n\n\n\n<hr class=\"wp-block-separator has-text-color has-primary-accent-color has-alpha-channel-opacity has-primary-accent-background-color has-background is-style-wide\" \/>\n\n\n\n<p><strong>TURMA 15 &#8211; 2025<\/strong><\/p>\n\n\n\n<p><strong>Sede UEL-Londrina<\/strong><\/p>\n\n\n\n<p><strong>1\u00ba SEMESTRE<\/strong>&nbsp;&nbsp;<\/p>\n\n\n\n<p><strong>Estudante&nbsp;\/ Orientador(a)<\/strong><\/p>\n\n\n\n<p>Gustavo Goncalves Krepski \/ Marcelo Carvalho Tosin<br>Mateus Komarchesqui \/ Mario Lemes Proenca Junior<br>Safaa Alali \/ Taufik Abrao<\/p>\n\n\n\n<p><\/p>\n\n\n\n<p><strong>2\u00ba SEMESTRE<\/strong><\/p>\n\n\n\n<p><strong>Estudante&nbsp;\/ &nbsp;Orientador(a)<\/strong><\/p>\n\n\n\n<p>Adelan de P. Nascimento Martens \/ Maria Bernadete de Morais Fran\u00e7a<br>Rafael Zamodzi \/ Jos\u00e9 Alexandre de Fran\u00e7a<\/p>\n\n\n\n<hr class=\"wp-block-separator has-text-color has-primary-accent-color has-alpha-channel-opacity has-primary-accent-background-color has-background is-style-wide\" \/>\n\n\n\n<p><strong>Sede UTFPR-Corn\u00e9lio Proc\u00f3pio<\/strong><\/p>\n\n\n\n<p><strong>1\u00ba SEMESTRE<\/strong><\/p>\n\n\n\n<p><strong>Estudante&nbsp;\/ Orientador<\/strong><\/p>\n\n\n\n<p>Joachim Ngodie Tuepagouon&nbsp;\/ Cristiano Marcos Agulhari<br>Juliana Cunha Neves&nbsp;\/ S\u00e9rgio Augusto Oliveira da Silva<br>Lucas Teodoro dos Santos&nbsp;\/ Paulo Rog\u00e9rio Scalassara<\/p>\n\n\n\n<p><\/p>\n\n\n\n<p><strong>2\u00ba SEMESTRE<\/strong><\/p>\n\n\n\n<p><strong>Estudante&nbsp;\/ &nbsp;Orientador(a)<\/strong><\/p>\n\n\n\n<p>Marcos Vin\u00edcius de Assis Vedovatte \/ Jos\u00e9 Carlos Marinello Filho<\/p>\n\n\n\n<div class=\"wp-block-columns is-layout-flex wp-container-core-columns-is-layout-9d6595d7 wp-block-columns-is-layout-flex\">\n<div class=\"wp-block-column is-layout-flow wp-block-column-is-layout-flow\"><\/div>\n<\/div>\n\n\n\n<p><\/p>\n","protected":false},"excerpt":{"rendered":"<p>PROGRAMA de BOLSAS:&nbsp;&nbsp; a) DS\/CAPES: Programa&nbsp;&nbsp;Demanda Social\/CAPES&nbsp;b) Conv\u00eanio FA\/CAPES &#8211; Conv\u00eanio Funda\u00e7\u00e3o Arauc\u00e1ria \/ CAPES&nbsp;c) CNPq-AE:&nbsp;&nbsp;Edital CNPq N\u00ba 01\/2019 &#8211; APOIO \u00c0 FORMA\u00c7\u00c3O DE DOUTORES EM \u00c1REAS ESTRAT\u00c9GICAS TURMA 15 &#8211; 2025 Sede UEL-Londrina 1\u00ba SEMESTRE&nbsp;&nbsp; Estudante&nbsp;\/ Orientador(a) Gustavo Goncalves Krepski \/ Marcelo Carvalho TosinMateus Komarchesqui \/ Mario Lemes Proenca JuniorSafaa Alali \/ Taufik Abrao [&hellip;]<\/p>\n","protected":false},"author":6,"featured_media":0,"parent":0,"menu_order":0,"comment_status":"closed","ping_status":"closed","template":"","meta":{"_acf_changed":false,"_themeisle_gutenberg_block_has_review":false,"footnotes":""},"class_list":["post-85","page","type-page","status-publish","hentry"],"acf":[],"_links":{"self":[{"href":"https:\/\/pos.uel.br\/deel\/wp-json\/wp\/v2\/pages\/85","targetHints":{"allow":["GET"]}}],"collection":[{"href":"https:\/\/pos.uel.br\/deel\/wp-json\/wp\/v2\/pages"}],"about":[{"href":"https:\/\/pos.uel.br\/deel\/wp-json\/wp\/v2\/types\/page"}],"author":[{"embeddable":true,"href":"https:\/\/pos.uel.br\/deel\/wp-json\/wp\/v2\/users\/6"}],"replies":[{"embeddable":true,"href":"https:\/\/pos.uel.br\/deel\/wp-json\/wp\/v2\/comments?post=85"}],"version-history":[{"count":11,"href":"https:\/\/pos.uel.br\/deel\/wp-json\/wp\/v2\/pages\/85\/revisions"}],"predecessor-version":[{"id":354,"href":"https:\/\/pos.uel.br\/deel\/wp-json\/wp\/v2\/pages\/85\/revisions\/354"}],"wp:attachment":[{"href":"https:\/\/pos.uel.br\/deel\/wp-json\/wp\/v2\/media?parent=85"}],"curies":[{"name":"wp","href":"https:\/\/api.w.org\/{rel}","templated":true}]}}

<p><strong>PROGRAMA de BOLSAS</strong><strong>:&nbsp;&nbsp;</strong></p>



<p><strong>a) </strong>DS/CAPES: Programa&nbsp;&nbsp;Demanda Social/CAPES&nbsp;<br><strong>b) </strong>Convênio FA/CAPES &#8211; Convênio Fundação Araucária / CAPES&nbsp;<br><strong>c) </strong>CNPq-AE:&nbsp;&nbsp;Edital CNPq Nº 01/2019 &#8211; APOIO À FORMAÇÃO DE DOUTORES EM ÁREAS ESTRATÉGICAS<br><br></p>



<hr class="wp-block-separator has-text-color has-primary-accent-color has-alpha-channel-opacity has-primary-accent-background-color has-background is-style-wide" />



<p><strong>TURMA 15 &#8211; 2025</strong></p>



<p><strong>Sede UEL-Londrina</strong></p>



<p><strong>1º SEMESTRE</strong>&nbsp;&nbsp;</p>



<p><strong>Estudante&nbsp;/ Orientador(a)</strong></p>



<p>Gustavo Goncalves Krepski / Marcelo Carvalho Tosin<br>Mateus Komarchesqui / Mario Lemes Proenca Junior<br>Safaa Alali / Taufik Abrao</p>



<p></p>



<p><strong>2º SEMESTRE</strong></p>



<p><strong>Estudante&nbsp;/ &nbsp;Orientador(a)</strong></p>



<p>Adelan de P. Nascimento Martens / Maria Bernadete de Morais França<br>Rafael Zamodzi / José Alexandre de França</p>



<hr class="wp-block-separator has-text-color has-primary-accent-color has-alpha-channel-opacity has-primary-accent-background-color has-background is-style-wide" />



<p><strong>Sede UTFPR-Cornélio Procópio</strong></p>



<p><strong>1º SEMESTRE</strong></p>



<p><strong>Estudante&nbsp;/ Orientador</strong></p>



<p>Joachim Ngodie Tuepagouon&nbsp;/ Cristiano Marcos Agulhari<br>Juliana Cunha Neves&nbsp;/ Sérgio Augusto Oliveira da Silva<br>Lucas Teodoro dos Santos&nbsp;/ Paulo Rogério Scalassara</p>



<p></p>



<p><strong>2º SEMESTRE</strong></p>



<p><strong>Estudante&nbsp;/ &nbsp;Orientador(a)</strong></p>



<p>Marcos Vinícius de Assis Vedovatte / José Carlos Marinello Filho</p>



<div class="wp-block-columns is-layout-flex wp-container-core-columns-is-layout-9d6595d7 wp-block-columns-is-layout-flex">
<div class="wp-block-column is-layout-flow wp-block-column-is-layout-flow"></div>
</div>



<p></p>

<p>PROGRAMA de BOLSAS:&nbsp;&nbsp; a) DS/CAPES: Programa&nbsp;&nbsp;Demanda Social/CAPES&nbsp;b) Convênio FA/CAPES &#8211; Convênio Fundação Araucária / CAPES&nbsp;c) CNPq-AE:&nbsp;&nbsp;Edital CNPq Nº 01/2019 &#8211; APOIO À FORMAÇÃO DE DOUTORES EM ÁREAS ESTRATÉGICAS TURMA 15 &#8211; 2025 Sede UEL-Londrina 1º SEMESTRE&nbsp;&nbsp; Estudante&nbsp;/ Orientador(a) Gustavo Goncalves Krepski / Marcelo Carvalho TosinMateus Komarchesqui / Mario Lemes Proenca JuniorSafaa Alali / Taufik Abrao [&hellip;]</p>
