{"id":226,"date":"2025-10-06T15:05:44","date_gmt":"2025-10-06T18:05:44","guid":{"rendered":"https:\/\/pos.uel.br\/deel\/?page_id=226"},"modified":"2025-10-08T11:02:56","modified_gmt":"2025-10-08T14:02:56","slug":"publicacoes-teses","status":"publish","type":"page","link":"https:\/\/pos.uel.br\/deel\/publicacoes-teses\/","title":{"rendered":"Publica\u00e7\u00f5es"},"content":{"rendered":"\n<p><strong>TOTAL TESES (2019-Atual):\u00a0\u00a0\u00a0\u00a026<\/strong><\/p>\n\n\n\n<p><strong>2024 (6)<\/strong><\/p>\n\n\n\n<p>[26] RUHAN PONTES POLICARPO DE SOUZA&nbsp;&nbsp;|&nbsp;&nbsp;<a href=\"https:\/\/www.uel.br\/pos\/deel\/ewExternalFiles\/Tese_Ruhan.pdf\" target=\"_blank\" rel=\"noreferrer noopener\">DEVELOPMENT OF FAULT DETECTION METHODS FOR THE BROKEN ROTOR BAR PROBLEM USING MODEL-BASED ANALYSIS, CURRENT SPECTRUM ANALYSIS, AND POWER QUANTITIES EVALUATION<\/a>&nbsp;&nbsp;&nbsp;&nbsp;|&nbsp;&nbsp;&nbsp;&nbsp;Advisor: Cristiano Marcos Agulhari&nbsp;&nbsp;|&nbsp;&nbsp;Co-advisor: Alessandro Goedtel&nbsp;|&nbsp;&nbsp;18\/12\/2024<\/p>\n\n\n\n<p>[25]&nbsp;&nbsp;PAMELA DE SOUZA SCHIABER |&nbsp;&nbsp;&nbsp;&nbsp;<a href=\"https:\/\/www.uel.br\/pos\/deel\/ewExternalFiles\/AnalysisofMuscleFatiguePatternsUsingAIandEMGSignals.pdf\" target=\"_blank\" rel=\"noreferrer noopener\">ANALYSIS OF MUSCLE FATIGUE PATTERNS USING ARTIFICIAL INTELLIGENCE AND ELECTROMYOGRAPHY SIGNALS DURING DYNAMIC EXERCISE<\/a>&nbsp;&nbsp;|&nbsp;&nbsp;Advisor:&nbsp;&nbsp;PAULO ROGERIO SCALASSARA&nbsp;&nbsp;|&nbsp;&nbsp;05\/09\/2024<\/p>\n\n\n\n<p>[24] RICARDO PETRI SILVA&nbsp;&nbsp;|&nbsp;&nbsp;<a href=\"https:\/\/www.uel.br\/pos\/deel\/ewExternalFiles\/Tese_Doutorado_Ricardo_Petri_%28final%29.pdf\" target=\"_blank\" rel=\"noreferrer noopener\">ADVANCES IN TIME SERIES ANALYSIS: SEGMENTATION, PREDICTION, AND UNSUPERVISED TUNING OF DRIFT DETECTORS<\/a>&nbsp;&nbsp;&nbsp;&nbsp;|&nbsp;&nbsp;&nbsp;&nbsp;Advisor: Leonimer Melo&nbsp;|&nbsp;&nbsp;12\/07\/2024<\/p>\n\n\n\n<p>[23] DAVID WILLIAN MARQUES&nbsp;&nbsp;GUERRA |<strong><em>&nbsp;<\/em><\/strong><strong><em><a href=\"https:\/\/www.uel.br\/pos\/deel\/ewExternalFiles\/Thesis_Doctorate_DWG_%28final%29.pdf\" target=\"_blank\" rel=\"noreferrer noopener\">Advanced Techniques for Channel Modeling, Estimation, and Resource<\/a><\/em><\/strong>&nbsp;|&nbsp;&nbsp;Advisor: Taufik Abr\u00e3o&nbsp;|&nbsp;14\/06\/2024<\/p>\n\n\n\n<p>[22] JOAO HENRIQUE INACIO DE SOUZA |&nbsp;<strong><em><a href=\"https:\/\/www.uel.br\/pos\/deel\/ewExternalFiles\/Tese%20de%20Doutorado%20-%20Joa%CC%83o%20Henrique%20Inacio%20de%20Souza.pdf\" target=\"_blank\" rel=\"noreferrer noopener\">Physical Layer Optimization, Multiple Access, and Energy Efficiency in Extra-Large Scale Massive MIMO and Wireless Networks Aided by Reconfigurable Intelligent Surfaces<\/a><\/em><\/strong><strong><em><a href=\"https:\/\/www.uel.br\/pos\/deel\/ewExternalFiles\/Tese%20de%20Doutorado%20-%20Joa%CC%83o%20Henrique%20Inacio%20de%20Souza.pdf\">&nbsp;&nbsp;&nbsp;&nbsp;&nbsp;<\/a><\/em><\/strong>&nbsp;|&nbsp;&nbsp;&nbsp;&nbsp;Advisor: Taufik Abr\u00e3o&nbsp;|&nbsp;&nbsp;01\/03\/2024&nbsp;&nbsp;&nbsp;&nbsp;&nbsp;&nbsp;&nbsp;&nbsp;&nbsp;&nbsp;<\/p>\n\n\n\n<p>[21] HERMAN LUCAS DOS SANTOS |&nbsp;<a href=\"https:\/\/www.uel.br\/pos\/deel\/ewExternalFiles\/%5BHS%5DThesis_Final.pdf\" target=\"_blank\" rel=\"noreferrer noopener\">RANDOM ACCESS ENHANCEMENTS AND INTEGRATION OF SENSING AND COMMUNICATION ENVISIONING 5G AND 6G REQUIREMENTS<\/a><a href=\"https:\/\/www.uel.br\/pos\/deel\/ewExternalFiles\/%5BHS%5DThesis_Final.pdf\">&nbsp;&nbsp;&nbsp;&nbsp;&nbsp;<\/a>&nbsp;&nbsp;|&nbsp;&nbsp;&nbsp;&nbsp;Advisor: Taufik Abr\u00e3o&nbsp;|&nbsp;&nbsp;09\/02\/2024<\/p>\n\n\n\n<p><strong>2023 (6)<\/strong><\/p>\n\n\n\n<p>[20]&nbsp;&nbsp;JAIR FAJARDO JUNIOR |&nbsp;&nbsp;<a href=\"https:\/\/www.uel.br\/pos\/deel\/ewExternalFiles\/tese_doutorado_jair_fajardo_jr_final.pdf\" target=\"_blank\" rel=\"noreferrer noopener\">Desenvolvimento e An\u00e1lise de Modelo Rob\u00f3tico Baseado na Plataforma Stewart-Gough Aplicado \u00e0 Simula\u00e7\u00e3o de Tremores de Parkinson<\/a><a href=\"https:\/\/www.uel.br\/pos\/deel\/ewExternalFiles\/tese_doutorado_jair_fajardo_jr_final.pdf\">&nbsp;&nbsp;&nbsp;&nbsp;&nbsp;<\/a>(in Portuguese)&nbsp;|&nbsp;&nbsp;Advisor: Leonimer Melo&nbsp;|&nbsp;&nbsp;&nbsp;&nbsp;&nbsp;&nbsp;29\/09\/2023&nbsp;&nbsp;&nbsp;&nbsp;&nbsp;&nbsp;&nbsp;&nbsp;&nbsp;&nbsp;&nbsp;&nbsp;&nbsp;&nbsp;&nbsp;<\/p>\n\n\n\n<p>[19] THIAGO AUGUSTO BRUZA ALVES |&nbsp;<a href=\"https:\/\/www.everwebapp.com\/\">Efici\u00eancia e Desempenho de Sistemas de M\u00faltiplo Acesso N\u00e3o-Ortogonal MIMO Massivo e Ultra Massivo<\/a><a href=\"https:\/\/www.everwebapp.com\/\">&nbsp;&nbsp;&nbsp;&nbsp;&nbsp;<\/a>(in Portuguese)&nbsp;|&nbsp;&nbsp;Advisor: Taufik Abr\u00e3o&nbsp;|&nbsp;&nbsp;&nbsp;&nbsp;&nbsp;&nbsp;&nbsp;06\/09\/2023&nbsp;&nbsp;&nbsp;&nbsp;&nbsp;<\/p>\n\n\n\n<p>[18] RAFAELA DIZARO SILVEIRA |&nbsp;<a href=\"https:\/\/www.uel.br\/pos\/deel\/ewExternalFiles\/Tese_Rafaela_Dizaro_Silveira.pdf\" target=\"_blank\" rel=\"noreferrer noopener\">Modelagem e An\u00e1lise Din\u00e2mica de Topologias de Microrredes CC Operando com Estrat\u00e9gia de Controle Hier\u00e1rquico&nbsp;<\/a>|&nbsp;(in Portuguese)&nbsp;|&nbsp;&nbsp;Advisor:&nbsp;S\u00e9rgio Augusto Oliveira da Silva&nbsp;|&nbsp;&nbsp; 25\/08\/2023 |<\/p>\n\n\n\n<p>[17] GUILHERME MASQUETTI PELZ |&nbsp;<a href=\"https:\/\/www.uel.br\/pos\/deel\/ewExternalFiles\/Tese_Suavizacaointermitenciasarmazenamentohibrido.pdf\">Sistema H\u00edbrido de Armazenamento de Energia Integrado a um Conversor Bidirecional de Interface Usado para Suavizar Intermit\u00eancias entre uma Microrrede CA Trif\u00e1sica e a Rede El\u00e9trica Monof\u00e1sica<\/a>&nbsp;|&nbsp;&nbsp;&nbsp;(in Portuguese)&nbsp;|&nbsp;&nbsp;Advisor:&nbsp;S\u00e9rgio Augusto Oliveira da Silva&nbsp;&nbsp;&nbsp;&nbsp;&nbsp;&nbsp;|&nbsp;&nbsp;03\/08\/20233<\/p>\n\n\n\n<p>[16] DANIEL STRUFALDI BATISTA |&nbsp;<a href=\"https:\/\/www.uel.br\/pos\/deel\/ewExternalFiles\/DSB_Thesis_Final_PDF.pdf\" target=\"_blank\" rel=\"noreferrer noopener\">Attitude-Independent Magnetometer Calibration including Time-Varying Bias using a Helmholtz Coil powered by a Howland Current Source<\/a>&nbsp;|&nbsp;&nbsp;Advisor: Leonimer Melo | 20\/04\/2023&nbsp;&nbsp;&nbsp;&nbsp;&nbsp;&nbsp;&nbsp;&nbsp;&nbsp;&nbsp;<\/p>\n\n\n\n<p>[15] MATHEUS PEREIRA DE NOVAES |&nbsp;<a href=\"https:\/\/www.uel.br\/pos\/deel\/ewExternalFiles\/tese_matheusnovaes_final_version.pdf\" target=\"_blank\" rel=\"noreferrer noopener\">Sistema de Detec\u00e7\u00e3o de Intrus\u00e3o baseado em Anomalias Utlizando Redes Neurais Profundas&nbsp;<\/a><strong><em><\/em><\/strong>(in Portuguese)&nbsp;|&nbsp;&nbsp;Advisor: Mario Proenca | 19\/04\/2023&nbsp;&nbsp;&nbsp;&nbsp;&nbsp;&nbsp;&nbsp;&nbsp;&nbsp;&nbsp;&nbsp;&nbsp;&nbsp;&nbsp;&nbsp;<\/p>\n\n\n\n<p><strong>2022 (4)<\/strong><\/p>\n\n\n\n<p>[14] RENATO KAZUO MIYAMOTO | Uma Estrat\u00e9gia De Compensa\u00e7\u00e3o De Afundamentos De Tens\u00e3o Usando Armazenamento De Energia Em Volantes Inerciais Com Motor Dahlander Em Frenagem Regenerativa Conectado \u00c0 Rede&nbsp;&nbsp;&nbsp;&nbsp;&nbsp;&nbsp;&nbsp;(in Portuguese)&nbsp;|&nbsp;&nbsp;Advisor:&nbsp;&nbsp;Alessandro Goedtel&nbsp;&nbsp;|&nbsp;&nbsp;&nbsp;&nbsp;&nbsp;&nbsp;19\/12\/2022<\/p>\n\n\n\n<p>[13] Jaime Laerson Jacob&nbsp;| Efici\u00eancia de Recursos sob Equidade de Taxa em Sistemas NOMA, NOMA-MIMO e LSA-MIMO PDMA<strong><em>&nbsp;<\/em><\/strong>(in Portuguese)&nbsp;|&nbsp;&nbsp;Advisor: Taufik Abr\u00e3o&nbsp;| August 19th 2022<\/p>\n\n\n\n<p>[12] Aislan Gabriel Hernandes&nbsp;|&nbsp;Otimiza\u00e7\u00e3o e Aprendizado em Redes de R\u00e1dio Cognitivo com Elevado N\u00famero de Antenas&nbsp;| (in Portuguese)&nbsp;|&nbsp;&nbsp;Advisor: Taufik Abr\u00e3o&nbsp;| June 29th 2022<\/p>\n\n\n\n<p>[11] Angel Esteban Labrador Rivas&nbsp;|&nbsp;<strong><em><a href=\"http:\/\/www.uel.br\/pos\/deel\/Thesis\/Tese11_Angel.pdf\">Fault Detection, Reliability, and Random Access Protocols In Smart Grid Systems<\/a><\/em><\/strong><strong><em>&nbsp;<\/em><\/strong>(in English)&nbsp;|&nbsp;&nbsp; Advisor: Taufik Abr\u00e3o&nbsp;| March 11th 2022<\/p>\n\n\n\n<p><strong>2021 (2)<\/strong><\/p>\n\n\n\n<p>[10] Layhon Roberto Rodrigues Santos&nbsp;|&nbsp;&nbsp;<strong><em><a href=\"http:\/\/www.uel.br\/pos\/deel\/Thesis\/Tese10_Layhon.pdf\">Bio-Inspired Methods for Resource Allocation in Heterogeneous Optical Networks (EONs)<\/a><\/em><\/strong>&nbsp;(in Portuguese)&nbsp;|&nbsp;&nbsp; Advisor: Taufik Abr\u00e3o&nbsp;| Oct. 15th 2021<\/p>\n\n\n\n<p>[9] Gisele Alves Santana&nbsp;|&nbsp;&nbsp;<a href=\"http:\/\/www.uel.br\/pos\/deel\/Thesis\/Tese9_Gisele.pdf\">Halton-Chaos-\u0392eta-PSO: A New Optimization Metaheuristic Approach Applied in Electrical Engineering Problems&nbsp;<\/a>(in Portuguese)&nbsp;|&nbsp;&nbsp; Advisor: Taufik Abr\u00e3o&nbsp;| July 30th 2021<\/p>\n\n\n\n<p><strong>2020 (5)<\/strong><\/p>\n\n\n\n<p>[8] Gustavo Henrique Bazan&nbsp;|&nbsp;&nbsp;<strong><em><a href=\"http:\/\/www.uel.br\/pos\/deel\/Thesis\/Tese7_Bazan.pdf\">Identifica\u00e7\u00e3o Inteligente de Falhas em M\u00e1quinas El\u00e9tricas Utilizando Informa\u00e7\u00e3o M\u00fatua<\/a><\/em><\/strong>&nbsp;(in Portuguese)&nbsp;|&nbsp;&nbsp; Advisor: Alessandro Goedtel&nbsp;| November 10th 2020<\/p>\n\n\n\n<p>[7] Maur\u00edcio Moreira&nbsp;|&nbsp;<a href=\"http:\/\/www.uel.br\/pos\/deel\/Thesis\/Tese6_MM.pdf\">Development and Testing of A Photometer for Simultaneous Quantification of Ethanol and Methanol in Gasolines using Discrete Wavelengths in the Near-Infrared<\/a>&nbsp;(in Portuguese)&nbsp;|&nbsp;&nbsp; Advisor:&nbsp;Jos\u00e9 Alexandre de Fran\u00e7a | August 24th 2020<\/p>\n\n\n\n<p>[6] Marcos Vinicius Oliveira de Assis&nbsp;|&nbsp;<a href=\"http:\/\/www.uel.br\/pos\/deel\/Thesis\/Tese5_MVOA.pdf\">Anomaly Detection System for SDN Networks using Deep Learning and Game Theory<\/a>&nbsp;&nbsp;(in Portuguese)&nbsp;| Advisor: Mario Lemes Proenca&nbsp;| August 18th 2020<\/p>\n\n\n\n<p>[5]&nbsp;Vin\u00edcius D\u00e1rio Bacon |&nbsp;&nbsp;<strong><em><a href=\"http:\/\/www.uel.br\/pos\/deel\/Thesis\/Tese8_BACON.pdf\">Sistema UPQC Multifuncional Proposto para Operar Como Interface entre Microrredes H\u00edbridas e Redes Concession\u00e1rias de Energia El\u00e9trica<\/a><\/em><\/strong>&nbsp;(in Portuguese)&nbsp;|&nbsp;&nbsp; Advisor:&nbsp;S\u00e9rgio Augusto Oliveira da Silva&nbsp;&nbsp;| Augsut 5th 2020<\/p>\n\n\n\n<p>[4]&nbsp;&nbsp;Cristiane A. Pendeza Martinez&nbsp;&nbsp;|&nbsp;<a href=\"http:\/\/www.uel.br\/pos\/deel\/Thesis\/Tese4_CAPM.pdf\">Optimization Methods for Resource Allocation in OCDMA Networks<\/a>&nbsp;(in Portuguese)&nbsp;|&nbsp;&nbsp;Advisor: Dr. Taufik Abr\u00e3o&nbsp;&nbsp;|&nbsp;&nbsp;July 17th 2020<\/p>\n\n\n\n<p><strong>2019 (3)<\/strong><\/p>\n\n\n\n<p>[3] Jacqueline Jordan Guedes&nbsp;|&nbsp;<strong><em><a href=\"http:\/\/www.uel.br\/pos\/deel\/Thesis\/Tese3_JJG.pdf\">Identifica\u00e7\u00e3o de Falhas em Motores de Indu\u00e7\u00e3o Trif\u00e1sicos Utilizando Algoritmos de Otimiza\u00e7\u00e3o e Sistemas Inteligientes<\/a><\/em><\/strong>&nbsp;(in Portuguese)&nbsp;|&nbsp;&nbsp;| Advisor: Alessandro&nbsp;Goedtel | December 17th 2019<\/p>\n\n\n\n<p>[2]&nbsp;Ricardo Tadashi Kobayashi |&nbsp;<strong><a href=\"http:\/\/www.uel.br\/pos\/deel\/Thesis\/Tese2_RTK.pdf\">Prototype Filter Design for FBMC Systems via Convex Optimization<\/a><\/strong>&nbsp;|&nbsp;<em>Projeto de Filtros Prot\u00f3tipos para Sistemas FBMC via Otimiza\u00e7\u00e3o Convexa<\/em>&nbsp;| Advisor:&nbsp;Taufik Abr\u00e3o | September 24th 2019<\/p>\n\n\n\n<p>[1]&nbsp;&nbsp;Luis Carlos Mathias |&nbsp;<strong>Localization, Pre-Distortion, Pre-Equalization and Crosstak Mitigation in VLC-OFDM Systems<\/strong>&nbsp;|&nbsp;<em><a href=\"http:\/\/www.uel.br\/pos\/deel\/Thesis\/Tese1_LCM.pdf\">Localiza\u00e7\u00e3o, Pr\u00e9-distor\u00e7\u00e3o, Pr\u00e9-equaliza\u00e7\u00e3o e Mitiga\u00e7\u00e3o do Crosstalk em Sistemas VLC-OFDM<\/a><\/em>&nbsp;&nbsp;|&nbsp;&nbsp;Advisor: Dr. Taufik Abr\u00e3o&nbsp;&nbsp;|&nbsp;&nbsp;May 10th 2019<\/p>\n\n\n\n<p><strong>PRE-THESIS<\/strong><\/p>\n\n\n\n<p><strong>2021<\/strong><\/p>\n\n\n\n<p>Angel Esteban Labrador Rivas.<strong><em>&nbsp;Fault Detection, Reliability, and Random Access Protocols in Smart Grid Systems&nbsp;<\/em><\/strong>(In English)&nbsp;&nbsp;| Advisor: Taufik Abr\u00e3o | March 2021<\/p>\n\n\n\n<p><strong>2020<\/strong><\/p>\n\n\n\n<p>Layhon Roberto Rodrigues Santos.&nbsp;&nbsp;<strong><em>M\u00e9todos Evolucion\u00e1rios e Aprendizado de M\u00e1quinas na Aloca\u00e7\u00e3o de Recursos em Redes \u00d3pticas Heterog\u00eaneas<\/em><\/strong>&nbsp;(In Portuguese) | Advisor: Taufik Abr\u00e3o (F\u00e1bio R. Durand) | Dez. 2020<\/p>\n\n\n\n<p><strong>2019<\/strong><\/p>\n\n\n\n<p>Cristiane A. Pendeza Martinez.&nbsp;<strong><em>M\u00e9todos de Otimiza\u00e7\u00e3o em Problemas de Aloca\u00e7\u00e3o de Recursos em Redes \u00d3pticas OCDMA<\/em><\/strong>&nbsp;(In Portuguese)&nbsp;&nbsp;| Advisor: Taufik Abr\u00e3o (F\u00e1bio R. Durand) | November 2019<\/p>\n\n\n\n<p>Gisele Alves Santana&nbsp;<em>Heur\u00edstica Evolutiva por Part\u00edculas Aplicada \u00e0 Engenharia El\u00e9trica<\/em>&nbsp;(In Portuguese) | Advisor: Taufik Abr\u00e3o (F\u00e1bio R. Durand) | Sept. 2019<\/p>\n\n\n\n<p>Marcos V. Oliveira de Assis |&nbsp;Sistema de Detec\u00e7\u00e3o de Anomalias para Redes SDN utilizando Teoria de Jogos e Machine Learning&nbsp;|<em>&nbsp;<\/em>Advisor:&nbsp;Mario Lemes Proen\u00e7a Jr. | Jan. 2019<\/p>\n\n\n\n<p><strong>2018<\/strong><\/p>\n\n\n\n<p>Luis Carlos Mathias&nbsp;&nbsp;|&nbsp;<em>Localiza\u00e7\u00e3o, Pr\u00e9-distor\u00e7\u00e3o, Pr\u00e9-equaliza\u00e7\u00e3o e Mitiga\u00e7\u00e3o do Crosstalk em Sistemas VLC-OFDM<\/em>&nbsp;&nbsp;|&nbsp;&nbsp;Advisor: Dr. Taufik Abr\u00e3o&nbsp;&nbsp;|&nbsp;&nbsp;NoDecv 2018<\/p>\n\n\n\n<p>Ricardo T. Kobayashi |&nbsp;<em>Prototype Filter Design for FBMC Systems via Convex Optimization<\/em>&nbsp;|Advisor:&nbsp;Taufik Abr\u00e3o | April 2018<\/p>\n\n\n\n<p><\/p>\n","protected":false},"excerpt":{"rendered":"<p>TOTAL TESES (2019-Atual):\u00a0\u00a0\u00a0\u00a026 2024 (6) [26] RUHAN PONTES POLICARPO DE SOUZA&nbsp;&nbsp;|&nbsp;&nbsp;DEVELOPMENT OF FAULT DETECTION METHODS FOR THE BROKEN ROTOR BAR PROBLEM USING MODEL-BASED ANALYSIS, CURRENT SPECTRUM ANALYSIS, AND POWER QUANTITIES EVALUATION&nbsp;&nbsp;&nbsp;&nbsp;|&nbsp;&nbsp;&nbsp;&nbsp;Advisor: Cristiano Marcos Agulhari&nbsp;&nbsp;|&nbsp;&nbsp;Co-advisor: Alessandro Goedtel&nbsp;|&nbsp;&nbsp;18\/12\/2024 [25]&nbsp;&nbsp;PAMELA DE SOUZA SCHIABER |&nbsp;&nbsp;&nbsp;&nbsp;ANALYSIS OF MUSCLE FATIGUE PATTERNS USING ARTIFICIAL INTELLIGENCE AND ELECTROMYOGRAPHY SIGNALS DURING DYNAMIC EXERCISE&nbsp;&nbsp;|&nbsp;&nbsp;Advisor:&nbsp;&nbsp;PAULO ROGERIO [&hellip;]<\/p>\n","protected":false},"author":6,"featured_media":0,"parent":0,"menu_order":0,"comment_status":"closed","ping_status":"closed","template":"","meta":{"_acf_changed":false,"_themeisle_gutenberg_block_has_review":false,"footnotes":""},"class_list":["post-226","page","type-page","status-publish","hentry"],"acf":[],"_links":{"self":[{"href":"https:\/\/pos.uel.br\/deel\/wp-json\/wp\/v2\/pages\/226","targetHints":{"allow":["GET"]}}],"collection":[{"href":"https:\/\/pos.uel.br\/deel\/wp-json\/wp\/v2\/pages"}],"about":[{"href":"https:\/\/pos.uel.br\/deel\/wp-json\/wp\/v2\/types\/page"}],"author":[{"embeddable":true,"href":"https:\/\/pos.uel.br\/deel\/wp-json\/wp\/v2\/users\/6"}],"replies":[{"embeddable":true,"href":"https:\/\/pos.uel.br\/deel\/wp-json\/wp\/v2\/comments?post=226"}],"version-history":[{"count":4,"href":"https:\/\/pos.uel.br\/deel\/wp-json\/wp\/v2\/pages\/226\/revisions"}],"predecessor-version":[{"id":234,"href":"https:\/\/pos.uel.br\/deel\/wp-json\/wp\/v2\/pages\/226\/revisions\/234"}],"wp:attachment":[{"href":"https:\/\/pos.uel.br\/deel\/wp-json\/wp\/v2\/media?parent=226"}],"curies":[{"name":"wp","href":"https:\/\/api.w.org\/{rel}","templated":true}]}}