{"id":221,"date":"2025-10-06T14:51:18","date_gmt":"2025-10-06T17:51:18","guid":{"rendered":"https:\/\/pos.uel.br\/deel\/?page_id=221"},"modified":"2026-03-30T18:20:51","modified_gmt":"2026-03-30T21:20:51","slug":"inscricoes","status":"publish","type":"page","link":"https:\/\/pos.uel.br\/deel\/inscricoes\/","title":{"rendered":"Mural"},"content":{"rendered":"\n<p>Para solicita\u00e7\u00e3o (via PROPPG) de<strong>&nbsp;isen\u00e7\u00e3o da taxa de inscri\u00e7\u00e3o<\/strong>&nbsp;<\/p>\n\n\n\n<p>no processo seletivo 2026-2S pelo Cad\u00danico, <a href=\"http:\/\/www.uel.br\/eventos\/sigec\/?id=11805\">clique aqui<\/a>.<\/p>\n","protected":false},"excerpt":{"rendered":"<p>Para solicita\u00e7\u00e3o (via PROPPG) de&nbsp;isen\u00e7\u00e3o da taxa de inscri\u00e7\u00e3o&nbsp; no processo seletivo 2026-2S pelo Cad\u00danico, clique aqui.<\/p>\n","protected":false},"author":6,"featured_media":0,"parent":0,"menu_order":0,"comment_status":"closed","ping_status":"closed","template":"","meta":{"_acf_changed":false,"_themeisle_gutenberg_block_has_review":false,"footnotes":""},"class_list":["post-221","page","type-page","status-publish","hentry"],"acf":[],"_links":{"self":[{"href":"https:\/\/pos.uel.br\/deel\/wp-json\/wp\/v2\/pages\/221","targetHints":{"allow":["GET"]}}],"collection":[{"href":"https:\/\/pos.uel.br\/deel\/wp-json\/wp\/v2\/pages"}],"about":[{"href":"https:\/\/pos.uel.br\/deel\/wp-json\/wp\/v2\/types\/page"}],"author":[{"embeddable":true,"href":"https:\/\/pos.uel.br\/deel\/wp-json\/wp\/v2\/users\/6"}],"replies":[{"embeddable":true,"href":"https:\/\/pos.uel.br\/deel\/wp-json\/wp\/v2\/comments?post=221"}],"version-history":[{"count":4,"href":"https:\/\/pos.uel.br\/deel\/wp-json\/wp\/v2\/pages\/221\/revisions"}],"predecessor-version":[{"id":368,"href":"https:\/\/pos.uel.br\/deel\/wp-json\/wp\/v2\/pages\/221\/revisions\/368"}],"wp:attachment":[{"href":"https:\/\/pos.uel.br\/deel\/wp-json\/wp\/v2\/media?parent=221"}],"curies":[{"name":"wp","href":"https:\/\/api.w.org\/{rel}","templated":true}]}}

<p>Para solicitação (via PROPPG) de<strong>&nbsp;isenção da taxa de inscrição</strong>&nbsp;</p>



<p>no processo seletivo 2026-2S pelo CadÚnico, <a href="http://www.uel.br/eventos/sigec/?id=11805">clique aqui</a>.</p>

<p>Para solicitação (via PROPPG) de&nbsp;isenção da taxa de inscrição&nbsp; no processo seletivo 2026-2S pelo CadÚnico, clique aqui.</p>
