{"id":681,"date":"2025-07-01T10:49:54","date_gmt":"2025-07-01T13:49:54","guid":{"rendered":"https:\/\/pos.uel.br\/contabilidade\/?page_id=681"},"modified":"2025-10-14T15:32:37","modified_gmt":"2025-10-14T18:32:37","slug":"corpo-docente","status":"publish","type":"page","link":"https:\/\/pos.uel.br\/contabilidade\/corpo-docente\/","title":{"rendered":"Corpo Docente"},"content":{"rendered":"\n<figure class=\"wp-block-table is-style-stripes has-small-font-size\"><table class=\"has-fixed-layout\"><tbody><tr><td><strong>Professor<\/strong><\/td><td><strong>Titula\u00e7\u00e3o<\/strong><\/td><td><strong>Institui\u00e7\u00e3o<\/strong><\/td><td><strong>Forma\u00e7\u00e3o<\/strong><\/td><\/tr><tr><td>Cassia Vanessa Olak Alves Cruz<\/td><td>Doutora<\/td><td>UEL\/Londrina-PR<\/td><td>Contabilidade e Controladoria<\/td><\/tr><tr><td>Daniel Ramos Nogueira<\/td><td>Doutor<\/td><td>UEL\/Londrina-PR<\/td><td>Contabilidade e Controladoria<\/td><\/tr><tr><td>Elvis Ant\u00f4nio Bim<\/td><td>&nbsp;Mestre<\/td><td>UEL\/Londrina-PR&nbsp;<\/td><td>Contabilidade e Controladoria&nbsp;<\/td><\/tr><tr><td>Eric Ferreira dos Santos<\/td><td>Mestre<\/td><td>UEL\/Londrina-PR&nbsp;<\/td><td>Contabilidade e Controladoria&nbsp;<\/td><\/tr><tr><td>Jorge Eduardo Scarpin<\/td><td>Doutor<\/td><td>(UFPR\/Concordia College Moorhead, MN, EUA)<\/td><td>Contabilidade e Controladoria<\/td><\/tr><tr><td>Luciano Gomes dos Reis <\/td><td>P\u00f3s-Doutor<\/td><td>UEL\/Londrina-PR<\/td><td>Contabilidade e Controladoria<\/td><\/tr><tr><td>Luiz Fernando Soares da Silva<\/td><td>Mestre<\/td><td>UEM\/Maring\u00e1\/PR<\/td><td>Administra\u00e7\u00e3o e Contabilidade<\/td><\/tr><tr><td>Marcelo Resquetti Tarifa<\/td><td>P\u00f3s-Doutor<\/td><td>UEL\/Londrina-PR<\/td><td>Contabilidade e Controladoria<\/td><\/tr><tr><td>Nelson Luis Vidotto<\/td><td>Mestre<\/td><td>UEL\/Londrina-PR<\/td><td>Administra\u00e7\u00e3o de Empresas<\/td><\/tr><tr><td>Paulo Arnaldo Olak<\/td><td>Doutor<\/td><td>UEL\/Londrina-PR<\/td><td>Contabilidade e Controladoria<\/td><\/tr><tr><td>Regis Garcia<\/td><td>Doutor<\/td><td>UEL\/Londrina-PR<\/td><td>Contabilidade e Controladoria<\/td><\/tr><tr><td>Reinaldo Rodrigues Camacho<\/td><td>Doutor<\/td><td>UEM\/Maring\u00e1-PR<\/td><td>Contabilidade e Controladoria<\/td><\/tr><tr><td>Saulo Fabiano Am\u00e2ncio Vieira<\/td><td>Doutor<\/td><td>UEL\/Londrina-PR<\/td><td>Administra\u00e7\u00e3o<\/td><\/tr><\/tbody><\/table><\/figure>\n\n\n\n<p><\/p>\n\n\n\n<p class=\"has-small-font-size\">(*) Quadro sujeito a mudan\u00e7as, mantendo a mesma titula\u00e7\u00e3o<\/p>\n\n\n\n<p><\/p>\n","protected":false},"excerpt":{"rendered":"<p>Professor Titula\u00e7\u00e3o Institui\u00e7\u00e3o Forma\u00e7\u00e3o Cassia Vanessa Olak Alves Cruz Doutora UEL\/Londrina-PR Contabilidade e Controladoria Daniel Ramos Nogueira Doutor UEL\/Londrina-PR Contabilidade e Controladoria Elvis Ant\u00f4nio Bim &nbsp;Mestre UEL\/Londrina-PR&nbsp; Contabilidade e Controladoria&nbsp; Eric Ferreira dos Santos Mestre UEL\/Londrina-PR&nbsp; Contabilidade e Controladoria&nbsp; Jorge Eduardo Scarpin Doutor (UFPR\/Concordia College Moorhead, MN, EUA) Contabilidade e Controladoria Luciano Gomes dos Reis [&hellip;]<\/p>\n","protected":false},"author":10,"featured_media":0,"parent":0,"menu_order":0,"comment_status":"closed","ping_status":"closed","template":"","meta":{"_acf_changed":false,"_themeisle_gutenberg_block_has_review":false,"footnotes":""},"class_list":["post-681","page","type-page","status-publish","hentry"],"acf":[],"_links":{"self":[{"href":"https:\/\/pos.uel.br\/contabilidade\/wp-json\/wp\/v2\/pages\/681","targetHints":{"allow":["GET"]}}],"collection":[{"href":"https:\/\/pos.uel.br\/contabilidade\/wp-json\/wp\/v2\/pages"}],"about":[{"href":"https:\/\/pos.uel.br\/contabilidade\/wp-json\/wp\/v2\/types\/page"}],"author":[{"embeddable":true,"href":"https:\/\/pos.uel.br\/contabilidade\/wp-json\/wp\/v2\/users\/10"}],"replies":[{"embeddable":true,"href":"https:\/\/pos.uel.br\/contabilidade\/wp-json\/wp\/v2\/comments?post=681"}],"version-history":[{"count":6,"href":"https:\/\/pos.uel.br\/contabilidade\/wp-json\/wp\/v2\/pages\/681\/revisions"}],"predecessor-version":[{"id":781,"href":"https:\/\/pos.uel.br\/contabilidade\/wp-json\/wp\/v2\/pages\/681\/revisions\/781"}],"wp:attachment":[{"href":"https:\/\/pos.uel.br\/contabilidade\/wp-json\/wp\/v2\/media?parent=681"}],"curies":[{"name":"wp","href":"https:\/\/api.w.org\/{rel}","templated":true}]}}

<figure class="wp-block-table is-style-stripes has-small-font-size"><table class="has-fixed-layout"><tbody><tr><td><strong>Professor</strong></td><td><strong>Titulação</strong></td><td><strong>Instituição</strong></td><td><strong>Formação</strong></td></tr><tr><td>Cassia Vanessa Olak Alves Cruz</td><td>Doutora</td><td>UEL/Londrina-PR</td><td>Contabilidade e Controladoria</td></tr><tr><td>Daniel Ramos Nogueira</td><td>Doutor</td><td>UEL/Londrina-PR</td><td>Contabilidade e Controladoria</td></tr><tr><td>Elvis Antônio Bim</td><td>&nbsp;Mestre</td><td>UEL/Londrina-PR&nbsp;</td><td>Contabilidade e Controladoria&nbsp;</td></tr><tr><td>Eric Ferreira dos Santos</td><td>Mestre</td><td>UEL/Londrina-PR&nbsp;</td><td>Contabilidade e Controladoria&nbsp;</td></tr><tr><td>Jorge Eduardo Scarpin</td><td>Doutor</td><td>(UFPR/Concordia College Moorhead, MN, EUA)</td><td>Contabilidade e Controladoria</td></tr><tr><td>Luciano Gomes dos Reis </td><td>Pós-Doutor</td><td>UEL/Londrina-PR</td><td>Contabilidade e Controladoria</td></tr><tr><td>Luiz Fernando Soares da Silva</td><td>Mestre</td><td>UEM/Maringá/PR</td><td>Administração e Contabilidade</td></tr><tr><td>Marcelo Resquetti Tarifa</td><td>Pós-Doutor</td><td>UEL/Londrina-PR</td><td>Contabilidade e Controladoria</td></tr><tr><td>Nelson Luis Vidotto</td><td>Mestre</td><td>UEL/Londrina-PR</td><td>Administração de Empresas</td></tr><tr><td>Paulo Arnaldo Olak</td><td>Doutor</td><td>UEL/Londrina-PR</td><td>Contabilidade e Controladoria</td></tr><tr><td>Regis Garcia</td><td>Doutor</td><td>UEL/Londrina-PR</td><td>Contabilidade e Controladoria</td></tr><tr><td>Reinaldo Rodrigues Camacho</td><td>Doutor</td><td>UEM/Maringá-PR</td><td>Contabilidade e Controladoria</td></tr><tr><td>Saulo Fabiano Amâncio Vieira</td><td>Doutor</td><td>UEL/Londrina-PR</td><td>Administração</td></tr></tbody></table></figure>



<p></p>



<p class="has-small-font-size">(*) Quadro sujeito a mudanças, mantendo a mesma titulação</p>



<p></p>

<p>Professor Titulação Instituição Formação Cassia Vanessa Olak Alves Cruz Doutora UEL/Londrina-PR Contabilidade e Controladoria Daniel Ramos Nogueira Doutor UEL/Londrina-PR Contabilidade e Controladoria Elvis Antônio Bim &nbsp;Mestre UEL/Londrina-PR&nbsp; Contabilidade e Controladoria&nbsp; Eric Ferreira dos Santos Mestre UEL/Londrina-PR&nbsp; Contabilidade e Controladoria&nbsp; Jorge Eduardo Scarpin Doutor (UFPR/Concordia College Moorhead, MN, EUA) Contabilidade e Controladoria Luciano Gomes dos Reis [&hellip;]</p>
