{"id":673,"date":"2025-07-01T10:45:31","date_gmt":"2025-07-01T13:45:31","guid":{"rendered":"https:\/\/pos.uel.br\/contabilidade\/?page_id=673"},"modified":"2025-10-03T14:33:29","modified_gmt":"2025-10-03T17:33:29","slug":"sobre-o-curso","status":"publish","type":"page","link":"https:\/\/pos.uel.br\/contabilidade\/sobre-o-curso\/","title":{"rendered":"Sobre o curso"},"content":{"rendered":"\n<p><\/p>\n\n\n\n<p class=\"has-primary-accent-color has-text-color has-link-color wp-elements-af84d4d43b2572d127b4e79417a40381\"><strong>OBJETIVOS<\/strong><\/p>\n\n\n\n<p>Refletir sobre as mudan\u00e7as de paradigmas na contabilidade contempor\u00e2nea, relativas ao processo de gest\u00e3o no seio das organiza\u00e7\u00f5es.<\/p>\n\n\n\n<p>Preparar profissionais para a gest\u00e3o das empresas, para, com compet\u00eancia, habilidade e \u00e9tica, poder inferir no processo decisorial dessas entidades de modo a torn\u00e1-las eficientes e eficazes.<\/p>\n\n\n\n<p>Capacitar o aluno a examinar conceitos t\u00e9cnicos, mediante avalia\u00e7\u00e3o pr\u00e1tica e anal\u00edtica.<\/p>\n\n\n\n<p>Instrumentalizar os alunos para o desenvolvimento do planejamento patrimonial, econ\u00f4mico e financeiro das empresas.<\/p>\n\n\n\n<hr class=\"wp-block-separator has-alpha-channel-opacity is-style-wide\" \/>\n\n\n\n<p class=\"has-primary-accent-color has-text-color has-link-color wp-elements-f659a05abe45c6874286a1b5100f7698\"><strong>P\u00daBLICO ALVO<\/strong><\/p>\n\n\n\n<p>Graduados e graduandos em Ci\u00eancias Cont\u00e1beis, Ci\u00eancias Administrativas, Economia e \u00e1reas afins, desde que comprovem a conclus\u00e3o da gradua\u00e7\u00e3o at\u00e9 a data da matr\u00edcula. &nbsp;&nbsp;<\/p>\n\n\n\n<hr class=\"wp-block-separator has-alpha-channel-opacity is-style-wide\" \/>\n\n\n\n<p class=\"has-primary-accent-color has-text-color has-link-color wp-elements-8a5d50c40a3f9ef95e96ecd795253bd0\"><strong>N\u00daMERO DE VAGAS<\/strong><\/p>\n\n\n\n<p>M\u00ednimo: 38 (trinta e oito)<br>M\u00e1ximo: 60 (sessenta)<\/p>\n\n\n\n<hr class=\"wp-block-separator has-alpha-channel-opacity is-style-wide\" \/>\n\n\n\n<p class=\"has-primary-accent-color has-text-color has-link-color wp-elements-6848bac0283c7d3a57065ed731b47198\"><strong>INVESTIMENTO<\/strong><\/p>\n\n\n\n<p>18 parcelas de R$ 259,00 (a primeira parcela, no ato da matr\u00edcula)&nbsp;<\/p>\n\n\n\n<hr class=\"wp-block-separator has-alpha-channel-opacity is-style-wide\" \/>\n\n\n\n<p class=\"has-primary-accent-color has-text-color has-link-color wp-elements-286bb88d9cb9de9a94be3bd86454892b\"><strong>IN\u00cdCIO E T\u00c9RMINO DAS AULAS | CURSO<\/strong><\/p>\n\n\n\n<p>In\u00edcio das aulas: 27\/03\/2026<br>T\u00e9rmino: julho de 2027<\/p>\n\n\n\n<p>&nbsp;As aulas s\u00e3o ministradas na modalidade&nbsp;<strong>\u201cRemoto S\u00edncrono\u201d (\u201con-line\u201d)&nbsp;<\/strong>\u00e0s&nbsp;<strong>sextas-feiras no per\u00edodo noturno<\/strong>&nbsp;e aos&nbsp;<strong>s\u00e1bados no per\u00edodo matutino<\/strong>, totalizando 24 (vinte e quatro) finais de semana com aula. Al\u00e9m das aulas remotas s\u00edncronas&nbsp;(\u201con-line\u201d), s\u00e3o desenvolvidas&nbsp;<strong>atividades ass\u00edncronas (extrassala)<\/strong>. As disciplinas ser\u00e3o ofertadas, preferencialmente, de forma quinzenal, podendo ocorrer situa\u00e7\u00f5es nas quais as aulas ocorrer\u00e3o em dois finais de semanas consecutivos.<\/p>\n\n\n\n<hr class=\"wp-block-separator has-alpha-channel-opacity is-style-wide\" \/>\n\n\n\n<h5 class=\"wp-block-heading has-primary-accent-color has-text-color has-link-color wp-elements-cec12c0234445921f0ee3442a045a44d\">Turma com in\u00edcio em 2026<\/h5>\n\n\n\n<p>100% Online (Remoto S\u00edncrono)<\/p>\n\n\n\n<hr class=\"wp-block-separator has-alpha-channel-opacity is-style-wide\" \/>\n\n\n\n<h5 class=\"wp-block-heading has-primary-accent-color has-text-color has-link-color wp-elements-26153a125e06ad00c06ba48520887ce6\">Inscri\u00e7\u00f5es online<\/h5>\n\n\n\n<p>Realize o upload da documenta\u00e7\u00e3o somente via sistema de Inscri\u00e7\u00e3o online \u2013 Acesse o Edital de Oferta no menu INSCRI\u00c7\u00d5ES.<\/p>\n\n\n\n<hr class=\"wp-block-separator has-alpha-channel-opacity is-style-wide\" \/>\n\n\n\n<div class=\"wp-block-columns is-layout-flex wp-container-core-columns-is-layout-9d6595d7 wp-block-columns-is-layout-flex\">\n<div class=\"wp-block-column is-layout-flow wp-block-column-is-layout-flow\"><\/div>\n<\/div>\n\n\n\n<p><\/p>\n","protected":false},"excerpt":{"rendered":"<p>OBJETIVOS Refletir sobre as mudan\u00e7as de paradigmas na contabilidade contempor\u00e2nea, relativas ao processo de gest\u00e3o no seio das organiza\u00e7\u00f5es. Preparar profissionais para a gest\u00e3o das empresas, para, com compet\u00eancia, habilidade e \u00e9tica, poder inferir no processo decisorial dessas entidades de modo a torn\u00e1-las eficientes e eficazes. Capacitar o aluno a examinar conceitos t\u00e9cnicos, mediante avalia\u00e7\u00e3o [&hellip;]<\/p>\n","protected":false},"author":10,"featured_media":0,"parent":0,"menu_order":0,"comment_status":"closed","ping_status":"closed","template":"","meta":{"_acf_changed":false,"_themeisle_gutenberg_block_has_review":false,"footnotes":""},"class_list":["post-673","page","type-page","status-publish","hentry"],"acf":[],"_links":{"self":[{"href":"https:\/\/pos.uel.br\/contabilidade\/wp-json\/wp\/v2\/pages\/673","targetHints":{"allow":["GET"]}}],"collection":[{"href":"https:\/\/pos.uel.br\/contabilidade\/wp-json\/wp\/v2\/pages"}],"about":[{"href":"https:\/\/pos.uel.br\/contabilidade\/wp-json\/wp\/v2\/types\/page"}],"author":[{"embeddable":true,"href":"https:\/\/pos.uel.br\/contabilidade\/wp-json\/wp\/v2\/users\/10"}],"replies":[{"embeddable":true,"href":"https:\/\/pos.uel.br\/contabilidade\/wp-json\/wp\/v2\/comments?post=673"}],"version-history":[{"count":10,"href":"https:\/\/pos.uel.br\/contabilidade\/wp-json\/wp\/v2\/pages\/673\/revisions"}],"predecessor-version":[{"id":767,"href":"https:\/\/pos.uel.br\/contabilidade\/wp-json\/wp\/v2\/pages\/673\/revisions\/767"}],"wp:attachment":[{"href":"https:\/\/pos.uel.br\/contabilidade\/wp-json\/wp\/v2\/media?parent=673"}],"curies":[{"name":"wp","href":"https:\/\/api.w.org\/{rel}","templated":true}]}}

<p></p>



<p class="has-primary-accent-color has-text-color has-link-color wp-elements-af84d4d43b2572d127b4e79417a40381"><strong>OBJETIVOS</strong></p>



<p>Refletir sobre as mudanças de paradigmas na contabilidade contemporânea, relativas ao processo de gestão no seio das organizações.</p>



<p>Preparar profissionais para a gestão das empresas, para, com competência, habilidade e ética, poder inferir no processo decisorial dessas entidades de modo a torná-las eficientes e eficazes.</p>



<p>Capacitar o aluno a examinar conceitos técnicos, mediante avaliação prática e analítica.</p>



<p>Instrumentalizar os alunos para o desenvolvimento do planejamento patrimonial, econômico e financeiro das empresas.</p>



<hr class="wp-block-separator has-alpha-channel-opacity is-style-wide" />



<p class="has-primary-accent-color has-text-color has-link-color wp-elements-f659a05abe45c6874286a1b5100f7698"><strong>PÚBLICO ALVO</strong></p>



<p>Graduados e graduandos em Ciências Contábeis, Ciências Administrativas, Economia e áreas afins, desde que comprovem a conclusão da graduação até a data da matrícula. &nbsp;&nbsp;</p>



<hr class="wp-block-separator has-alpha-channel-opacity is-style-wide" />



<p class="has-primary-accent-color has-text-color has-link-color wp-elements-8a5d50c40a3f9ef95e96ecd795253bd0"><strong>NÚMERO DE VAGAS</strong></p>



<p>Mínimo: 38 (trinta e oito)<br>Máximo: 60 (sessenta)</p>



<hr class="wp-block-separator has-alpha-channel-opacity is-style-wide" />



<p class="has-primary-accent-color has-text-color has-link-color wp-elements-6848bac0283c7d3a57065ed731b47198"><strong>INVESTIMENTO</strong></p>



<p>18 parcelas de R$ 259,00 (a primeira parcela, no ato da matrícula)&nbsp;</p>



<hr class="wp-block-separator has-alpha-channel-opacity is-style-wide" />



<p class="has-primary-accent-color has-text-color has-link-color wp-elements-286bb88d9cb9de9a94be3bd86454892b"><strong>INÍCIO E TÉRMINO DAS AULAS | CURSO</strong></p>



<p>Início das aulas: 27/03/2026<br>Término: julho de 2027</p>



<p>&nbsp;As aulas são ministradas na modalidade&nbsp;<strong>“Remoto Síncrono” (“on-line”)&nbsp;</strong>às&nbsp;<strong>sextas-feiras no período noturno</strong>&nbsp;e aos&nbsp;<strong>sábados no período matutino</strong>, totalizando 24 (vinte e quatro) finais de semana com aula. Além das aulas remotas síncronas&nbsp;(“on-line”), são desenvolvidas&nbsp;<strong>atividades assíncronas (extrassala)</strong>. As disciplinas serão ofertadas, preferencialmente, de forma quinzenal, podendo ocorrer situações nas quais as aulas ocorrerão em dois finais de semanas consecutivos.</p>



<hr class="wp-block-separator has-alpha-channel-opacity is-style-wide" />



<h5 class="wp-block-heading has-primary-accent-color has-text-color has-link-color wp-elements-cec12c0234445921f0ee3442a045a44d">Turma com início em 2026</h5>



<p>100% Online (Remoto Síncrono)</p>



<hr class="wp-block-separator has-alpha-channel-opacity is-style-wide" />



<h5 class="wp-block-heading has-primary-accent-color has-text-color has-link-color wp-elements-26153a125e06ad00c06ba48520887ce6">Inscrições online</h5>



<p>Realize o upload da documentação somente via sistema de Inscrição online – Acesse o Edital de Oferta no menu INSCRIÇÕES.</p>



<hr class="wp-block-separator has-alpha-channel-opacity is-style-wide" />



<div class="wp-block-columns is-layout-flex wp-container-core-columns-is-layout-9d6595d7 wp-block-columns-is-layout-flex">
<div class="wp-block-column is-layout-flow wp-block-column-is-layout-flow"></div>
</div>



<p></p>

<p>OBJETIVOS Refletir sobre as mudanças de paradigmas na contabilidade contemporânea, relativas ao processo de gestão no seio das organizações. Preparar profissionais para a gestão das empresas, para, com competência, habilidade e ética, poder inferir no processo decisorial dessas entidades de modo a torná-las eficientes e eficazes. Capacitar o aluno a examinar conceitos técnicos, mediante avaliação [&hellip;]</p>
