{"id":230,"date":"2022-09-06T16:52:35","date_gmt":"2022-09-06T19:52:35","guid":{"rendered":"https:\/\/pos.uel.br\/direitocivil\/?page_id=230"},"modified":"2022-10-14T09:49:34","modified_gmt":"2022-10-14T12:49:34","slug":"insc_2021","status":"publish","type":"page","link":"https:\/\/pos.uel.br\/contabilidade\/inscricoes\/insc_2021\/","title":{"rendered":"Insc_2021"},"content":{"rendered":"\n<p>Situa\u00e7\u00e3o do Processo:&nbsp;&nbsp;&nbsp;<strong>&nbsp;<\/strong><strong>&nbsp;<\/strong>&nbsp;Conclu\u00eddo&nbsp;&nbsp;&nbsp;&nbsp;&nbsp;Em Andamento&nbsp;&nbsp;&nbsp;&nbsp;&nbsp;<strong>&nbsp;Aguardando<\/strong>&nbsp;&nbsp;&nbsp;&nbsp;&nbsp;<\/p>\n\n\n\n<figure class=\"wp-block-table\"><table><tbody><tr><td class=\"has-text-align-center\" data-align=\"center\"><strong>DOC<\/strong><strong><\/strong><\/td><td><strong>ATIVIDADES<\/strong><strong><\/strong><\/td><td><strong>DATA \/PER\u00cdODO DE PUBLICA\u00c7\u00c3O<\/strong><strong><\/strong><\/td><td><strong>SITUA\u00c7\u00c3O ATUAL<\/strong><strong><\/strong><\/td><\/tr><tr><td class=\"has-text-align-center\" data-align=\"center\"><a href=\"https:\/\/pos.uel.br\/contabilidade\/wp-content\/uploads\/2022\/10\/159_Cont-Empr_Edital-Oferta_15out20_2021.pdf\" data-type=\"URL\" data-id=\"https:\/\/pos.uel.br\/contabilidade\/wp-content\/uploads\/2022\/10\/159_Cont-Empr_Edital-Oferta_15out20_2021.pdf\" target=\"_blank\" rel=\"noreferrer noopener\"><img decoding=\"async\" class=\"wp-image-412\" style=\"width: 25px\" src=\"https:\/\/pos.uel.br\/direitocivil\/wp-content\/uploads\/2022\/09\/paste_red1-e1663003698481.jpg\" alt=\"\"><\/a><a rel=\"noreferrer noopener\" href=\"http:\/\/www.uel.br\/pos\/direitocivil\/pages\/arquivos\/Comunicados\/158_Dir%20Civil_Edital%20Oferta_15out20_.pdf\" target=\"_blank\"><\/a><\/td><td>Edital de Oferta \/ Inscri\u00e7\u00e3o<\/td><td>15\/10\/2020<\/td><td>&#8211;<\/td><\/tr><tr><td class=\"has-text-align-center\" data-align=\"center\"><a href=\"https:\/\/pos.uel.br\/contabilidade\/wp-content\/uploads\/2022\/10\/CON-Edital_PRORROGACAO_22FEV21_2021.pdf\" data-type=\"URL\" data-id=\"https:\/\/pos.uel.br\/contabilidade\/wp-content\/uploads\/2022\/10\/CON-Edital_PRORROGACAO_22FEV21_2021.pdf\" target=\"_blank\" rel=\"noreferrer noopener\"><img decoding=\"async\" class=\"wp-image-412\" style=\"width: 25px\" src=\"https:\/\/pos.uel.br\/direitocivil\/wp-content\/uploads\/2022\/09\/paste_red1-e1663003698481.jpg\" alt=\"\"><\/a><a rel=\"noreferrer noopener\" href=\"http:\/\/www.uel.br\/pos\/direitocivil\/pages\/arquivos\/Comunicados\/CIV-%20Edital_PRORROGA%C3%87%C3%83O_22FEV21.pdf\" target=\"_blank\"><\/a><\/td><td>Edital de Prorroga\u00e7\u00e3o<\/td><td><s>23\/02\/2021<\/s><\/td><td><s>Publicado em 23\/02\/2021<\/s><\/td><\/tr><tr><td class=\"has-text-align-center\" data-align=\"center\"><a href=\"https:\/\/pos.uel.br\/contabilidade\/wp-content\/uploads\/2022\/10\/CON-Edital_PRORROGACAO_01_28FEV21_ret_2021.pdf\" data-type=\"URL\" data-id=\"https:\/\/pos.uel.br\/contabilidade\/wp-content\/uploads\/2022\/10\/CON-Edital_PRORROGACAO_01_28FEV21_ret_2021.pdf\" target=\"_blank\" rel=\"noreferrer noopener\"><img decoding=\"async\" class=\"wp-image-412\" style=\"width: 25px\" src=\"https:\/\/pos.uel.br\/direitocivil\/wp-content\/uploads\/2022\/09\/paste_red1-e1663003698481.jpg\" alt=\"\"><\/a><a rel=\"noreferrer noopener\" href=\"http:\/\/www.uel.br\/pos\/direitocivil\/pages\/arquivos\/Comunicados\/CIV-Edital_PRORROGA%C3%87%C3%83O_01_28FEV21.pdf\" target=\"_blank\"><\/a><\/td><td>Edital de Prorroga\u00e7\u00e3o (Retifica\u00e7\u00e3o)<\/td><td><s>28\/02\/2021<\/s><\/td><td><s>Publicado em 28\/02\/2021<\/s><\/td><\/tr><tr><td class=\"has-text-align-center\" data-align=\"center\"><a href=\"https:\/\/pos.uel.br\/contabilidade\/wp-content\/uploads\/2022\/10\/159_Cont-Empr_Edital-Oferta_11mar21_prorroga-final_2021.pdf\" data-type=\"URL\" data-id=\"https:\/\/pos.uel.br\/contabilidade\/wp-content\/uploads\/2022\/10\/159_Cont-Empr_Edital-Oferta_11mar21_prorroga-final_2021.pdf\" target=\"_blank\" rel=\"noreferrer noopener\"><img decoding=\"async\" class=\"wp-image-412\" style=\"width: 25px\" src=\"https:\/\/pos.uel.br\/direitocivil\/wp-content\/uploads\/2022\/09\/paste_red1-e1663003698481.jpg\" alt=\"\"><\/a><a rel=\"noreferrer noopener\" href=\"http:\/\/www.uel.br\/pos\/direitocivil\/pages\/arquivos\/Comunicados\/158_Dir%20Civil_Edital%20Oferta_11mar21_prorroga%20final.pdf\" target=\"_blank\"><\/a><\/td><td>Edital de Prorroga\u00e7\u00e3o<\/td><td>11\/03\/2021<\/td><td>Publicado em 11\/03\/2021<\/td><\/tr><tr><td class=\"has-text-align-center\" data-align=\"center\">&nbsp;&nbsp;<\/td><td>Inscri\u00e7\u00e3o online<\/td><td><s>26\/10\/2020 a 19\/02\/2021<\/s><\/td><td><s>Prorrogado at\u00e9 01\/03\/2021<\/s>Prorrogado at\u00e9 26\/03\/2021 &#8211; 16h<\/td><\/tr><tr><td class=\"has-text-align-center\" data-align=\"center\">&nbsp;&nbsp;<\/td><td>Entrega de Documentos via e-mail, e boleto &#8211; cesapos@uel.br<\/td><td><s>26\/10\/2020 a 22\/02\/2021<\/s><\/td><td><s>Prorrogado at\u00e9 02\/03\/2021<\/s>Prorrogado at\u00e9&nbsp;26\/03\/2021 &#8211; 23h59min<\/td><\/tr><tr><td class=\"has-text-align-center\" data-align=\"center\"><a href=\"http:\/\/www.uel.br\/pos\/direitocivil\/pages\/arquivos\/Comunicados\/Dir%20Civil%20-Comunicado%20selecao-2021a.pdf\" target=\"_blank\" rel=\"noreferrer noopener\"><\/a><\/td><td>Comunicado de Sele\u00e7\u00e3o<\/td><td><s>23\/02\/2021<\/s><\/td><td><s>05\/03\/2021&nbsp;<\/s><s><\/s><s><\/s><s><\/s>Alterado para: 29\/03\/2021<\/td><\/tr><tr><td class=\"has-text-align-center\" data-align=\"center\">&nbsp;&nbsp;<\/td><td>Sele\u00e7\u00e3o<\/td><td><s>23\/02\/2021 a 03\/03\/2021<\/s><\/td><td><s>06\/03\/2021 a 08\/03\/2021<\/s><s><\/s><s><\/s><s><\/s>Alterado para:&nbsp;29\/03\/2021 a 31\/03\/2021<\/td><\/tr><tr><td class=\"has-text-align-center\" data-align=\"center\"><a href=\"https:\/\/pos.uel.br\/contabilidade\/wp-content\/uploads\/2022\/10\/159_Contabilidade_06abril21_Edital-Resultado_2021.pdf\" data-type=\"URL\" data-id=\"https:\/\/pos.uel.br\/contabilidade\/wp-content\/uploads\/2022\/10\/159_Contabilidade_06abril21_Edital-Resultado_2021.pdf\" target=\"_blank\" rel=\"noreferrer noopener\"><img decoding=\"async\" class=\"wp-image-412\" style=\"width: 25px\" src=\"https:\/\/pos.uel.br\/direitocivil\/wp-content\/uploads\/2022\/09\/paste_red1-e1663003698481.jpg\" alt=\"\"><\/a><a rel=\"noreferrer noopener\" href=\"http:\/\/www.uel.br\/pos\/direitocivil\/pages\/arquivos\/Comunicados\/158_Dir%20Civil_06abril21_Edital%20Resultado.pdf\" target=\"_blank\"><\/a><a rel=\"noreferrer noopener\" href=\"http:\/\/www.uel.br\/pos\/direitocivil\/pages\/arquivos\/Comunicados\/158_Dir%20Civil_14abril21_Edital%20Resultado%20-%20Retifica%C3%A7%C3%A3o.pdf\" target=\"_blank\"><\/a><\/td><td>Edital de Resultado<\/td><td><s>10\/03\/2021<\/s><\/td><td><s>10\/03\/2021<\/s>&nbsp;Alterado para: 06\/04\/2021<\/td><\/tr><tr><td class=\"has-text-align-center\" data-align=\"center\"><a href=\"http:\/\/www.uel.br\/pos\/direitocivil\/pages\/arquivos\/Comunicados\/158_Dir%20Civil_Comunicado%20de%20Matricula_2021.pdf\" target=\"_blank\" rel=\"noreferrer noopener\"><\/a><\/td><td>Comunicado de Matr\u00edcula<\/td><td><s>15\/03\/2021<\/s><\/td><td><s>15\/03\/2021<\/s>&nbsp;Alterado para: 07\/04\/2021<\/td><\/tr><tr><td class=\"has-text-align-center\" data-align=\"center\"><a href=\"http:\/\/www.uel.br\/pos\/direitocivil\/pages\/arquivos\/Comunicados\/158_Direito%20Civil%20-%20N%C3%BAmero%20de%20Matr%C3%ADcula.PDF\" target=\"_blank\" rel=\"noreferrer noopener\"><\/a><\/td><td>Divulga\u00e7\u00e3o do N\u00famero de Matr\u00edcula<\/td><td><s>15\/03\/2021<\/s><\/td><td><s>15\/03\/2021<\/s>&nbsp;Alterado para: 07\/04\/2021<\/td><\/tr><tr><td class=\"has-text-align-center\" data-align=\"center\">&nbsp;&nbsp;<\/td><td>Matr\u00edcula &#8211; Via Web e entrega de documentos pendentes<\/td><td><s>15\/03\/2021 a 19\/03\/2021<\/s><\/td><td><s>15\/03\/2021 a 19\/03\/202<\/s>&nbsp;Alterado para:07\/04\/2021 a 09\/04\/2021<\/td><\/tr><tr><td class=\"has-text-align-center\" data-align=\"center\">&nbsp;&nbsp;<\/td><td>Convoca\u00e7\u00e3o de suplente<\/td><td><s>22\/03\/2021 a 24\/03\/2021<\/s><\/td><td>\ufeff<s>22\/03\/2021 a 24\/03\/2021<\/s>Alterado para:12\/04\/2021 a 16\/04\/2021<\/td><\/tr><tr><td class=\"has-text-align-center\" data-align=\"center\">&nbsp;&nbsp;<\/td><td>Matr\u00edcula de suplente<\/td><td><s>22\/03\/2021 a 24\/03\/2021<\/s><\/td><td><s>22\/03\/2021 a 24\/03\/2021<\/s>&nbsp;Alterado para:12\/04\/2021 a 16\/04\/2021<\/td><\/tr><tr><td class=\"has-text-align-center\" data-align=\"center\">&nbsp;&nbsp;<\/td><td>In\u00edcio das Aulas<\/td><td><s>26\/03\/2021<\/s><\/td><td><s>26\/03\/2021<\/s>&nbsp;Alterado para: 16\/04\/2021<\/td><\/tr><tr><td class=\"has-text-align-center\" data-align=\"center\"><a href=\"https:\/\/pos.uel.br\/contabilidade\/wp-content\/uploads\/2022\/10\/159_20abril21_Edital-Cancela-devolucao-INSC-e-MAT-_2021.pdf\" data-type=\"URL\" data-id=\"https:\/\/pos.uel.br\/contabilidade\/wp-content\/uploads\/2022\/10\/159_20abril21_Edital-Cancela-devolucao-INSC-e-MAT-_2021.pdf\" target=\"_blank\" rel=\"noreferrer noopener\"><img decoding=\"async\" class=\"wp-image-412\" style=\"width: 25px\" src=\"https:\/\/pos.uel.br\/direitocivil\/wp-content\/uploads\/2022\/09\/paste_red1-e1663003698481.jpg\" alt=\"\"><\/a><\/td><td><strong>Edital de Cancelamento<\/strong>&nbsp;<strong>da oferta do Curso<\/strong>&nbsp;&#8211; Devolu\u00e7\u00e3o da taxa de Inscri\u00e7\u00e3o e Matr\u00edcula&nbsp;<\/td><td>20\/04\/2021 &#8211; 12h<\/td><td><\/td><\/tr><\/tbody><\/table><\/figure>\n\n\n\n<h5 class=\"wp-block-heading\">&nbsp;<\/h5>\n\n\n\n<h5 class=\"wp-block-heading\">&nbsp;<\/h5>\n","protected":false},"excerpt":{"rendered":"<p>Situa\u00e7\u00e3o do Processo:&nbsp;&nbsp;&nbsp;&nbsp;&nbsp;&nbsp;Conclu\u00eddo&nbsp;&nbsp;&nbsp;&nbsp;&nbsp;Em Andamento&nbsp;&nbsp;&nbsp;&nbsp;&nbsp;&nbsp;Aguardando&nbsp;&nbsp;&nbsp;&nbsp;&nbsp; DOC ATIVIDADES DATA \/PER\u00cdODO DE PUBLICA\u00c7\u00c3O SITUA\u00c7\u00c3O ATUAL Edital de Oferta \/ Inscri\u00e7\u00e3o 15\/10\/2020 &#8211; Edital de Prorroga\u00e7\u00e3o 23\/02\/2021 Publicado em 23\/02\/2021 Edital de Prorroga\u00e7\u00e3o (Retifica\u00e7\u00e3o) 28\/02\/2021 Publicado em 28\/02\/2021 Edital de Prorroga\u00e7\u00e3o 11\/03\/2021 Publicado em 11\/03\/2021 &nbsp;&nbsp; Inscri\u00e7\u00e3o online 26\/10\/2020 a 19\/02\/2021 Prorrogado at\u00e9 01\/03\/2021Prorrogado at\u00e9 26\/03\/2021 &#8211; 16h &nbsp;&nbsp; [&hellip;]<\/p>\n","protected":false},"author":9,"featured_media":0,"parent":59,"menu_order":0,"comment_status":"closed","ping_status":"closed","template":"","meta":{"_acf_changed":false,"_themeisle_gutenberg_block_has_review":false,"footnotes":""},"class_list":["post-230","page","type-page","status-publish","hentry"],"acf":[],"_links":{"self":[{"href":"https:\/\/pos.uel.br\/contabilidade\/wp-json\/wp\/v2\/pages\/230","targetHints":{"allow":["GET"]}}],"collection":[{"href":"https:\/\/pos.uel.br\/contabilidade\/wp-json\/wp\/v2\/pages"}],"about":[{"href":"https:\/\/pos.uel.br\/contabilidade\/wp-json\/wp\/v2\/types\/page"}],"author":[{"embeddable":true,"href":"https:\/\/pos.uel.br\/contabilidade\/wp-json\/wp\/v2\/users\/9"}],"replies":[{"embeddable":true,"href":"https:\/\/pos.uel.br\/contabilidade\/wp-json\/wp\/v2\/comments?post=230"}],"version-history":[{"count":4,"href":"https:\/\/pos.uel.br\/contabilidade\/wp-json\/wp\/v2\/pages\/230\/revisions"}],"predecessor-version":[{"id":515,"href":"https:\/\/pos.uel.br\/contabilidade\/wp-json\/wp\/v2\/pages\/230\/revisions\/515"}],"up":[{"embeddable":true,"href":"https:\/\/pos.uel.br\/contabilidade\/wp-json\/wp\/v2\/pages\/59"}],"wp:attachment":[{"href":"https:\/\/pos.uel.br\/contabilidade\/wp-json\/wp\/v2\/media?parent=230"}],"curies":[{"name":"wp","href":"https:\/\/api.w.org\/{rel}","templated":true}]}}