{"id":81,"date":"2025-07-30T11:15:42","date_gmt":"2025-07-30T14:15:42","guid":{"rendered":"https:\/\/pos.uel.br\/clinicapsicanalitica\/?page_id=81"},"modified":"2025-07-30T11:19:13","modified_gmt":"2025-07-30T14:19:13","slug":"estrutura-curricular","status":"publish","type":"page","link":"https:\/\/pos.uel.br\/clinicapsicanalitica\/estrutura-curricular\/","title":{"rendered":"Estrutura Curricular"},"content":{"rendered":"\n<p><strong>2 PEP 183 &#8211; Psican\u00e1lise I &nbsp; &nbsp; &nbsp; &nbsp; &nbsp;2cr 30h<\/strong><br>Hist\u00f3ria do movimento da psican\u00e1lise como sistema em psicologia, rumo \u00e0 uma concep\u00e7\u00e3o sobre personalidade. Teoria da t\u00e9cnica psicanal\u00edtica: catarse.&nbsp;<\/p>\n\n\n\n<p><strong>2 PEP 184 &#8211; Psican\u00e1lise II&nbsp; &nbsp; &nbsp; &nbsp; 2cr 30h<\/strong><br>De uma concep\u00e7\u00e3o prim\u00e1ria \u00e0 uma concep\u00e7\u00e3o topogr\u00e1fica da personalidade. Teoria da t\u00e9cnica psicanal\u00edtica: sugest\u00e3o em estado de vig\u00edlia, associa\u00e7\u00e3o livre.&nbsp;<\/p>\n\n\n\n<p><strong>2 PEP 185 &#8211; Psican\u00e1lise III&nbsp; &nbsp; &nbsp; &nbsp; 2cr 30h<\/strong><br>Da concep\u00e7\u00e3o topogr\u00e1fica \u00e0 uma concep\u00e7\u00e3o estrutural da personalidade. Teoria da t\u00e9cnica psicanal\u00edtica: associa\u00e7\u00e3o livre.<\/p>\n\n\n\n<p><strong>2 PEP 186 &#8211; Psican\u00e1lise IV&nbsp; &nbsp; &nbsp; &nbsp;2cr 30h<\/strong><br>A Segunda T\u00f3pica: teoria estrutural da personalidade (aspectos din\u00e2micos, econ\u00f4micos e estruturais). Teoria da t\u00e9cnica psicanal\u00edtica: associa\u00e7\u00e3o livre, neurose transferencial.<\/p>\n\n\n\n<p><strong>2 PEP 187 &#8211; Psican\u00e1lise V&nbsp; &nbsp; &nbsp; &nbsp; &nbsp;2cr 30h<\/strong><br>Teoria estrutural (inconsci\u00eancia, consci\u00eancia, realidade exterior e interior; elementos de psicopatologia psicanal\u00edtica). Teoria da t\u00e9cnica psicanal\u00edtica: livre associa\u00e7\u00e3o, neurose transferencial.<\/p>\n\n\n\n<p><strong>2 PEP 188 &#8211;&nbsp;Psican\u00e1lise VI&nbsp; &nbsp;&nbsp; &nbsp; &nbsp;2cr 30h<\/strong><br>Setting psicanal\u00edtico. Teoria da t\u00e9cnica psicanal\u00edtica: neurose transferencial.<\/p>\n\n\n\n<p><strong>2 PEP 189 &#8211;&nbsp;Psican\u00e1lise VII&nbsp; &nbsp; &nbsp; 2cr 30h<\/strong><br>A t\u00e9cnica psicanal\u00edtica de Sigmund Freud. &#8220;Angst&#8221; como o cerne de todas as significa\u00e7\u00f5es psicol\u00f3gicas. Teoria da t\u00e9cnica psicanal\u00edtica: neurose transferencial.<\/p>\n\n\n\n<p><strong>2 PEP 190 &#8211; T\u00f3picos de Pesquisa na Cl\u00ednica Psicanal\u00edtica&nbsp; &nbsp; &nbsp; &nbsp;2cr 30h<\/strong><br>Pesquisa em psican\u00e1lise.<\/p>\n\n\n\n<p><strong>2 PEP 197 &#8211; Supervis\u00e3o Cl\u00ednica I&nbsp; &nbsp; &nbsp; &nbsp; &nbsp; 3cr 45h<\/strong><br>Supervis\u00e3o cl\u00ednica dos atendimentos psicoter\u00e1picos, realizados pelos alunos do curso.<\/p>\n\n\n\n<p><strong>2 PEP 198 &#8211; Supervis\u00e3o Cl\u00ednica II &nbsp; &nbsp; &nbsp; &nbsp; &nbsp;3cr 45h<\/strong><br>Supervis\u00e3o cl\u00ednica dos atendimentos psicoter\u00e1picos, realizados pelos alunos do curso.<\/p>\n\n\n\n<p><strong>2 PEP 199 &#8211; Atendimento Cl\u00ednico I &nbsp; &nbsp; &nbsp; &nbsp; 2cr 30h<\/strong><br>Atendimento de pacientes crian\u00e7as, adolescentes e\/ou adultos em psicoterapia psicanal\u00edtica.<\/p>\n\n\n\n<p><strong>2 PEP 200 &#8211; Atendimento Cl\u00ednico II&nbsp; &nbsp; &nbsp; &nbsp;2 cr 30h<\/strong><br>Atendimento de pacientes crian\u00e7as, adolescentes e\/ou adultos em psicoterapia psicanal\u00edtica.<\/p>\n\n\n\n<p><strong>2 PEP 201 &#8211; Semin\u00e1rios sobre Casos Cl\u00ednicos&nbsp; &nbsp; &nbsp; &nbsp;2cr 30h<\/strong><br>Apresenta\u00e7\u00e3o de casos cl\u00ednicos pelos alunos do curso.<\/p>\n\n\n\n<div class=\"wp-block-columns is-layout-flex wp-container-core-columns-is-layout-9d6595d7 wp-block-columns-is-layout-flex\">\n<div class=\"wp-block-column is-layout-flow wp-block-column-is-layout-flow\"><\/div>\n<\/div>\n","protected":false},"excerpt":{"rendered":"<p>2 PEP 183 &#8211; Psican\u00e1lise I &nbsp; &nbsp; &nbsp; &nbsp; &nbsp;2cr 30hHist\u00f3ria do movimento da psican\u00e1lise como sistema em psicologia, rumo \u00e0 uma concep\u00e7\u00e3o sobre personalidade. Teoria da t\u00e9cnica psicanal\u00edtica: catarse.&nbsp; 2 PEP 184 &#8211; Psican\u00e1lise II&nbsp; &nbsp; &nbsp; &nbsp; 2cr 30hDe uma concep\u00e7\u00e3o prim\u00e1ria \u00e0 uma concep\u00e7\u00e3o topogr\u00e1fica da personalidade. Teoria da t\u00e9cnica psicanal\u00edtica: [&hellip;]<\/p>\n","protected":false},"author":7,"featured_media":0,"parent":0,"menu_order":0,"comment_status":"closed","ping_status":"closed","template":"","meta":{"_acf_changed":false,"_themeisle_gutenberg_block_has_review":false,"footnotes":""},"class_list":["post-81","page","type-page","status-publish","hentry"],"acf":[],"_links":{"self":[{"href":"https:\/\/pos.uel.br\/clinicapsicanalitica\/wp-json\/wp\/v2\/pages\/81","targetHints":{"allow":["GET"]}}],"collection":[{"href":"https:\/\/pos.uel.br\/clinicapsicanalitica\/wp-json\/wp\/v2\/pages"}],"about":[{"href":"https:\/\/pos.uel.br\/clinicapsicanalitica\/wp-json\/wp\/v2\/types\/page"}],"author":[{"embeddable":true,"href":"https:\/\/pos.uel.br\/clinicapsicanalitica\/wp-json\/wp\/v2\/users\/7"}],"replies":[{"embeddable":true,"href":"https:\/\/pos.uel.br\/clinicapsicanalitica\/wp-json\/wp\/v2\/comments?post=81"}],"version-history":[{"count":4,"href":"https:\/\/pos.uel.br\/clinicapsicanalitica\/wp-json\/wp\/v2\/pages\/81\/revisions"}],"predecessor-version":[{"id":86,"href":"https:\/\/pos.uel.br\/clinicapsicanalitica\/wp-json\/wp\/v2\/pages\/81\/revisions\/86"}],"wp:attachment":[{"href":"https:\/\/pos.uel.br\/clinicapsicanalitica\/wp-json\/wp\/v2\/media?parent=81"}],"curies":[{"name":"wp","href":"https:\/\/api.w.org\/{rel}","templated":true}]}}