{"id":374,"date":"2021-07-04T16:40:12","date_gmt":"2021-07-04T19:40:12","guid":{"rendered":"https:\/\/pos.uel.br\/cienciasdasaude\/?page_id=374"},"modified":"2025-07-01T11:16:19","modified_gmt":"2025-07-01T14:16:19","slug":"comissao-coordenadora","status":"publish","type":"page","link":"https:\/\/pos.uel.br\/cienciasdasaude\/comissao-coordenadora\/","title":{"rendered":"Comiss\u00e3o coordenadora e de bolsas"},"content":{"rendered":"\n<p class=\"has-primary-accent-color has-text-color has-medium-font-size\"><strong>2025-2027<\/strong><\/p>\n\n\n\n<p>COMISS\u00c3O COORDENADORA<\/p>\n\n\n\n<p>Profa. Dra. Rubia Casagrande (coordenadora)<\/p>\n\n\n\n<p>Prof. Dr. Marcelo Casella (vice-coordenador)<\/p>\n\n\n\n<p>Prof. Dr. Alexandre Carrilho<\/p>\n\n\n\n<p>Prof. Dr. Edilson Serpeloni Cyrino<\/p>\n\n\n\n<p>Prof. Dr. Silvio Henrique Maia de Almeida<\/p>\n\n\n\n<p>Prof. Dr. Waldiceu Verri Jr.<\/p>\n\n\n\n<p>COMISS\u00c3O DE BOLSAS<\/p>\n\n\n\n<p>Todos os docentes da comiss\u00e3o coordenadora<\/p>\n\n\n\n<hr class=\"wp-block-separator has-alpha-channel-opacity is-style-wide\" \/>\n\n\n\n<p class=\"has-primary-accent-color has-text-color has-medium-font-size\"><strong>2023-2025<\/strong><\/p>\n\n\n\n<p>COMISS\u00c3O COORDENADORA<\/p>\n\n\n\n<p>Profa. Dra. Rubia Casagrande (coordenadora)<\/p>\n\n\n\n<p>Profa. Dra. Estef\u00e2nia Gastaldello Moreira (vice-coordenadora)<\/p>\n\n\n\n<p>Prof. Dr. Alexandre Carrilho<\/p>\n\n\n\n<p>Prof. Dr. Edilson Serpeloni Cyrino<\/p>\n\n\n\n<p>Prof. Dr. Silvio Henrique Maia de Almeida<\/p>\n\n\n\n<p>Prof. Dr. Waldiceu Verri Jr.<\/p>\n\n\n\n<p>COMISS\u00c3O DE BOLSAS<\/p>\n\n\n\n<p>Todos os docentes da comiss\u00e3o coordenadora<\/p>\n\n\n\n<p>Soraia Mendes Pierotti (representante discente)<\/p>\n\n\n\n<hr class=\"wp-block-separator has-text-color has-secondary-text-color has-alpha-channel-opacity has-secondary-text-background-color has-background is-style-wide\" \/>\n\n\n\n<p class=\"has-primary-accent-color has-text-color has-medium-font-size\"><strong>2021-2023<\/strong><\/p>\n\n\n\n<p>Profa. Dra. Rubia Casagrande (coordenadora)<\/p>\n\n\n\n<p>Profa. Dra. C\u00edntia Grion (vice-coordenadora)<\/p>\n\n\n\n<p>Prof. Dr. C\u00e9lio Roberto Estanislau<\/p>\n\n\n\n<p>Prof. Dr. Edilson Serpeloni Cyrino<\/p>\n\n\n\n<p>Profa. Dra. Estef\u00e2nia Gastaldello Moreira<\/p>\n\n\n\n<p>Prof. Dr. Waldiceu Verri Jr. <\/p>\n\n\n\n<hr class=\"wp-block-separator has-text-color has-secondary-text-color has-css-opacity has-secondary-text-background-color has-background alignwide is-style-wide\" \/>\n\n\n\n<p class=\"has-primary-accent-color has-text-color has-medium-font-size\"><strong>2019-2021<\/strong><\/p>\n\n\n\n<p>Prof. Dr. Waldiceu Verri Jr. (coordenador)<\/p>\n\n\n\n<p>Profa. Dra. C\u00edntia Grion (vice-coordenadora)<\/p>\n\n\n\n<p>Prof. Dr. C\u00e9lio Roberto Estanislau<\/p>\n\n\n\n<p>Profa. Dra. Estef\u00e2nia Gastaldello Moreira<\/p>\n\n\n\n<p>Profa. Dra. Rubia Casagrande<\/p>\n\n\n\n<p>Prof. Dr. Silvio Henrique Maia de Almeida<\/p>\n\n\n\n<hr class=\"wp-block-separator has-text-color has-secondary-text-color has-css-opacity has-secondary-text-background-color has-background is-style-wide\" \/>\n\n\n\n<p class=\"has-primary-accent-color has-text-color has-medium-font-size\"><strong>2017-2019<\/strong><\/p>\n\n\n\n<p>Prof. Dr. Waldiceu Verri Jr. (coordenador)<\/p>\n\n\n\n<p>Profa. Dra. C\u00edntia Grion (vice-coordenadora)<\/p>\n\n\n\n<p>Prof. Dr. Alexandre Jos\u00e9 Faria Carrilho<\/p>\n\n\n\n<p>Prof. Dr. C\u00e9lio Roberto Estanislau<\/p>\n\n\n\n<p>Profa. Dra. Rubia Casagrande<\/p>\n\n\n\n<p>Prof. Dr. Silvio Henrique Maia de Almeida<\/p>\n\n\n\n<hr class=\"wp-block-separator has-css-opacity is-style-wide\" \/>\n\n\n\n<p class=\"has-primary-accent-color has-text-color has-medium-font-size\"><strong>2013-2017<\/strong><\/p>\n\n\n\n<p>Prof. Dr. D\u00e9cio Sabbatini Barbosa (coordenador)<\/p>\n\n\n\n<p>Profa. Dra. Estef\u00e2nia Gastaldello Moreira (vice-coordenadora)<\/p>\n\n\n\n<p>Prof. Dr. Alexandre Jos\u00e9 Faria Carrilho<\/p>\n\n\n\n<p>Prof. Dr. Rubia Casagrande<\/p>\n\n\n\n<p>Prof. Dr. Silvio Henrique Maia de Almeida<\/p>\n\n\n\n<p>Prof. Dr. Waldiceu Verri Jr.<\/p>\n\n\n\n<hr class=\"wp-block-separator has-css-opacity is-style-wide\" \/>\n\n\n\n<p class=\"has-primary-accent-color has-text-color has-medium-font-size\"><strong>2010-2013<\/strong><\/p>\n\n\n\n<p>Prof. Dr. D\u00e9cio Sabbatini Barbosa (coordenador)<\/p>\n\n\n\n<p>Profa. Dra. Estef\u00e2nia Gastaldello Moreira (vice-coordenadora)<\/p>\n\n\n\n<p>Prof. Dr. Alexandre Jos\u00e9 Faria Carrilho<\/p>\n\n\n\n<p>Profa. Dra. Ana Maria Bonametti<\/p>\n\n\n\n<p>Prof. Dr. Silvio Henrique Maia de Almeida<\/p>\n\n\n\n<p>Profa. Dra. Tiemi Matsuo<\/p>\n\n\n\n<hr class=\"wp-block-separator has-css-opacity is-style-wide\" \/>\n","protected":false},"excerpt":{"rendered":"<p>2025-2027 COMISS\u00c3O COORDENADORA Profa. Dra. Rubia Casagrande (coordenadora) Prof. Dr. Marcelo Casella (vice-coordenador) Prof. Dr. Alexandre Carrilho Prof. Dr. Edilson Serpeloni Cyrino Prof. Dr. Silvio Henrique Maia de Almeida Prof. Dr. Waldiceu Verri Jr. COMISS\u00c3O DE BOLSAS Todos os docentes da comiss\u00e3o coordenadora 2023-2025 COMISS\u00c3O COORDENADORA Profa. Dra. Rubia Casagrande (coordenadora) Profa. Dra. Estef\u00e2nia Gastaldello [&hellip;]<\/p>\n","protected":false},"author":9,"featured_media":0,"parent":0,"menu_order":0,"comment_status":"closed","ping_status":"closed","template":"","meta":{"_acf_changed":false,"footnotes":""},"class_list":["post-374","page","type-page","status-publish","hentry"],"acf":[],"_links":{"self":[{"href":"https:\/\/pos.uel.br\/cienciasdasaude\/wp-json\/wp\/v2\/pages\/374","targetHints":{"allow":["GET"]}}],"collection":[{"href":"https:\/\/pos.uel.br\/cienciasdasaude\/wp-json\/wp\/v2\/pages"}],"about":[{"href":"https:\/\/pos.uel.br\/cienciasdasaude\/wp-json\/wp\/v2\/types\/page"}],"author":[{"embeddable":true,"href":"https:\/\/pos.uel.br\/cienciasdasaude\/wp-json\/wp\/v2\/users\/9"}],"replies":[{"embeddable":true,"href":"https:\/\/pos.uel.br\/cienciasdasaude\/wp-json\/wp\/v2\/comments?post=374"}],"version-history":[{"count":10,"href":"https:\/\/pos.uel.br\/cienciasdasaude\/wp-json\/wp\/v2\/pages\/374\/revisions"}],"predecessor-version":[{"id":1311,"href":"https:\/\/pos.uel.br\/cienciasdasaude\/wp-json\/wp\/v2\/pages\/374\/revisions\/1311"}],"wp:attachment":[{"href":"https:\/\/pos.uel.br\/cienciasdasaude\/wp-json\/wp\/v2\/media?parent=374"}],"curies":[{"name":"wp","href":"https:\/\/api.w.org\/{rel}","templated":true}]}}

Comissão coordenadora e de bolsas

<p class="has-primary-accent-color has-text-color has-medium-font-size"><strong>2025-2027</strong></p>



<p>COMISSÃO COORDENADORA</p>



<p>Profa. Dra. Rubia Casagrande (coordenadora)</p>



<p>Prof. Dr. Marcelo Casella (vice-coordenador)</p>



<p>Prof. Dr. Alexandre Carrilho</p>



<p>Prof. Dr. Edilson Serpeloni Cyrino</p>



<p>Prof. Dr. Silvio Henrique Maia de Almeida</p>



<p>Prof. Dr. Waldiceu Verri Jr.</p>



<p>COMISSÃO DE BOLSAS</p>



<p>Todos os docentes da comissão coordenadora</p>



<hr class="wp-block-separator has-alpha-channel-opacity is-style-wide" />



<p class="has-primary-accent-color has-text-color has-medium-font-size"><strong>2023-2025</strong></p>



<p>COMISSÃO COORDENADORA</p>



<p>Profa. Dra. Rubia Casagrande (coordenadora)</p>



<p>Profa. Dra. Estefânia Gastaldello Moreira (vice-coordenadora)</p>



<p>Prof. Dr. Alexandre Carrilho</p>



<p>Prof. Dr. Edilson Serpeloni Cyrino</p>



<p>Prof. Dr. Silvio Henrique Maia de Almeida</p>



<p>Prof. Dr. Waldiceu Verri Jr.</p>



<p>COMISSÃO DE BOLSAS</p>



<p>Todos os docentes da comissão coordenadora</p>



<p>Soraia Mendes Pierotti (representante discente)</p>



<hr class="wp-block-separator has-text-color has-secondary-text-color has-alpha-channel-opacity has-secondary-text-background-color has-background is-style-wide" />



<p class="has-primary-accent-color has-text-color has-medium-font-size"><strong>2021-2023</strong></p>



<p>Profa. Dra. Rubia Casagrande (coordenadora)</p>



<p>Profa. Dra. Cíntia Grion (vice-coordenadora)</p>



<p>Prof. Dr. Célio Roberto Estanislau</p>



<p>Prof. Dr. Edilson Serpeloni Cyrino</p>



<p>Profa. Dra. Estefânia Gastaldello Moreira</p>



<p>Prof. Dr. Waldiceu Verri Jr. </p>



<hr class="wp-block-separator has-text-color has-secondary-text-color has-css-opacity has-secondary-text-background-color has-background alignwide is-style-wide" />



<p class="has-primary-accent-color has-text-color has-medium-font-size"><strong>2019-2021</strong></p>



<p>Prof. Dr. Waldiceu Verri Jr. (coordenador)</p>



<p>Profa. Dra. Cíntia Grion (vice-coordenadora)</p>



<p>Prof. Dr. Célio Roberto Estanislau</p>



<p>Profa. Dra. Estefânia Gastaldello Moreira</p>



<p>Profa. Dra. Rubia Casagrande</p>



<p>Prof. Dr. Silvio Henrique Maia de Almeida</p>



<hr class="wp-block-separator has-text-color has-secondary-text-color has-css-opacity has-secondary-text-background-color has-background is-style-wide" />



<p class="has-primary-accent-color has-text-color has-medium-font-size"><strong>2017-2019</strong></p>



<p>Prof. Dr. Waldiceu Verri Jr. (coordenador)</p>



<p>Profa. Dra. Cíntia Grion (vice-coordenadora)</p>



<p>Prof. Dr. Alexandre José Faria Carrilho</p>



<p>Prof. Dr. Célio Roberto Estanislau</p>



<p>Profa. Dra. Rubia Casagrande</p>



<p>Prof. Dr. Silvio Henrique Maia de Almeida</p>



<hr class="wp-block-separator has-css-opacity is-style-wide" />



<p class="has-primary-accent-color has-text-color has-medium-font-size"><strong>2013-2017</strong></p>



<p>Prof. Dr. Décio Sabbatini Barbosa (coordenador)</p>



<p>Profa. Dra. Estefânia Gastaldello Moreira (vice-coordenadora)</p>



<p>Prof. Dr. Alexandre José Faria Carrilho</p>



<p>Prof. Dr. Rubia Casagrande</p>



<p>Prof. Dr. Silvio Henrique Maia de Almeida</p>



<p>Prof. Dr. Waldiceu Verri Jr.</p>



<hr class="wp-block-separator has-css-opacity is-style-wide" />



<p class="has-primary-accent-color has-text-color has-medium-font-size"><strong>2010-2013</strong></p>



<p>Prof. Dr. Décio Sabbatini Barbosa (coordenador)</p>



<p>Profa. Dra. Estefânia Gastaldello Moreira (vice-coordenadora)</p>



<p>Prof. Dr. Alexandre José Faria Carrilho</p>



<p>Profa. Dra. Ana Maria Bonametti</p>



<p>Prof. Dr. Silvio Henrique Maia de Almeida</p>



<p>Profa. Dra. Tiemi Matsuo</p>



<hr class="wp-block-separator has-css-opacity is-style-wide" />

<p>2025-2027 COMISSÃO COORDENADORA Profa. Dra. Rubia Casagrande (coordenadora) Prof. Dr. Marcelo Casella (vice-coordenador) Prof. Dr. Alexandre Carrilho Prof. Dr. Edilson Serpeloni Cyrino Prof. Dr. Silvio Henrique Maia de Almeida Prof. Dr. Waldiceu Verri Jr. COMISSÃO DE BOLSAS Todos os docentes da comissão coordenadora 2023-2025 COMISSÃO COORDENADORA Profa. Dra. Rubia Casagrande (coordenadora) Profa. Dra. Estefânia Gastaldello [&hellip;]</p>
