{"id":79,"date":"2021-05-16T11:47:31","date_gmt":"2021-05-16T14:47:31","guid":{"rendered":"https:\/\/pos.uel.br\/cienciaanimal\/?page_id=79"},"modified":"2022-02-14T16:28:35","modified_gmt":"2022-02-14T19:28:35","slug":"pesquisa","status":"publish","type":"page","link":"https:\/\/pos.uel.br\/cienciaanimal\/pesquisa\/","title":{"rendered":"Pesquisa"},"content":{"rendered":"\n<h4 class=\"is-style-highlighted-heading wp-block-heading\" id=\"departamento-de-clinicas-veterinarias-vet\"><a rel=\"noreferrer noopener\" href=\"https:\/\/www.sistemasweb.uel.br\/index.php?contents=system\/prj\/pes\/index.php&amp;pagina=pes_qry_departamento3.php&amp;p_cod_centro=07000000&amp;p_cod_depto=07040000\" target=\"_blank\"><span class=\"has-inline-color has-secondary-accent-color\">Departamento de Cl\u00ednicas Veterin\u00e1rias (VET)<\/span><\/a><\/h4>\n\n\n\n<p><\/p>\n\n\n\n<h4 class=\"is-style-highlighted-heading wp-block-heading\" id=\"departamento-de-medicina-veterinaria-preventiva-dmvp\"><a rel=\"noreferrer noopener\" href=\"https:\/\/www.sistemasweb.uel.br\/index.php?contents=system\/prj\/pes\/index.php&amp;pagina=pes_qry_departamento3.php&amp;p_cod_centro=07000000&amp;p_cod_depto=07060000\" target=\"_blank\"><span class=\"has-inline-color has-secondary-accent-color\">Departamento de Medicina Veterin\u00e1ria Preventiva (DMVP)<\/span><\/a><\/h4>\n","protected":false},"excerpt":{"rendered":"<p>Departamento de Cl\u00ednicas Veterin\u00e1rias (VET) Departamento de Medicina Veterin\u00e1ria Preventiva (DMVP)<\/p>\n","protected":false},"author":1,"featured_media":0,"parent":0,"menu_order":0,"comment_status":"closed","ping_status":"closed","template":"","meta":{"_acf_changed":false,"footnotes":""},"class_list":["post-79","page","type-page","status-publish","hentry"],"acf":[],"_links":{"self":[{"href":"https:\/\/pos.uel.br\/cienciaanimal\/wp-json\/wp\/v2\/pages\/79","targetHints":{"allow":["GET"]}}],"collection":[{"href":"https:\/\/pos.uel.br\/cienciaanimal\/wp-json\/wp\/v2\/pages"}],"about":[{"href":"https:\/\/pos.uel.br\/cienciaanimal\/wp-json\/wp\/v2\/types\/page"}],"author":[{"embeddable":true,"href":"https:\/\/pos.uel.br\/cienciaanimal\/wp-json\/wp\/v2\/users\/1"}],"replies":[{"embeddable":true,"href":"https:\/\/pos.uel.br\/cienciaanimal\/wp-json\/wp\/v2\/comments?post=79"}],"version-history":[{"count":5,"href":"https:\/\/pos.uel.br\/cienciaanimal\/wp-json\/wp\/v2\/pages\/79\/revisions"}],"predecessor-version":[{"id":404,"href":"https:\/\/pos.uel.br\/cienciaanimal\/wp-json\/wp\/v2\/pages\/79\/revisions\/404"}],"wp:attachment":[{"href":"https:\/\/pos.uel.br\/cienciaanimal\/wp-json\/wp\/v2\/media?parent=79"}],"curies":[{"name":"wp","href":"https:\/\/api.w.org\/{rel}","templated":true}]}}