{"id":434,"date":"2022-03-03T09:49:35","date_gmt":"2022-03-03T12:49:35","guid":{"rendered":"https:\/\/pos.uel.br\/cienciaanimal\/?page_id=434"},"modified":"2022-03-03T09:49:36","modified_gmt":"2022-03-03T12:49:36","slug":"aplicacion-a-los-cursos","status":"publish","type":"page","link":"https:\/\/pos.uel.br\/cienciaanimal\/es\/aplicacion-a-los-cursos\/","title":{"rendered":"Aplicaci\u00f3n a los cursos"},"content":{"rendered":"\n<p>La selecci\u00f3n se suele realizar a finales de a\u00f1o. Las fechas deben ser revisadas de acuerdo al aviso de selecci\u00f3n.<br>El candidato deber\u00e1 seguir los actos relacionados con el proceso de selecci\u00f3n disponibles en el sitio web del Programa (http:\/\/www.uel.br\/pos\/ciencia_animal\/), oblig\u00e1ndose a cumplir con los plazos y condiciones establecidos en este aviso p\u00fablico y a aquellos revelado durante el proceso de selecci\u00f3n.<\/p>\n\n\n\n<p>Maestr\u00eda<\/p>\n\n\n\n<p>a) formulario de inscripci\u00f3n cumplimentado, disponible en: http:\/\/www.uel.br\/proppg\/portalnovo\/pages\/inscricoes-programas-cursos\/inscricoes-por-nivel.php;<\/p>\n\n\n\n<p>b) comprobante de pago de la tasa de registro p\u00fablico correspondiente al monto de R $ 162,00 (ciento sesenta y dos reales) &#8211; s\u00f3lo en Caixa Econ\u00f4mica Federal, seg\u00fan se especifica en la convocatoria;<\/p>\n\n\n\n<p>c) Los solicitantes extranjeros deben presentar: 1. copia del pasaporte; 2. copia certificada del anverso y reverso del diploma de graduaci\u00f3n (idioma de origen); 3. copia certificada de la traducci\u00f3n jurada del diploma de graduaci\u00f3n; 4. copia certificada del acta de nacimiento o matrimonio (idioma original); 5. copia certificada de la traducci\u00f3n jurada del Acta de Nacimiento o Matrimonio; 6. copia del CPF; 7. visa actualizada para permanecer en el pa\u00eds.<\/p>\n\n\n\n<p>* Si el candidato a\u00fan no tiene el diploma, deber\u00e1 presentar un certificado de graduaci\u00f3n. Si a\u00fan asiste a la graduaci\u00f3n, debe presentar un certificado que demuestre que est\u00e1 inscrito en el \u00faltimo a\u00f1o de graduaci\u00f3n y que se espera que haya completado al comienzo del per\u00edodo acad\u00e9mico);<\/p>\n\n\n\n<p>d) Curr\u00edculo de Lattes documentado; Formulario de evaluaci\u00f3n del plan de estudios de Lattes completamente completado (modelo disponible en CNPq https:\/\/wwws.cnpq.br\/cvlattesweb\/pkg_cv_estr.inicio);<\/p>\n\n\n\n<p>e) anteproyecto del m\u00e1ster;<\/p>\n\n\n\n<p>Atenci\u00f3n: El candidato que presente un documento distinto al diploma debe ser consciente de que, de ser aprobado en el proceso de selecci\u00f3n, deber\u00e1 presentar, en el momento de la inscripci\u00f3n, un documento acreditativo en el que se indique la fecha de finalizaci\u00f3n del curso (d\u00eda \/ mes \/ a\u00f1o) debe ser antes de matricularse en la UEL, sin lo cual no podr\u00e1 matricularse y perder\u00e1 el derecho a una plaza, sin devoluci\u00f3n del precio p\u00fablico de la matr\u00edcula.<\/p>\n\n\n\n<p>Doctorado<\/p>\n\n\n\n<p>a) formulario de inscripci\u00f3n cumplimentado, disponible en: http:\/\/www.uel.br\/proppg\/portalnovo\/pages\/inscricoes-programas-cursos\/inscricoes-por-nivel.php;<\/p>\n\n\n\n<p>b) comprobante de pago de la tasa de registro p\u00fablico correspondiente al monto de R $ 162,00 (ciento sesenta y dos reales) &#8211; s\u00f3lo en Caixa Econ\u00f4mica Federal, seg\u00fan se especifica en el Boleto;<\/p>\n\n\n\n<p>c) Los solicitantes extranjeros deben presentar: 1. copia del pasaporte; 2. copia certificada de anverso y reverso del diploma de graduaci\u00f3n (el idioma de origen); 3. copia certificada de la traducci\u00f3n jurada del diploma de graduaci\u00f3n; 4. copia certificada del acta de nacimiento o matrimonio (idioma original); 5. copia certificada de la traducci\u00f3n jurada del Acta de Nacimiento o Matrimonio; 6. copia del CPF; 7. visa actualizada para permanecer en el pa\u00eds.<\/p>\n\n\n\n<p>* Si el candidato a\u00fan no tiene el diploma, deber\u00e1 presentar un certificado de graduaci\u00f3n. Si a\u00fan asiste a la graduaci\u00f3n, debe presentar un certificado que demuestre que est\u00e1 inscrito en el \u00faltimo a\u00f1o de graduaci\u00f3n y que se espera que haya completado al comienzo del per\u00edodo acad\u00e9mico);<\/p>\n\n\n\n<p>d) Curr\u00edculo de Lattes documentado, Formulario de evaluaci\u00f3n del curr\u00edculo de Lattes debidamente completado (modelo disponible en Formularios en el sitio web del Programa: uel.br\/pos\/ciencia_animal);<\/p>\n\n\n\n<p>e) anteproyecto de tesis;<\/p>\n\n\n\n<p>Atenci\u00f3n: El candidato que presente un documento que acredite la finalizaci\u00f3n de la graduaci\u00f3n diferente al diploma debe ser consciente de que, de ser aprobado en el proceso de selecci\u00f3n, deber\u00e1 presentar, al momento de la inscripci\u00f3n, un documento acreditativo en el que se indique la fecha de finalizaci\u00f3n del El curso (d\u00eda \/ mes \/ a\u00f1o) debe ser previo a la matr\u00edcula en la UEL, sin la cual no podr\u00e1s matricularte y perder\u00e1s el derecho a la plaza, sin devoluci\u00f3n del valor del precio p\u00fablico de la matr\u00edcula.<\/p>\n\n\n\n<p>Maestr\u00eda y Doctorado<\/p>\n\n\n\n<p>\u2022 Para la selecci\u00f3n a nivel de M\u00e1ster, ser\u00e1 necesario presentar un Plan de Trabajo para el desarrollo de la tesis que se ajuste a una de las L\u00edneas de Investigaci\u00f3n del Programa. El plan debe estar elaborado en un m\u00e1ximo de cuatro a cinco p\u00e1ginas, las cuales deben incluir los datos.<\/p>\n\n\n\n<p>* Para su aprobaci\u00f3n en el proceso de selecci\u00f3n, el candidato debe alcanzar una puntuaci\u00f3n promedio igual o superior a 6.0 (seis) resultante de las evaluaciones descritas anteriormente.<\/p>\n\n\n\n<p>En caso de duda, cont\u00e1ctenos a trav\u00e9s del correo electr\u00f3nico: ciencianimal@uel.br o al tel\u00e9fono: +55 43 3371-4709.<\/p>\n","protected":false},"excerpt":{"rendered":"<p>La selecci\u00f3n se suele realizar a finales de a\u00f1o. Las fechas deben ser revisadas de acuerdo al aviso de selecci\u00f3n.El candidato deber\u00e1 seguir los actos relacionados con el proceso de selecci\u00f3n disponibles en el sitio web del Programa (http:\/\/www.uel.br\/pos\/ciencia_animal\/), oblig\u00e1ndose a cumplir con los plazos y condiciones establecidos en este aviso p\u00fablico y a aquellos [&hellip;]<\/p>\n","protected":false},"author":10,"featured_media":0,"parent":0,"menu_order":0,"comment_status":"closed","ping_status":"closed","template":"","meta":{"_acf_changed":false,"footnotes":""},"class_list":["post-434","page","type-page","status-publish","hentry"],"acf":[],"_links":{"self":[{"href":"https:\/\/pos.uel.br\/cienciaanimal\/wp-json\/wp\/v2\/pages\/434","targetHints":{"allow":["GET"]}}],"collection":[{"href":"https:\/\/pos.uel.br\/cienciaanimal\/wp-json\/wp\/v2\/pages"}],"about":[{"href":"https:\/\/pos.uel.br\/cienciaanimal\/wp-json\/wp\/v2\/types\/page"}],"author":[{"embeddable":true,"href":"https:\/\/pos.uel.br\/cienciaanimal\/wp-json\/wp\/v2\/users\/10"}],"replies":[{"embeddable":true,"href":"https:\/\/pos.uel.br\/cienciaanimal\/wp-json\/wp\/v2\/comments?post=434"}],"version-history":[{"count":1,"href":"https:\/\/pos.uel.br\/cienciaanimal\/wp-json\/wp\/v2\/pages\/434\/revisions"}],"predecessor-version":[{"id":435,"href":"https:\/\/pos.uel.br\/cienciaanimal\/wp-json\/wp\/v2\/pages\/434\/revisions\/435"}],"wp:attachment":[{"href":"https:\/\/pos.uel.br\/cienciaanimal\/wp-json\/wp\/v2\/media?parent=434"}],"curies":[{"name":"wp","href":"https:\/\/api.w.org\/{rel}","templated":true}]}}