{"id":427,"date":"2022-03-03T09:48:57","date_gmt":"2022-03-03T12:48:57","guid":{"rendered":"https:\/\/pos.uel.br\/cienciaanimal\/?page_id=427"},"modified":"2025-06-15T11:35:18","modified_gmt":"2025-06-15T14:35:18","slug":"el-programa","status":"publish","type":"page","link":"https:\/\/pos.uel.br\/cienciaanimal\/es\/el-programa\/","title":{"rendered":"El programa"},"content":{"rendered":"\n<p>El Programa de Postgrado en Ciencias de la Sanidad Animal, en los t\u00edtulos de M\u00e1ster y Doctorado, tiene como objetivo general la formaci\u00f3n de recursos humanos en el \u00e1rea de Ciencias Agrarias, en particular para el desarrollo de la investigaci\u00f3n en Sanidad y Producci\u00f3n Animal. El Programa tiene como objetivos espec\u00edficos la cualificaci\u00f3n y formaci\u00f3n de profesionales para la investigaci\u00f3n cient\u00edfica y t\u00e9cnica en dos \u00e1reas de concentraci\u00f3n:<\/p>\n\n\n\n<p>1. Sanidad animal:<\/p>\n\n\n\n<p>En este \u00e1mbito, se abordan principalmente los siguientes temas:<\/p>\n\n\n\n<p>i) Prevenci\u00f3n de la salud animal; ii) Diagn\u00f3stico, tratamiento, control y profilaxis de enfermedades infecciosas, parasitarias, deficientes y metab\u00f3licas de importancia en Medicina Veterinaria; iii) Evaluaci\u00f3n antig\u00e9nica y molecular de microorganismos de inter\u00e9s en Sanidad Animal; iv) Salud P\u00fablica Veterinaria, mediante el estudio de las zoonosis y el control de la calidad microbiol\u00f3gica y los residuos en la cadena de producci\u00f3n de alimentos de origen animal; v) Cirug\u00eda Cl\u00ednica y Veterinaria, mediante el desarrollo y \/ o mejora del tratamiento cl\u00ednico y t\u00e9cnicas quir\u00fargicas, anest\u00e9sicas y diagn\u00f3sticas.<\/p>\n\n\n\n<p>2. Producci\u00f3n animal:<\/p>\n\n\n\n<p>En este \u00e1mbito, se abordan principalmente los siguientes temas:<\/p>\n\n\n\n<p>i) Manejo zoot\u00e9cnico; ii) Nutrici\u00f3n animal; iii) Alimentos y piensos iv) Bienestar animal; yv) Biotecnolog\u00edas de reproducci\u00f3n aplicadas a las principales especies animales de inter\u00e9s econ\u00f3mico.<\/p>\n\n\n\n<p>El prop\u00f3sito del programa es ofrecer al mercado laboral profesionales calificados para trabajar en instituciones p\u00fablicas y privadas de educaci\u00f3n, investigaci\u00f3n y desarrollo, y en los campos de la protecci\u00f3n de la salud animal, la salud p\u00fablica veterinaria, la producci\u00f3n animal y la reproducci\u00f3n. Para ello, el estudiante de posgrado, a trav\u00e9s de un plan de estudios, trabajos pr\u00e1cticos realizados en laboratorios y de campo, y actividades extracurriculares tendr\u00e1 la oportunidad de ejercer.<\/p>\n\n\n\n<div style=\"height:40px\" aria-hidden=\"true\" class=\"wp-block-spacer\"><\/div>\n\n\n\n<p class=\"has-text-align-center has-medium-font-size\"><a href=\"https:\/\/pos.uel.br\/cienciaanimal\/wp-content\/uploads\/2025\/06\/Regimento-PPG-Ciencia-Animal-Res-CEPE-134-2017-ESPANHOL.pdf\" data-type=\"attachment\" data-id=\"1925\" target=\"_blank\" rel=\"noreferrer noopener\">RESOLUCI\u00d3N CEPE N\u00ba 134\/2017<\/a><\/p>\n\n\n\n<p class=\"has-text-align-center has-medium-font-size\"><a href=\"https:\/\/pos.uel.br\/cienciaanimal\/wp-content\/uploads\/2025\/06\/Reest-Progr-Ciencia-Animal-2018-Delib-26-2017-ESPANHOL.pdf\" data-type=\"attachment\" data-id=\"1924\" target=\"_blank\" rel=\"noreferrer noopener\">RESOLUCI\u00d3N &#8211; Junta PPG Stricto Sensu N\u00b0 26\/2017<\/a><\/p>\n\n\n\n<div style=\"height:40px\" aria-hidden=\"true\" class=\"wp-block-spacer\"><\/div>\n\n\n\n<p><strong>Contato<\/strong><\/p>\n\n\n\n<p><a href=\"mailto:ciencianimal@uel.br\">ciencianimal@uel.br&nbsp;<\/a>, telefone +55 43 3371-4709 (secretaria)<\/p>\n\n\n\n<p>Coordenador: Prof. Jo\u00e3o Luis Garcia, email: jlgarcia@uel.br, +55 43 3371-4765<\/p>\n","protected":false},"excerpt":{"rendered":"<p>El Programa de Postgrado en Ciencias de la Sanidad Animal, en los t\u00edtulos de M\u00e1ster y Doctorado, tiene como objetivo general la formaci\u00f3n de recursos humanos en el \u00e1rea de Ciencias Agrarias, en particular para el desarrollo de la investigaci\u00f3n en Sanidad y Producci\u00f3n Animal. El Programa tiene como objetivos espec\u00edficos la cualificaci\u00f3n y formaci\u00f3n [&hellip;]<\/p>\n","protected":false},"author":10,"featured_media":0,"parent":0,"menu_order":0,"comment_status":"closed","ping_status":"closed","template":"","meta":{"_acf_changed":false,"footnotes":""},"class_list":["post-427","page","type-page","status-publish","hentry"],"acf":[],"_links":{"self":[{"href":"https:\/\/pos.uel.br\/cienciaanimal\/wp-json\/wp\/v2\/pages\/427","targetHints":{"allow":["GET"]}}],"collection":[{"href":"https:\/\/pos.uel.br\/cienciaanimal\/wp-json\/wp\/v2\/pages"}],"about":[{"href":"https:\/\/pos.uel.br\/cienciaanimal\/wp-json\/wp\/v2\/types\/page"}],"author":[{"embeddable":true,"href":"https:\/\/pos.uel.br\/cienciaanimal\/wp-json\/wp\/v2\/users\/10"}],"replies":[{"embeddable":true,"href":"https:\/\/pos.uel.br\/cienciaanimal\/wp-json\/wp\/v2\/comments?post=427"}],"version-history":[{"count":9,"href":"https:\/\/pos.uel.br\/cienciaanimal\/wp-json\/wp\/v2\/pages\/427\/revisions"}],"predecessor-version":[{"id":1933,"href":"https:\/\/pos.uel.br\/cienciaanimal\/wp-json\/wp\/v2\/pages\/427\/revisions\/1933"}],"wp:attachment":[{"href":"https:\/\/pos.uel.br\/cienciaanimal\/wp-json\/wp\/v2\/media?parent=427"}],"curies":[{"name":"wp","href":"https:\/\/api.w.org\/{rel}","templated":true}]}}