{"id":179,"date":"2021-07-16T20:13:59","date_gmt":"2021-07-16T23:13:59","guid":{"rendered":"https:\/\/pos.uel.br\/cienciaanimal\/?page_id=179"},"modified":"2023-04-03T17:18:36","modified_gmt":"2023-04-03T20:18:36","slug":"aproveitamento-de-creditos","status":"publish","type":"page","link":"https:\/\/pos.uel.br\/cienciaanimal\/aproveitamento-de-creditos\/","title":{"rendered":"Aproveitamento de Cr\u00e9ditos"},"content":{"rendered":"\n<p><strong>RESOLU\u00c7\u00c3O CEPE N\u00ba 026\/2017<\/strong><\/p>\n\n\n\n<h6 class=\"wp-block-heading\"><strong>Reestrutura o Programa de P\u00f3s-Gradua\u00e7\u00e3o em Ci\u00eancia Animal, nos n\u00edveis de Mestrado e Doutorado, com as \u00e1reas de concentra\u00e7\u00e3o em Sanidade Animal e em Produ\u00e7\u00e3o Animal.<\/strong><\/h6>\n\n\n\n<figure class=\"wp-block-table\"><table><tbody><tr><td>Art. 3\u00ba<\/td><td>Para conclus\u00e3o dos n\u00edveis de Mestrado e Doutorado o aluno dever\u00e1 completar a carga hor\u00e1ria e os cr\u00e9ditos distribu\u00eddos da forma que segue:  I) &nbsp;<strong>Para o Mestrado<\/strong>&nbsp;o aluno dever\u00e1 completar&nbsp; 64 (sessenta e quatro) cr\u00e9ditos correspondentes a 960 (novecentos e sessenta) horas, assim distribu\u00eddos:   a) 7 (sete) cr\u00e9ditos em disciplinas do n\u00facleo comum; b) &nbsp;no m\u00ednimo 13 (treze) cr\u00e9ditos em disciplinas Optativas do Programa, podendo os 4 (quatro) cr\u00e9ditos restantes serem cumpridos em outros Programas com validade nacional; c)  40 (quarenta) cr\u00e9ditos em disserta\u00e7\u00e3o. II) &nbsp;&nbsp;<strong>Para o Doutorado<\/strong>&nbsp;o aluno dever\u00e1 completar 160&nbsp; (cento e sessenta) cr\u00e9ditos, correspondentes a 2.400 (duas mil e quatrocentas) horas, assim distribu\u00eddos :a) 08 (oito) cr\u00e9ditos em disciplinas do n\u00facleo comum; b)&nbsp; no m\u00ednimo 26 (vinte e seis) cr\u00e9ditos em disciplinas Optativas do Programa, podendo os 6 (seis) cr\u00e9ditos restantes serem cumpridos em outros Programas de P\u00f3s-Gradua\u00e7\u00e3o com validade nacional;  c) &nbsp;120 (cento e vinte) cr\u00e9ditos em Tese.<\/td><\/tr><\/tbody><\/table><\/figure>\n\n\n\n<figure class=\"wp-block-table\"><table><tbody><tr><td>Art. 5<sup>o<\/sup><\/td><td>Dos 40 (quarenta) cr\u00e9ditos em disciplinas do Doutorado poder\u00e3o ser convalidados 50% dos cr\u00e9ditos de disciplinas provenientes do Mestrado em Ci\u00eancia Animal da UEL ou de outros programas de p\u00f3s-gradua\u00e7\u00e3o&nbsp;<em>stricto sensu<\/em>&nbsp;com validade nacional, desde que aprovados pela Comiss\u00e3o Coordenadora do Programa.<\/td><\/tr><\/tbody><\/table><\/figure>\n\n\n\n<h6 class=\"wp-block-heading\">Par\u00e1grafo \u00fanico. O bolsista da Funda\u00e7\u00e3o CAPES\/MEC dever\u00e1 completar, ainda, para o mestrado 2 (dois), e para o Doutorado&nbsp; 04 (quatro) cr\u00e9ditos referente \u00e0 disciplina de Est\u00e1gio de Doc\u00eancia na Gradua\u00e7\u00e3o<\/h6>\n\n\n\n<h6 class=\"wp-block-heading\">Par\u00e1grafo \u00fanico. Para o Doutorado poder\u00e3o ser convalidados os cr\u00e9ditos de Mestrado, exceto \u00e0 disciplina 2PIV 451 \u2013 Semin\u00e1rios em Ci\u00eancia Animal I (Mestrado).<\/h6>\n\n\n\n<figure class=\"wp-block-table\"><table><tbody><tr><td>Art. 6<sup>o<\/sup><\/td><td>Poder\u00e1 ser concedida equival\u00eancia de cr\u00e9ditos obtidos em outros programas de p\u00f3s-gradua\u00e7\u00e3o&nbsp;<em>stricto sensu<\/em>&nbsp;recomendados at\u00e9 o limite m\u00e1ximo de 50% (cinquenta por cento) do n\u00famero m\u00ednimo de cr\u00e9ditos exigidos.<\/td><\/tr><\/tbody><\/table><\/figure>\n","protected":false},"excerpt":{"rendered":"<p>RESOLU\u00c7\u00c3O CEPE N\u00ba 026\/2017 Reestrutura o Programa de P\u00f3s-Gradua\u00e7\u00e3o em Ci\u00eancia Animal, nos n\u00edveis de Mestrado e Doutorado, com as \u00e1reas de concentra\u00e7\u00e3o em Sanidade Animal e em Produ\u00e7\u00e3o Animal. Art. 3\u00ba Para conclus\u00e3o dos n\u00edveis de Mestrado e Doutorado o aluno dever\u00e1 completar a carga hor\u00e1ria e os cr\u00e9ditos distribu\u00eddos da forma que segue: [&hellip;]<\/p>\n","protected":false},"author":10,"featured_media":0,"parent":0,"menu_order":0,"comment_status":"closed","ping_status":"closed","template":"","meta":{"_acf_changed":false,"footnotes":""},"class_list":["post-179","page","type-page","status-publish","hentry"],"acf":[],"_links":{"self":[{"href":"https:\/\/pos.uel.br\/cienciaanimal\/wp-json\/wp\/v2\/pages\/179","targetHints":{"allow":["GET"]}}],"collection":[{"href":"https:\/\/pos.uel.br\/cienciaanimal\/wp-json\/wp\/v2\/pages"}],"about":[{"href":"https:\/\/pos.uel.br\/cienciaanimal\/wp-json\/wp\/v2\/types\/page"}],"author":[{"embeddable":true,"href":"https:\/\/pos.uel.br\/cienciaanimal\/wp-json\/wp\/v2\/users\/10"}],"replies":[{"embeddable":true,"href":"https:\/\/pos.uel.br\/cienciaanimal\/wp-json\/wp\/v2\/comments?post=179"}],"version-history":[{"count":6,"href":"https:\/\/pos.uel.br\/cienciaanimal\/wp-json\/wp\/v2\/pages\/179\/revisions"}],"predecessor-version":[{"id":984,"href":"https:\/\/pos.uel.br\/cienciaanimal\/wp-json\/wp\/v2\/pages\/179\/revisions\/984"}],"wp:attachment":[{"href":"https:\/\/pos.uel.br\/cienciaanimal\/wp-json\/wp\/v2\/media?parent=179"}],"curies":[{"name":"wp","href":"https:\/\/api.w.org\/{rel}","templated":true}]}}