{"id":154,"date":"2021-07-15T19:57:23","date_gmt":"2021-07-15T22:57:23","guid":{"rendered":"https:\/\/pos.uel.br\/cienciaanimal\/?page_id=154"},"modified":"2025-07-28T17:07:06","modified_gmt":"2025-07-28T20:07:06","slug":"aluno-especial","status":"publish","type":"page","link":"https:\/\/pos.uel.br\/cienciaanimal\/aluno-especial\/","title":{"rendered":"Estudante Especial"},"content":{"rendered":"\n<p><em><strong><mark class=\"has-inline-color has-primary-accent-color\"><a rel=\"noreferrer noopener\" href=\"https:\/\/pos.uel.br\/cienciaanimal\/wp-content\/uploads\/2023\/03\/RegulamentoStrictosensu-2016-2-CEPE-37-2016.pdf\" target=\"_blank\">RESOLU\u00c7\u00c3O CEPE N\u00ba 037\/2016<\/a><\/mark><\/strong><\/em><\/p>\n\n\n\n<p>Altera o Regulamento dos Programas de P\u00f3s- Gradua\u00e7\u00e3o Stricto sensu da Universidade Estadual de Londrina.<\/p>\n\n\n\n<figure class=\"wp-block-table is-style-stripes\"><table><tbody><tr><td>Art. 26<\/td><td>Os estudantes matriculados ser\u00e3o classificados nas seguintes categorias, de acordo com o Regimento Geral: <br>l. <strong>estudante regular<\/strong>: aprovado e classificado no exame de sele\u00e7\u00e3o, matriculado no Programa de Mestrado ou Doutorado, com obedi\u00eancia a todos os requisitos necess\u00e1rios \u00e0 obten\u00e7\u00e3o dos t\u00edtulos correspondentes. <br>ll. <strong>estudante especial:<\/strong> matriculado em disciplinas isoladas do Programa de Mestrado ou Doutorado, definidas pela Coordena\u00e7\u00e3o e ouvido o docente respons\u00e1vel pela disciplina antes do per\u00edodo de inscri\u00e7\u00e3o e divulgadas com anteced\u00eancia pela Pr\u00f3-Reitoria de Pesquisa e P\u00f3s- Gradua\u00e7\u00e3o.<\/td><\/tr><tr><td>Art. 27<\/td><td><strong>Estudantes matriculados em Programas de P\u00f3s-Gradua\u00e7\u00e3o Stricto sensu de outras Institui\u00e7\u00f5es<\/strong>, devidamente reconhecidos pela CAPES, poder\u00e3o cursar disciplinas como estudante especial, ofertadas a qualquer momento no per\u00edodo letivo pelos Programas da UEL, desde que sejam autorizados pelo docente respons\u00e1vel da disciplina e pelo Coordenador do Programa e atendam aos seguintes procedimentos:<br>l. preenchimento do requerimento fornecido pela PROPPG; <strong><a href=\"https:\/\/pos.uel.br\/cienciaanimal\/wp-content\/uploads\/2023\/03\/Requerimento-Art.-27-atualizado.doc\">(MODELO DE REQUERIMENTO)<\/a><\/strong><br>II. apresenta\u00e7\u00e3o do comprovante de matr\u00edcula da Institui\u00e7\u00e3o de origem; <br>III. apresenta\u00e7\u00e3o de uma carta do orientador recomendando a realiza\u00e7\u00e3o da disciplina.<\/td><\/tr><tr><td>Art. 28<\/td><td>O estudante especial poder\u00e1 cursar at\u00e9 50% (cinq\u00fcenta por cento) dos cr\u00e9ditos em disciplinas exigidos pelo Programa, mediante requerimento \u00e0 Coordena\u00e7\u00e3o do Programa, acompanhado dos documentos exigidos em cada Regimento de Programa.<\/td><\/tr><tr><td>Par\u00e1grafo \u00fanico:<\/td><td>O estudante matriculado nessas condi\u00e7\u00f5es e que pretenda passar a estudante regular, ter\u00e1 de submeter-se a processo de sele\u00e7\u00e3o e cumprir todas as exig\u00eancias a que est\u00e3o sujeitos os estudantes regulares, n\u00e3o sendo contado o per\u00edodo letivo cumprido como estudante especial, no c\u00f4mputo do tempo m\u00e1ximo para conclus\u00e3o do Programa, previsto no artigo 33.<\/td><\/tr><\/tbody><\/table><\/figure>\n\n\n\n<hr class=\"wp-block-separator has-css-opacity\" \/>\n\n\n\n<p><\/p>\n","protected":false},"excerpt":{"rendered":"<p>RESOLU\u00c7\u00c3O CEPE N\u00ba 037\/2016 Altera o Regulamento dos Programas de P\u00f3s- Gradua\u00e7\u00e3o Stricto sensu da Universidade Estadual de Londrina. Art. 26 Os estudantes matriculados ser\u00e3o classificados nas seguintes categorias, de acordo com o Regimento Geral: l. estudante regular: aprovado e classificado no exame de sele\u00e7\u00e3o, matriculado no Programa de Mestrado ou Doutorado, com obedi\u00eancia a [&hellip;]<\/p>\n","protected":false},"author":10,"featured_media":0,"parent":0,"menu_order":0,"comment_status":"closed","ping_status":"closed","template":"","meta":{"_acf_changed":false,"footnotes":""},"class_list":["post-154","page","type-page","status-publish","hentry"],"acf":[],"_links":{"self":[{"href":"https:\/\/pos.uel.br\/cienciaanimal\/wp-json\/wp\/v2\/pages\/154","targetHints":{"allow":["GET"]}}],"collection":[{"href":"https:\/\/pos.uel.br\/cienciaanimal\/wp-json\/wp\/v2\/pages"}],"about":[{"href":"https:\/\/pos.uel.br\/cienciaanimal\/wp-json\/wp\/v2\/types\/page"}],"author":[{"embeddable":true,"href":"https:\/\/pos.uel.br\/cienciaanimal\/wp-json\/wp\/v2\/users\/10"}],"replies":[{"embeddable":true,"href":"https:\/\/pos.uel.br\/cienciaanimal\/wp-json\/wp\/v2\/comments?post=154"}],"version-history":[{"count":10,"href":"https:\/\/pos.uel.br\/cienciaanimal\/wp-json\/wp\/v2\/pages\/154\/revisions"}],"predecessor-version":[{"id":1971,"href":"https:\/\/pos.uel.br\/cienciaanimal\/wp-json\/wp\/v2\/pages\/154\/revisions\/1971"}],"wp:attachment":[{"href":"https:\/\/pos.uel.br\/cienciaanimal\/wp-json\/wp\/v2\/media?parent=154"}],"curies":[{"name":"wp","href":"https:\/\/api.w.org\/{rel}","templated":true}]}}