{"id":127,"date":"2021-07-15T11:30:56","date_gmt":"2021-07-15T14:30:56","guid":{"rendered":"https:\/\/pos.uel.br\/cienciaanimal\/?page_id=127"},"modified":"2023-03-29T15:14:35","modified_gmt":"2023-03-29T18:14:35","slug":"requisitos-do-curso","status":"publish","type":"page","link":"https:\/\/pos.uel.br\/cienciaanimal\/requisitos-do-curso\/","title":{"rendered":"Requisitos do Curso"},"content":{"rendered":"\n<p>Para conclus\u00e3o dos n\u00edveis de Mestrado e Doutorado o aluno dever\u00e1 completar a carga hor\u00e1ria e os cr\u00e9ditos distribu\u00eddos da forma que segue:<\/p>\n\n\n\n<p><strong>Para o Mestrado<\/strong>&nbsp;o aluno dever\u00e1 completar&nbsp; 64 (sessenta e quatro) cr\u00e9ditos correspondentes a 960 (novecentos e sessenta) horas, assim distribu\u00eddos<\/p>\n\n\n\n<p>a) 7 (sete) cr\u00e9ditos em disciplinas do n\u00facleo comum;<\/p>\n\n\n\n<p>b) no m\u00ednimo 13 (treze) cr\u00e9ditos em disciplinas Optativas do Programa, podendo os 4 (quatro) cr\u00e9ditos restantes serem cumpridos em outros Programas com validade nacional;<\/p>\n\n\n\n<p>c) 40 (quarenta) cr\u00e9ditos em disserta\u00e7\u00e3o.<\/p>\n\n\n\n<p><strong>Para o Doutorado<\/strong>&nbsp;o aluno dever\u00e1 completar 160&nbsp; (cento e sessenta) cr\u00e9ditos, correspondentes a 2.400 (duas mil e quatrocentas) horas, assim distribu\u00eddos:<\/p>\n\n\n\n<p>a) &nbsp;08 (oito) cr\u00e9ditos em disciplinas do n\u00facleo comum;<\/p>\n\n\n\n<p>b) no m\u00ednimo 26 (vinte e seis) cr\u00e9ditos em disciplinas Optativas do Programa, podendo os 6 (seis) cr\u00e9ditos restantes serem cumpridos em outros Programas de P\u00f3s-Gradua\u00e7\u00e3o com validade nacional;<\/p>\n\n\n\n<p>c) &nbsp;&nbsp;120 (cento e vinte) cr\u00e9ditos em Tese.<\/p>\n\n\n\n<p>Para o Doutorado poder\u00e3o ser convalidados os cr\u00e9ditos de Mestrado.<\/p>\n\n\n\n<p>O bolsista da Funda\u00e7\u00e3o CAPES\/MEC dever\u00e1 completar, ainda, para o mestrado 2 (dois), e para o Doutorado 04 (quatro) cr\u00e9ditos referente \u00e0 disciplina de Est\u00e1gio de Doc\u00eancia na Gradua\u00e7\u00e3o.<\/p>\n\n\n\n<figure class=\"wp-block-image size-large is-resized\"><img loading=\"lazy\" decoding=\"async\" src=\"https:\/\/pos.uel.br\/cienciaanimal\/wp-content\/uploads\/2023\/03\/requisitos-1-1024x680.jpg\" alt=\"\" class=\"wp-image-673\" width=\"1240\" height=\"824\" srcset=\"https:\/\/pos.uel.br\/cienciaanimal\/wp-content\/uploads\/2023\/03\/requisitos-1-1024x680.jpg 1024w, https:\/\/pos.uel.br\/cienciaanimal\/wp-content\/uploads\/2023\/03\/requisitos-1-300x199.jpg 300w, https:\/\/pos.uel.br\/cienciaanimal\/wp-content\/uploads\/2023\/03\/requisitos-1-768x510.jpg 768w, https:\/\/pos.uel.br\/cienciaanimal\/wp-content\/uploads\/2023\/03\/requisitos-1.jpg 1240w\" sizes=\"auto, (max-width: 1240px) 100vw, 1240px\" \/><\/figure>\n","protected":false},"excerpt":{"rendered":"<p>Para conclus\u00e3o dos n\u00edveis de Mestrado e Doutorado o aluno dever\u00e1 completar a carga hor\u00e1ria e os cr\u00e9ditos distribu\u00eddos da forma que segue: Para o Mestrado&nbsp;o aluno dever\u00e1 completar&nbsp; 64 (sessenta e quatro) cr\u00e9ditos correspondentes a 960 (novecentos e sessenta) horas, assim distribu\u00eddos a) 7 (sete) cr\u00e9ditos em disciplinas do n\u00facleo comum; b) no m\u00ednimo [&hellip;]<\/p>\n","protected":false},"author":10,"featured_media":0,"parent":0,"menu_order":0,"comment_status":"closed","ping_status":"closed","template":"","meta":{"_acf_changed":false,"footnotes":""},"class_list":["post-127","page","type-page","status-publish","hentry"],"acf":[],"_links":{"self":[{"href":"https:\/\/pos.uel.br\/cienciaanimal\/wp-json\/wp\/v2\/pages\/127","targetHints":{"allow":["GET"]}}],"collection":[{"href":"https:\/\/pos.uel.br\/cienciaanimal\/wp-json\/wp\/v2\/pages"}],"about":[{"href":"https:\/\/pos.uel.br\/cienciaanimal\/wp-json\/wp\/v2\/types\/page"}],"author":[{"embeddable":true,"href":"https:\/\/pos.uel.br\/cienciaanimal\/wp-json\/wp\/v2\/users\/10"}],"replies":[{"embeddable":true,"href":"https:\/\/pos.uel.br\/cienciaanimal\/wp-json\/wp\/v2\/comments?post=127"}],"version-history":[{"count":8,"href":"https:\/\/pos.uel.br\/cienciaanimal\/wp-json\/wp\/v2\/pages\/127\/revisions"}],"predecessor-version":[{"id":783,"href":"https:\/\/pos.uel.br\/cienciaanimal\/wp-json\/wp\/v2\/pages\/127\/revisions\/783"}],"wp:attachment":[{"href":"https:\/\/pos.uel.br\/cienciaanimal\/wp-json\/wp\/v2\/media?parent=127"}],"curies":[{"name":"wp","href":"https:\/\/api.w.org\/{rel}","templated":true}]}}