{"id":950,"date":"2026-01-15T11:21:11","date_gmt":"2026-01-15T14:21:11","guid":{"rendered":"https:\/\/pos.uel.br\/cienciaalimentos\/?page_id=950"},"modified":"2026-01-19T11:21:55","modified_gmt":"2026-01-19T14:21:55","slug":"eventos","status":"publish","type":"page","link":"https:\/\/pos.uel.br\/cienciaalimentos\/eventos\/","title":{"rendered":"EVENTOS"},"content":{"rendered":"\n<p>Eventos 2026<\/p>\n\n\n\n<p>19 a 20 de mar\u00e7o : I SIMP\u00d3SIO DE CI\u00caNCIA DE ALIMENTOS E COMEMORA\u00c7\u00c3O DE 50 ANOS DO PROGRAMA DE P\u00d3S-GRADUA\u00c7\u00c3O EM CI\u00caNCIA DE ALIMENTOS<\/p>\n\n\n\n<p><\/p>\n","protected":false},"excerpt":{"rendered":"<p>Eventos 2026 19 a 20 de mar\u00e7o : I SIMP\u00d3SIO DE CI\u00caNCIA DE ALIMENTOS E COMEMORA\u00c7\u00c3O DE 50 ANOS DO PROGRAMA DE P\u00d3S-GRADUA\u00c7\u00c3O EM CI\u00caNCIA DE ALIMENTOS<\/p>\n","protected":false},"author":13,"featured_media":0,"parent":0,"menu_order":0,"comment_status":"closed","ping_status":"closed","template":"","meta":{"_acf_changed":false,"footnotes":""},"class_list":["post-950","page","type-page","status-publish","hentry"],"acf":[],"_links":{"self":[{"href":"https:\/\/pos.uel.br\/cienciaalimentos\/wp-json\/wp\/v2\/pages\/950","targetHints":{"allow":["GET"]}}],"collection":[{"href":"https:\/\/pos.uel.br\/cienciaalimentos\/wp-json\/wp\/v2\/pages"}],"about":[{"href":"https:\/\/pos.uel.br\/cienciaalimentos\/wp-json\/wp\/v2\/types\/page"}],"author":[{"embeddable":true,"href":"https:\/\/pos.uel.br\/cienciaalimentos\/wp-json\/wp\/v2\/users\/13"}],"replies":[{"embeddable":true,"href":"https:\/\/pos.uel.br\/cienciaalimentos\/wp-json\/wp\/v2\/comments?post=950"}],"version-history":[{"count":2,"href":"https:\/\/pos.uel.br\/cienciaalimentos\/wp-json\/wp\/v2\/pages\/950\/revisions"}],"predecessor-version":[{"id":987,"href":"https:\/\/pos.uel.br\/cienciaalimentos\/wp-json\/wp\/v2\/pages\/950\/revisions\/987"}],"wp:attachment":[{"href":"https:\/\/pos.uel.br\/cienciaalimentos\/wp-json\/wp\/v2\/media?parent=950"}],"curies":[{"name":"wp","href":"https:\/\/api.w.org\/{rel}","templated":true}]}}