{"id":25,"date":"2021-04-26T17:25:38","date_gmt":"2021-04-26T20:25:38","guid":{"rendered":"https:\/\/pos.uel.br\/cienciaalimentos\/?page_id=25"},"modified":"2026-04-08T14:35:35","modified_gmt":"2026-04-08T17:35:35","slug":"linhas-de-pesquisa","status":"publish","type":"page","link":"https:\/\/pos.uel.br\/cienciaalimentos\/linhas-de-pesquisa\/","title":{"rendered":"Linhas de pesquisa"},"content":{"rendered":"\n<p>O Programa de P\u00f3s-gradua\u00e7\u00e3o em Ci\u00eancia de Alimentos, na \u00e1rea de Concentra\u00e7\u00e3o em Ci\u00eancia de Alimentos, possui tr\u00eas Linhas de Pesquisa:<\/p>\n\n\n\n<p>&nbsp;<strong>LP1- Propriedades f\u00edsicas, qu\u00edmicas, biol\u00f3gicas, sensoriais e funcionais dos alimentos<\/strong> tem como objetivos estudar as propriedades f\u00edsicas, qu\u00edmicas, biol\u00f3gicas, sensoriais e funcionais de macromol\u00e9culas e microconstituintes alimentares; estudar as modifica\u00e7\u00f5es f\u00edsico-qu\u00edmicas, funcionais e sensoriais causadas pelo m\u00e9todo de produ\u00e7\u00e3o, processamento e\/ou armazenamento de alimentos. Apresenta 6 projetos de pesquisas vinculados, contando com a participa\u00e7\u00e3o de 6 docentes do programa <\/p>\n\n\n\n<p><strong>LP2- Inova\u00e7\u00e3o e desenvolvimento de produto<\/strong>s tem como objetivo desenvolver novos produtos e ingredientes aliment\u00edcios; desenvolver bioferramentas moleculares imunol\u00f3gicas para uso em controle de qualidade de mat\u00e9rias-primas e produtos aliment\u00edcios; desenvolver embalagens biodegrad\u00e1veis para alimentos in natura e processados; utilizar t\u00e9cnicas de simula\u00e7\u00e3o e otimiza\u00e7\u00e3o para processos e formula\u00e7\u00e3o de novos produtos ingredientes aliment\u00edcios e de embalagens biodegrad\u00e1veis. Apresenta 10 projetos de pesquisas vinculados e contando com a participa\u00e7\u00e3o 13 docentes do programa.<\/p>\n\n\n\n<p><strong>LP3- Seguran\u00e7a de alimentos<\/strong> tem como objetivo estudar os mecanismos e o controle da produ\u00e7\u00e3o de toxinas bacterianas, f\u00fangicas e de cianobact\u00e9rias; realizar estudo epidemiol\u00f3gico das doen\u00e7as bacterianas, f\u00fangicas e cianobacterianas; desenvolver m\u00e9todos r\u00e1pidos de diagn\u00f3stico e de reagentes biol\u00f3gicos destinados ao Controle de Qualidade; estudar o controle biol\u00f3gico e mecanismos naturais de defesa de plantas e colaborar na presta\u00e7\u00e3o de servi\u00e7os a empresas e \u00f3rg\u00e3os p\u00fablicos na \u00e1rea de Gest\u00e3o da qualidade. Apresenta 2 projetos de pesquisas vinculados, contando com a participa\u00e7\u00e3o de 6 docentes do programa.<\/p>\n\n\n\n<div style=\"height:35px\" aria-hidden=\"true\" class=\"wp-block-spacer\"><\/div>\n\n\n\n<figure class=\"wp-block-table is-style-stripes\"><table><thead><tr><th>Corpo Docente<\/th><th class=\"has-text-align-left\" data-align=\"left\"><strong>Linha de Pesquisa \/ \u00c1rea de Atua\u00e7\u00e3o<\/strong><\/th><\/tr><\/thead><tbody><tr><td><strong>ADMILTON GON\u00c7ALVES DE OLIVEIRA Jr.<\/strong><br><a href=\"mailto:adri_soares@uel.br\">admilton@uel.br<\/a><\/td><td class=\"has-text-align-left\" data-align=\"left\"><strong>INOVA\u00c7\u00c3O E DESENVOLVIMENTO DE PRODUTOS<\/strong><br>Desenvolvimento de biotecnologias microbianas para otimiza\u00e7\u00e3o da produ\u00e7\u00e3o agropecu\u00e1ria<\/td><\/tr><tr><td><strong>ADRIANA LOUREN\u00c7O SOARES RUSSO<br><\/strong><a href=\"mailto:adri_soares@uel.br\">adri.soares@uel.br<br><\/a>3371 5962<\/td><td class=\"has-text-align-left\" data-align=\"left\"><strong>PROPRIEDADES F\u00cdSICAS, QU\u00cdMICAS, BIOL\u00d3GICAS, SENSORIAIS E FUNCIONAIS DOS ALIMENTOS&nbsp;<\/strong><br>&#8211; Qualidade de carne, desenvolvimento de produtos c\u00e1rneos com baixo teor de gordura e com substitui\u00e7\u00e3o de aditivos sint\u00e9ticos por naturais<\/td><\/tr><tr><td><strong>CESAR RICARDO TEIXEIRA TARLEY<\/strong><br><a href=\"mailto:adri_soares@uel.br\">tarley@uel.br<\/a><\/td><td class=\"has-text-align-left\" data-align=\"left\"><strong>PROPRIEDADES F\u00cdSICAS, QU\u00cdMICAS, BIOL\u00d3GICAS, SENSORIAIS E FUNCIONAIS DOS ALIMENTOS&nbsp;<\/strong><br>Desenvolvimento de m\u00e9todos anal\u00edticos visando a determina\u00e7\u00e3o de nutrientes e toxicantes em alimentos e estudos de bioacessibilidade de metais&nbsp;<\/td><\/tr><tr><td><strong>ELISA YOKO HIROOKA<\/strong><br><a href=\"mailto:hirooka@uel.br\">hirooka@uel.br<\/a>&nbsp;&nbsp;<br>3371.5963<\/td><td class=\"has-text-align-left\" data-align=\"left\"><strong>SEGURAN\u00c7A DE ALIMENTOS<br><\/strong>&#8211; Micotoxinas e Fungos Toxig\u00eanicos<br>&#8211; Toxinas de Cianobact\u00e9rias \/ \u00c1gua<br>&#8211; Anal\u00edtica Qu\u00edmica e Biol\u00f3gica Avan\u00e7ada na Detec\u00e7\u00e3o de Toxinas<br>&#8211; Ecossistema, Metabolismo Microbiano e Biocontrole em Alimentos<br><strong>INOVA\u00c7\u00c3O E DESENVOLVIMENTO DE PRODUTOS<\/strong><br>&#8211; Nanobiotecnologia<br>&#8211; Desenvolvimento de Imunorreagentes para Controle de Qualidade<\/td><\/tr><tr><td><strong>F\u00c1BIO YAMASHITA<\/strong><br><a href=\"mailto:fabioy@uel.br\">fabioy@uel.br<\/a>&nbsp;&nbsp;<br>3371.5967<\/td><td class=\"has-text-align-left\" data-align=\"left\"><strong>INOVA\u00c7\u00c3O E DESENVOLVIMENTO DE PRODUTOS<\/strong><br>&#8211; Desenvolvimento e aplica\u00e7\u00e3o de materiais biodegrad\u00e1veis na \u00e1rea agroindustrial<\/td><\/tr><tr><td><strong>KARLA BIGUETTI GUERGOLETTO<\/strong><br>karla@uel.br<br>3371.5694<\/td><td class=\"has-text-align-left\" data-align=\"left\"><strong>INOVA\u00c7\u00c3O E DESENVOLVIMENTO DE PRODUTOS<\/strong><br>Desenvolvimento e avalia\u00e7\u00e3o <em>in vitro e in vivo<\/em> de alimentos e res\u00edduos com apelo funcional:alimentos fermentados, probi\u00f3ticos, prebi\u00f3ticos, simbi\u00f3ticos e antioxidantes<\/td><\/tr><tr><td><strong>PATR\u00cdCIA SALOM\u00c3O GARCIA<\/strong><br><a href=\"mailto:patriciagarcia@utfpr.edu.br\" target=\"_blank\" rel=\"noreferrer noopener\">patriciagarcia@utfpr.edu.br<\/a>&nbsp;<strong>&nbsp;&nbsp;<\/strong><\/td><td class=\"has-text-align-left\" data-align=\"left\"><strong>INOVA\u00c7\u00c3O E DESENVOLVIMENTO DE PRODUTOS<\/strong><br>-Desenvolvimento e aplica\u00e7\u00e3o de filmes e embalagens biodegrad\u00e1veis<\/td><\/tr><tr><td><strong>SANDRA HELENA PRUDENCIO<\/strong><br><a href=\"mailto:sandrah@uel.br\">sandrah@uel.br<\/a>&nbsp;&nbsp;&nbsp;<br>3371.4986<\/td><td class=\"has-text-align-left\" data-align=\"left\"><strong>PROPRIEDADES F\u00cdSICAS, QU\u00cdMICAS, BIOL\u00d3GICAS, SENSORIAIS E FUNCIONAIS DOS ALIMENTOS<\/strong><br>&#8211; An\u00e1lise Sensorial de Alimentos<br>&#8211; Extrus\u00e3o Termopl\u00e1stica de Prote\u00ednas<br>&#8211; Ci\u00eancia e Tecnologia de Oleaginosas e Leguminosas<br>&#8211; Propriedades Funcionais de Macromol\u00e9culas Alimentares<\/td><\/tr><tr><td><strong>SUZANA MALI DE OLIVEIRA<u><br><\/u><\/strong><a href=\"mailto:smali@uel.br\">smali@uel.br<\/a>&nbsp;&nbsp;<br>3371.4270<\/td><td class=\"has-text-align-left\" data-align=\"left\"><strong>&nbsp;INOVA\u00c7\u00c3O E DESENVOLVIMENTO DE PRODUTOS<\/strong><br>-Desenvolvimento e aplica\u00e7\u00e3o de filmes e embalagens biodegrad\u00e1veis<\/td><\/tr><tr><td><strong>TATIANA COLOMBO PIMENTEL<\/strong><br><strong><a href=\"mailto:tatiana.pimentel@ifpr.edu.br\">tatiana.pimentel@ifpr.edu.br<\/a><\/strong><a href=\"http:\/\/lattes.cnpq.br\/0563661629304425\" target=\"_blank\" rel=\"noreferrer noopener\"><\/a><a href=\"http:\/\/publons.com\/researcher\/1267640\/tatiana-colombo-pimentel\/\" target=\"_blank\" rel=\"noreferrer noopener\"><\/a><img decoding=\"async\" src=\"https:\/\/pos.uel.br\/06d5690c-0e33-44dc-9ad3-94bcee6530eb\" alt=\"\"><a href=\"https:\/\/orcid.org\/0000-0003-4600-8932\" target=\"_blank\" rel=\"noreferrer noopener\"><\/a><a href=\"https:\/\/www.scopus.com\/authid\/detail.uri?authorId=53878430400\" target=\"_blank\" rel=\"noreferrer noopener\"><\/a>&nbsp;&nbsp;<a href=\"https:\/\/publons.com\/researcher\/2717403\/suzana-mali\/\" target=\"_blank\" rel=\"noreferrer noopener\"><\/a>&nbsp;<\/td><td class=\"has-text-align-left\" data-align=\"left\"><strong>INOVA\u00c7\u00c3O E DESENVOLVIMENTO DE PRODUTOS<\/strong><br>&#8211; Desenvolvimento de produtos probi\u00f3ticos, prebi\u00f3ticos ou simbi\u00f3ticos associados ou n\u00e3o a tecnologias emergentes<br>&nbsp;<strong>PROPRIEDADES F\u00cdSICAS, QU\u00cdMICAS, BIOL\u00d3GICAS, SENSORIAIS E FUNCIONAIS DOS ALIMENTOS<\/strong><br>Aplica\u00e7\u00e3o de metodologias sensoriais r\u00e1pidas para perfil sensorial de produtos aliment\u00edcios ou<br>percep\u00e7\u00e3o de consumidores <\/td><\/tr><tr><td><strong>THAIS DE SOUZA ROCHA<\/strong><br><a href=\"mailto:tsrocha@uel.br\">tsrocha@uel.br<\/a><br>3371.4987<\/td><td class=\"has-text-align-left\" data-align=\"left\">&nbsp;<strong>INOVA\u00c7\u00c3O E DESENVOLVIMENTO DE PRODUTOS<br><\/strong>&#8211; Caracteriza\u00e7\u00e3o estrutural e qu\u00edmica de farinhas e amidos modificados qu\u00edmica, f\u00edsica ou enzimaticamente- Processos fermentativos e oxidativos<br><strong>&nbsp;PROPRIEDADES F\u00cdSICAS, QU\u00cdMICAS, BIOL\u00d3GICAS, SENSORIAIS E FUNCIONAIS DOS ALIMENTOS<br><\/strong>&#8211; Composi\u00e7\u00e3o qu\u00edmica e a atividade biol\u00f3gica de produtos fermentados ou derivados de amidos ou prote\u00ednas<\/td><\/tr><tr><td><strong>WILMA APARECIDA SPINOSA<br><\/strong><a href=\"mailto:wilma.spinosa@uel.br\">wilma.spinosa@uel.br<br><\/a>3371.5968<\/td><td class=\"has-text-align-left\" data-align=\"left\"><strong>INOVA\u00c7\u00c3O E DESENVOLVIMENTO DE PRODUTOS<\/strong><br>&#8211; Desenvolvimento de produtos fermentados<strong>&#8211;&nbsp;<\/strong>Fermenta\u00e7\u00e3o e produtos fermentados<br>&#8211; Aproveitamento de coprodutos&nbsp;agroindustriais e agr\u00edcolas<br><strong>PROPRIEDADES F\u00cdSICAS, QU\u00cdMICAS, BIOL\u00d3GICAS, SENSORIAIS E FUNCIONAIS DOS ALIMENTOS<\/strong><br>&#8211; Estudo das propriedades e modifica\u00e7\u00f5es f\u00edsico-qu\u00edmicas, funcionais e sensoriais de alimentos fermentados.&nbsp;<\/td><\/tr><\/tbody><\/table><\/figure>\n","protected":false},"excerpt":{"rendered":"<p>O Programa de P\u00f3s-gradua\u00e7\u00e3o em Ci\u00eancia de Alimentos, na \u00e1rea de Concentra\u00e7\u00e3o em Ci\u00eancia de Alimentos, possui tr\u00eas Linhas de Pesquisa: &nbsp;LP1- Propriedades f\u00edsicas, qu\u00edmicas, biol\u00f3gicas, sensoriais e funcionais dos alimentos tem como objetivos estudar as propriedades f\u00edsicas, qu\u00edmicas, biol\u00f3gicas, sensoriais e funcionais de macromol\u00e9culas e microconstituintes alimentares; estudar as modifica\u00e7\u00f5es f\u00edsico-qu\u00edmicas, funcionais e sensoriais [&hellip;]<\/p>\n","protected":false},"author":7,"featured_media":0,"parent":0,"menu_order":0,"comment_status":"closed","ping_status":"closed","template":"","meta":{"_acf_changed":false,"footnotes":""},"class_list":["post-25","page","type-page","status-publish","hentry"],"acf":[],"_links":{"self":[{"href":"https:\/\/pos.uel.br\/cienciaalimentos\/wp-json\/wp\/v2\/pages\/25","targetHints":{"allow":["GET"]}}],"collection":[{"href":"https:\/\/pos.uel.br\/cienciaalimentos\/wp-json\/wp\/v2\/pages"}],"about":[{"href":"https:\/\/pos.uel.br\/cienciaalimentos\/wp-json\/wp\/v2\/types\/page"}],"author":[{"embeddable":true,"href":"https:\/\/pos.uel.br\/cienciaalimentos\/wp-json\/wp\/v2\/users\/7"}],"replies":[{"embeddable":true,"href":"https:\/\/pos.uel.br\/cienciaalimentos\/wp-json\/wp\/v2\/comments?post=25"}],"version-history":[{"count":13,"href":"https:\/\/pos.uel.br\/cienciaalimentos\/wp-json\/wp\/v2\/pages\/25\/revisions"}],"predecessor-version":[{"id":1067,"href":"https:\/\/pos.uel.br\/cienciaalimentos\/wp-json\/wp\/v2\/pages\/25\/revisions\/1067"}],"wp:attachment":[{"href":"https:\/\/pos.uel.br\/cienciaalimentos\/wp-json\/wp\/v2\/media?parent=25"}],"curies":[{"name":"wp","href":"https:\/\/api.w.org\/{rel}","templated":true}]}}