{"id":24,"date":"2024-09-02T14:28:16","date_gmt":"2024-09-02T17:28:16","guid":{"rendered":"https:\/\/pos.uel.br\/ciencia-da-computacao\/?page_id=24"},"modified":"2026-03-26T16:04:20","modified_gmt":"2026-03-26T19:04:20","slug":"procedimentos-e-formularios","status":"publish","type":"page","link":"https:\/\/pos.uel.br\/ciencia-da-computacao\/procedimentos-e-formularios\/","title":{"rendered":"Qualifica\u00e7\u00e3o e Defesa"},"content":{"rendered":"\n<h4 class=\"wp-block-heading\">Exame de Qualifica\u00e7\u00e3o<\/h4>\n\n\n\n<ul class=\"wp-block-list\">\n<li>O aluno deve requerer o exame de qualifica\u00e7\u00e3o de comum acordo com seu orientador diretamente no Portal do Estudande de P\u00f3s-Gradua\u00e7\u00e3o, na op\u00e7\u00e3o&nbsp;<strong>Exame de Qualifica\u00e7\u00e3o.<\/strong><\/li>\n\n\n\n<li>S\u00f3 poder\u00e1 qualificar o aluno que tenha integralizado todos os cr\u00e9ditos requeridos pelo programa e o Est\u00e1gio de Doc\u00eancia na Gradua\u00e7\u00e3o, caso seja aluno bolsista.\n<ul class=\"wp-block-list\">\n<li><strong>Aten\u00e7\u00e3o<\/strong>:&nbsp;<strong>n\u00e3o adianta solicitar Exame de Qualifica\u00e7\u00e3o se existem disciplinas em aberto, portanto verifique seu hist\u00f3rico.<\/strong><\/li>\n<\/ul>\n<\/li>\n\n\n\n<li>O Formul\u00e1rio de Indica\u00e7\u00e3o de Banca de Qualifica\u00e7\u00e3o, indicado abaixo, deve ser entregue na Secretaria de P\u00f3s de Gradua\u00e7\u00e3o do CCE. Para a defesa de qualifica\u00e7\u00e3o, a banca \u00e9 composta por 3 membros titulares, sendo: o orientador (membro nato, podendo ser substitu\u00eddo pelo co-orientador); um membro interno ao programa de Mestrado; e um membro externo ao PPG em Ci\u00eancia da Computa\u00e7\u00e3o e ao Departamento de Computa\u00e7\u00e3o da UEL.<\/li>\n\n\n\n<li>Os exemplares do Exame de Qualifica\u00e7\u00e3o devem seguir o Modelo (template) para o texto de Qualifica\u00e7\u00e3o e Disserta\u00e7\u00e3o (formato Latex e Word), indicado abaixo.<\/li>\n\n\n\n<li>A solicita\u00e7\u00e3o e os exemplares para banca devem ser encaminhados com 30 dias de anteced\u00eancia.<\/li>\n\n\n\n<li>O professor orientador e o aluno s\u00e3o respons\u00e1veis por reservar sala para o Exame de Qualifica\u00e7\u00e3o.<\/li>\n<\/ul>\n\n\n\n<h4 class=\"wp-block-heading\">Defesa do Mestrado<\/h4>\n\n\n\n<ul class=\"wp-block-list\">\n<li>Orientador e aluno devem fazer a solicita\u00e7\u00e3o preenchendo o formul\u00e1rio indicando os membros da banca.<\/li>\n\n\n\n<li>Para defesa o aluno obrigatoriamente tem que ter sido aprovado no Exame de Qualifica\u00e7\u00e3o.<\/li>\n\n\n\n<li>O Formul\u00e1rio de Indica\u00e7\u00e3o de Banca de Defesa de Disserta\u00e7\u00e3o, indicado abaixo, deve ser entregue na Secretaria de P\u00f3s de Gradua\u00e7\u00e3o do CCE. Para a defesa de disserta\u00e7\u00e3o, a banca \u00e9 composta por 3 membros titulares, excetuando-se o orientador (e co-orientador, quando for o caso), e 2 suplentes, sendo que, obrigatoriamente, um titular e um suplente devem ser externos ao programa e ao Departamento de Computa\u00e7\u00e3o da UEL.<\/li>\n\n\n\n<li>Os exemplares da Disserta\u00e7\u00e3o devem seguir o Modelo (template) para o texto de Qualifica\u00e7\u00e3o e Disserta\u00e7\u00e3o (formato Latex e Word), indicado abaixo.<\/li>\n\n\n\n<li>A solicita\u00e7\u00e3o e os exemplares para banca devem ser encaminhados com 30 dias de anteced\u00eancia.<\/li>\n\n\n\n<li>O professor orientador e o aluno s\u00e3o respons\u00e1veis por reservar sala para a Defesa de Disserta\u00e7\u00e3o.<\/li>\n<\/ul>\n\n\n\n<h4 class=\"wp-block-heading\">Ap\u00f3s a Aprova\u00e7\u00e3o na Defesa<\/h4>\n\n\n\n<p>Ap\u00f3s atender as sugest\u00f5es e realizar as corre\u00e7\u00f5es apontadas pela banca, o aluno dever\u00e1 entregar a vers\u00e3o final digital da disserta\u00e7\u00e3o para a Secretaria de P\u00f3s-gradua\u00e7\u00e3o do CCE, enviando um email para spgcce@uel.br. Seguem alguns detalhes sobre essa entrega:<\/p>\n\n\n\n<ul class=\"wp-block-list\">\n<li>O e-mail de entrega final deve ser enviado com c\u00f3pia para o orientador. <\/li>\n\n\n\n<li>A vers\u00e3o final digital consiste de: (i) um arquivo da disserta\u00e7\u00e3o no formato PDF (contendo a ficha catalogr\u00e1fica); (ii) um arquivo da disserta\u00e7\u00e3o no formato nativo no qual ela foi escrita (Latex ou Word), tamb\u00e9m contendo a ficha catalogr\u00e1fica. <\/li>\n\n\n\n<li>A ficha catalogr\u00e1fica deve ser gerada por meio do servi\u00e7o Web disponibilizado pela Biblioteca Central neste <a href=\"https:\/\/sites.uel.br\/bibliotecas\/geracao-automatica-de-ficha-catalografica\/\">link<\/a>.<\/li>\n\n\n\n<li>O aluno e o orientador&nbsp;dever\u00e3o&nbsp;entregar a&nbsp;ata da defesa devidamente assinada pela banca&nbsp;e os&nbsp;formul\u00e1rios para registro na Biblioteca Central, segundo o modelo disponibilizado aqui: <a href=\"https:\/\/pos.uel.br\/ciencia-da-computacao\/wp-content\/uploads\/2024\/09\/termo-BC-MCC-UEL-v2013.docx\">Termo de entrega de Disserta\u00e7\u00e3o para Biblioteca Central da UEL<\/a>.<br>&nbsp;<\/li>\n<\/ul>\n\n\n\n<h4 class=\"wp-block-heading\">Modelos e Formul\u00e1rios<\/h4>\n\n\n\n<ul class=\"wp-block-list\">\n<li><a href=\"https:\/\/departamentos.uel.br\/computacao\/links-importantes\/\" target=\"_blank\" rel=\"noreferrer noopener\">Modelo (template) para o texto de Qualifica\u00e7\u00e3o e Disserta\u00e7\u00e3o (formato Latex e Word)<\/a><\/li>\n\n\n\n<li><a href=\"https:\/\/pos.uel.br\/ciencia-da-computacao\/wp-content\/uploads\/2025\/12\/Indicacao-Banca-de-Qualificacao-Mestrado.doc\">Formul\u00e1rio de Indica\u00e7\u00e3o de Banca de Qualifica\u00e7\u00e3o<\/a><\/li>\n\n\n\n<li><a href=\"https:\/\/pos.uel.br\/ciencia-da-computacao\/wp-content\/uploads\/2025\/12\/indicacao_banca_defesa_MCC.doc\">Formul\u00e1rio de Indica\u00e7\u00e3o de Banca de Defesa Disserta\u00e7\u00e3o<\/a><\/li>\n\n\n\n<li><a href=\"\/ciencia-da-computacao\/modelo-de-email-de-divulgacao\/\">Modelo de E-mail de Divulga\u00e7\u00e3o<\/a><\/li>\n<\/ul>\n\n\n\n<p><\/p>\n","protected":false},"excerpt":{"rendered":"<p>Exame de Qualifica\u00e7\u00e3o Defesa do Mestrado Ap\u00f3s a Aprova\u00e7\u00e3o na Defesa Ap\u00f3s atender as sugest\u00f5es e realizar as corre\u00e7\u00f5es apontadas pela banca, o aluno dever\u00e1 entregar a vers\u00e3o final digital da disserta\u00e7\u00e3o para a Secretaria de P\u00f3s-gradua\u00e7\u00e3o do CCE, enviando um email para spgcce@uel.br. Seguem alguns detalhes sobre essa entrega: Modelos e Formul\u00e1rios<\/p>\n","protected":false},"author":7,"featured_media":0,"parent":0,"menu_order":0,"comment_status":"closed","ping_status":"closed","template":"","meta":{"_acf_changed":false,"footnotes":""},"class_list":["post-24","page","type-page","status-publish","hentry"],"acf":[],"_links":{"self":[{"href":"https:\/\/pos.uel.br\/ciencia-da-computacao\/wp-json\/wp\/v2\/pages\/24","targetHints":{"allow":["GET"]}}],"collection":[{"href":"https:\/\/pos.uel.br\/ciencia-da-computacao\/wp-json\/wp\/v2\/pages"}],"about":[{"href":"https:\/\/pos.uel.br\/ciencia-da-computacao\/wp-json\/wp\/v2\/types\/page"}],"author":[{"embeddable":true,"href":"https:\/\/pos.uel.br\/ciencia-da-computacao\/wp-json\/wp\/v2\/users\/7"}],"replies":[{"embeddable":true,"href":"https:\/\/pos.uel.br\/ciencia-da-computacao\/wp-json\/wp\/v2\/comments?post=24"}],"version-history":[{"count":16,"href":"https:\/\/pos.uel.br\/ciencia-da-computacao\/wp-json\/wp\/v2\/pages\/24\/revisions"}],"predecessor-version":[{"id":524,"href":"https:\/\/pos.uel.br\/ciencia-da-computacao\/wp-json\/wp\/v2\/pages\/24\/revisions\/524"}],"wp:attachment":[{"href":"https:\/\/pos.uel.br\/ciencia-da-computacao\/wp-json\/wp\/v2\/media?parent=24"}],"curies":[{"name":"wp","href":"https:\/\/api.w.org\/{rel}","templated":true}]}}