{"id":22,"date":"2024-09-02T14:28:16","date_gmt":"2024-09-02T17:28:16","guid":{"rendered":"https:\/\/pos.uel.br\/ciencia-da-computacao\/?page_id=22"},"modified":"2026-03-06T13:17:07","modified_gmt":"2026-03-06T16:17:07","slug":"aluno-especial","status":"publish","type":"page","link":"https:\/\/pos.uel.br\/ciencia-da-computacao\/aluno-especial\/","title":{"rendered":"Aluno Especial"},"content":{"rendered":"\n<h3 class=\"wp-block-heading\">Inscri\u00e7\u00f5es Aluno Especial 2026\/1<\/h3>\n\n\n\n<p>O Programa de P\u00f3s-Gradua\u00e7\u00e3o em Ci\u00eancia da Computa\u00e7\u00e3o aceita que alunos especiais cursem at\u00e9 no m\u00e1ximo 50% dos cr\u00e9ditos requeridos pelo mestrado em Ci\u00eancia da Computa\u00e7\u00e3o.<\/p>\n\n\n\n<p><strong>Instru\u00e7\u00f5es:<\/strong><\/p>\n\n\n\n<ul class=\"wp-block-list\">\n<li>Edital de inscri\u00e7\u00e3o para processo seletivo de Aluno Especial 2026\/1: <a href=\"https:\/\/pos.uel.br\/ciencia-da-computacao\/wp-content\/uploads\/2026\/02\/Oferta_Especial_2026-1_Ciencia_da_Computacao_09_02_2026_assinado.pdf\">EDITAL ALUNO ESPECIAL 2026\/1<\/a><\/li>\n<\/ul>\n\n\n\n<p><strong>Resultados:<\/strong><\/p>\n\n\n\n<ul class=\"wp-block-list\">\n<li><a href=\"https:\/\/pos.uel.br\/ciencia-da-computacao\/wp-content\/uploads\/2026\/02\/Pedidos-de-isencao-especial-2026-1.docx_assinado.pdf\">Pedidos de isen\u00e7\u00e3o (Justi\u00e7a Eleitoral e Doa\u00e7\u00e3o de Sangue)<\/a> (publicado em 20\/02\/2026)<\/li>\n<\/ul>\n\n\n\n<ul class=\"wp-block-list\">\n<li><strong>Edital 02\/2026<\/strong> &#8211; <a href=\"https:\/\/pos.uel.br\/ciencia-da-computacao\/wp-content\/uploads\/2026\/03\/resultado-aluno-especial-2026-1.docx_assinado.pdf\">Resultado do Processo Seletivo e Convoca\u00e7\u00e3o para Matr\u00edcula<\/a> (publicado em 06\/03\/2026)<\/li>\n<\/ul>\n\n\n\n<p>Os hor\u00e1rios das disciplinas podem ser conferidos <a href=\"https:\/\/pos.uel.br\/ciencia-da-computacao\/disciplinas-horarios\/\" data-type=\"page\" data-id=\"18\">aqui<\/a>.<\/p>\n\n\n\n<p><strong>Regulamenta\u00e7\u00e3o<\/strong><\/p>\n\n\n\n<ol class=\"wp-block-list\">\n<li>De acordo com o regimento da UEL, o&nbsp;aluno especial poder\u00e1 cursar no m\u00e1ximo 3 disciplinas de 4 cr\u00e9ditos ofertadas pelo programa.&nbsp;As disciplinas ofertadas estar\u00e3o&nbsp;dispon\u00edveis no edital.<br>&nbsp;<\/li>\n\n\n\n<li>O n\u00famero de vagas por disciplina e aceita\u00e7\u00e3o de&nbsp;aluno especial \u00e9 prerrogativa do respons\u00e1vel pela disciplina.<br>&nbsp;<\/li>\n\n\n\n<li>O aluno dever\u00e1 se sujeitar a todas as regras e normas do programa, satisfazer os pr\u00e9-requisitos da disciplina e realizar todos os trabalhos, exerc\u00edcios, provas que forem exigidos na disciplina em igualdade com os alunos regulares.<br>&nbsp;<\/li>\n\n\n\n<li>O candidato dever\u00e1 apresentar na inscri\u00e7\u00e3o curriculum vitae padr\u00e3o Lattes do CNPq documentado, incluindo obrigatoriamente hist\u00f3ricos escolares de gradua\u00e7\u00e3o (obrigat\u00f3rio) e p\u00f3s (se houver).<br>&nbsp;<\/li>\n\n\n\n<li>O candidato a aluno especial deve possuir diploma de curso de gradua\u00e7\u00e3o preferencialmente&nbsp;na \u00e1rea de Computa\u00e7\u00e3o ou correlatas.<\/li>\n<\/ol>\n","protected":false},"excerpt":{"rendered":"<p>Inscri\u00e7\u00f5es Aluno Especial 2026\/1 O Programa de P\u00f3s-Gradua\u00e7\u00e3o em Ci\u00eancia da Computa\u00e7\u00e3o aceita que alunos especiais cursem at\u00e9 no m\u00e1ximo 50% dos cr\u00e9ditos requeridos pelo mestrado em Ci\u00eancia da Computa\u00e7\u00e3o. Instru\u00e7\u00f5es: Resultados: Os hor\u00e1rios das disciplinas podem ser conferidos aqui. Regulamenta\u00e7\u00e3o<\/p>\n","protected":false},"author":7,"featured_media":0,"parent":0,"menu_order":0,"comment_status":"closed","ping_status":"closed","template":"","meta":{"_acf_changed":false,"footnotes":""},"class_list":["post-22","page","type-page","status-publish","hentry"],"acf":[],"_links":{"self":[{"href":"https:\/\/pos.uel.br\/ciencia-da-computacao\/wp-json\/wp\/v2\/pages\/22","targetHints":{"allow":["GET"]}}],"collection":[{"href":"https:\/\/pos.uel.br\/ciencia-da-computacao\/wp-json\/wp\/v2\/pages"}],"about":[{"href":"https:\/\/pos.uel.br\/ciencia-da-computacao\/wp-json\/wp\/v2\/types\/page"}],"author":[{"embeddable":true,"href":"https:\/\/pos.uel.br\/ciencia-da-computacao\/wp-json\/wp\/v2\/users\/7"}],"replies":[{"embeddable":true,"href":"https:\/\/pos.uel.br\/ciencia-da-computacao\/wp-json\/wp\/v2\/comments?post=22"}],"version-history":[{"count":19,"href":"https:\/\/pos.uel.br\/ciencia-da-computacao\/wp-json\/wp\/v2\/pages\/22\/revisions"}],"predecessor-version":[{"id":510,"href":"https:\/\/pos.uel.br\/ciencia-da-computacao\/wp-json\/wp\/v2\/pages\/22\/revisions\/510"}],"wp:attachment":[{"href":"https:\/\/pos.uel.br\/ciencia-da-computacao\/wp-json\/wp\/v2\/media?parent=22"}],"curies":[{"name":"wp","href":"https:\/\/api.w.org\/{rel}","templated":true}]}}