{"id":21,"date":"2024-09-02T14:28:16","date_gmt":"2024-09-02T17:28:16","guid":{"rendered":"https:\/\/pos.uel.br\/ciencia-da-computacao\/?page_id=21"},"modified":"2026-04-06T16:11:34","modified_gmt":"2026-04-06T19:11:34","slug":"aluno-regular","status":"publish","type":"page","link":"https:\/\/pos.uel.br\/ciencia-da-computacao\/aluno-regular\/","title":{"rendered":"Aluno Regular"},"content":{"rendered":"\n<h3 class=\"wp-block-heading\">Inscri\u00e7\u00f5es Aluno Regular<\/h3>\n\n\n\n<p>O PPCC oferece regularmente duas entradas anuais (1\u00ba e 2\u00ba semestres). As informa\u00e7\u00f5es s\u00e3o atualizadas a cada novo processo seletivo.<\/p>\n\n\n\n<h3 class=\"wp-block-heading\">Calend\u00e1rio 2026\/2 (2.<sup>o<\/sup>&nbsp;Semestre 2026)<\/h3>\n\n\n\n<p><\/p>\n\n\n\n<p><strong>Instru\u00e7\u00f5es:<\/strong><\/p>\n\n\n\n<ul class=\"wp-block-list\">\n<li>Seguir atentamente as instru\u00e7\u00f5es detalhadas no <a href=\"https:\/\/pos.uel.br\/ciencia-da-computacao\/wp-content\/uploads\/2026\/03\/Oferta_Regular_2026-2.docx_assinado.pdf\" target=\"_blank\" rel=\"noreferrer noopener\">Edital 03\/2026 &#8211; Oferta aluno regular 2026\/2<\/a> (publicado em 26\/03\/2026).<\/li>\n\n\n\n<li><a href=\"http:\/\/www.uel.br\/eventos\/sigec\/?id=11805\">Formul\u00e1rio de pedido de isen\u00e7\u00e3o Cad\u00danico<\/a> (publicado em 06\/04\/2026).<\/li>\n<\/ul>\n\n\n\n<h3 class=\"wp-block-heading\"><strong>N\u00famero total de vagas: 8 (verificar edital)<\/strong><\/h3>\n\n\n\n<ul class=\"wp-block-list\">\n<li>Os orientadores do PPCC s\u00f3 podem orientar um n\u00famero m\u00e1ximo de alunos de acordo com as regras estabelecidas internamente pela Comiss\u00e3o Coordenadora do programa.<\/li>\n\n\n\n<li>Est\u00e3o dispon\u00edveis no site as&nbsp;<a href=\"\/ciencia-da-computacao\/linhas-de-pesquisa\">linhas de pesquisa<\/a>&nbsp;e&nbsp;<a href=\"\/ciencia-da-computacao\/corpo-docente\">links para o curr\u00edculo Lattes<\/a>&nbsp;dos orientadores.<\/li>\n\n\n\n<li>A distribui\u00e7\u00e3o das vagas de mestrado entre orientadores est\u00e1 descrita na tabela a seguir:<\/li>\n<\/ul>\n\n\n\n<figure class=\"wp-block-table\"><table class=\"has-fixed-layout\"><tbody><tr><td><strong>Docente<\/strong><\/td><td><strong>N\u00famero de vagas<\/strong><\/td><\/tr><tr><td>Adilson Luiz Bonif\u00e1cio<\/td><td>1<\/td><\/tr><tr><td>Andr\u00e9 Lu\u00eds Andrade Menolli<\/td><td>1<\/td><\/tr><tr><td>Daniel dos Santos Kaster<\/td><td>1<\/td><\/tr><tr><td>Jacques Du\u00edlio Brancher<\/td><td>1<\/td><\/tr><tr><td>Vanessa Tavares de Oliveira Barros<\/td><td>2<\/td><\/tr><tr><td>Wesley Attrot<\/td><td>1<\/td><\/tr><\/tbody><\/table><\/figure>\n\n\n\n<h3 class=\"wp-block-heading\"><strong>Modelos de alguns documentos necess\u00e1rios para inscri\u00e7\u00e3o:<\/strong><\/h3>\n\n\n\n<ul class=\"wp-block-list\">\n<li>Projeto de pesquisa:&nbsp;<a href=\"\/ciencia-da-computacao\/wp-content\/uploads\/2024\/09\/Projeto-de-Pesquisa-Processo-Seletivo-para-o-Mestrado-em-Ciencia-da-Computacao.pdf\">orienta\u00e7\u00f5es sobre o modelo requerido pelo programa<\/a>.<\/li>\n<\/ul>\n\n\n\n<p>A lista completa de documentos requeridos est\u00e1 dispon\u00edvel no edital e deve ser observada com aten\u00e7\u00e3o.<\/p>\n\n\n\n<h3 class=\"wp-block-heading\"><strong>Local<\/strong>&nbsp;<strong>de&nbsp;entrega<\/strong>&nbsp;<strong>dos documentos e informa\u00e7\u00f5es (verificar edital)<\/strong><\/h3>\n\n\n\n<p>N\u00e3o haver\u00e1 entrega f\u00edsica de documenta\u00e7\u00e3o, pessoalmente ou via Correios.<\/p>\n\n\n\n<h3 class=\"wp-block-heading\"><strong>Crit\u00e9rios de sele\u00e7\u00e3o (verificar edital)<\/strong><\/h3>\n\n\n\n<ol class=\"wp-block-list\">\n<li><strong><u>Entrevista &#8211; car\u00e1ter eliminat\u00f3rio (m\u00ednimo 7,0 pontos, numa escala de 0 a 10 pontos)<\/u><\/strong>\n<ul class=\"wp-block-list\">\n<li>O Coordenador do Curso entrar\u00e1 em contato para agendamento da entrevista, que ser\u00e1 realizada remotamente no per\u00edodo definido em edital para tal finalidade.&nbsp;As orienta\u00e7\u00f5es ser\u00e3o encaminhadas para o e-mail informado no ato da inscri\u00e7\u00e3o do candidato;<\/li>\n\n\n\n<li>Na entrevista, o entrevistador arguir\u00e1 o candidato com rela\u00e7\u00e3o a tr\u00eas pontos principais: curr\u00edculo vitae, proposta de projeto de pesquisa e condi\u00e7\u00f5es gerais para cursar o Mestrado. Os crit\u00e9rios de avalia\u00e7\u00e3o ser\u00e3o os seguintes: clareza e objetividade, uso da linguagem (gramatical e cient\u00edfica), dom\u00ednio e seguran\u00e7a na exposi\u00e7\u00e3o de ideias, n\u00edvel de conhecimento geral e espec\u00edfico demonstrado.&nbsp;<\/li>\n<\/ul>\n<\/li>\n\n\n\n<li><strong><u>An\u00e1lise da proposta de projeto de pesquisa car\u00e1ter eliminat\u00f3rio (m\u00ednimo 7,0 pontos, numa escala de 0 a 10 pontos)<\/u><\/strong>\n<ul class=\"wp-block-list\">\n<li>Os seguintes crit\u00e9rios de avalia\u00e7\u00e3o ser\u00e3o utilizados:\n<ol class=\"wp-block-list\">\n<li>O tema de pesquisa est\u00e1 contextualizado, apresentando com clareza o problema que ser\u00e1 abordado e sua relev\u00e2ncia frente ao estado da arte?<\/li>\n\n\n\n<li>Os objetivos est\u00e3o claramente definidos? Os resultados esperados est\u00e3o consistentes com os objetivos propostos?<\/li>\n\n\n\n<li>A fundamenta\u00e7\u00e3o te\u00f3rico metodol\u00f3gica est\u00e1 bem argumentada, com refer\u00eancias bibliogr\u00e1ficas relevantes?<\/li>\n\n\n\n<li>Os m\u00e9todos e t\u00e9cnicas propostos s\u00e3o adequados aos objetivos propostos e possuem refer\u00eancia bibliogr\u00e1fica que d\u00e3o suporte aos mesmos?<\/li>\n\n\n\n<li>O cronograma de desenvolvimento \u00e9 consistente com as atividades propostas?<\/li>\n\n\n\n<li>O projeto possui uma boa apresenta\u00e7\u00e3o, com boa corre\u00e7\u00e3o do portugu\u00eas e uso de linguagem apropriada para um texto acad\u00eamico?<\/li>\n\n\n\n<li>Qual \u00e9 o grau de alinhamento entre o projeto e pelo menos uma \u00e1rea de pesquisa do programa de mestrado?<\/li>\n<\/ol>\n<\/li>\n<\/ul>\n<\/li>\n<\/ol>\n\n\n\n<p><strong><u>O aluno que obtiver nota inferior a 7,0 (numa escala de 0 a 10) na entrevista ou na Proposta de Projeto de pesquisa estar\u00e1 automaticamente desclassificado;<\/u><\/strong><\/p>\n\n\n\n<p><strong><u>Obtendo a nota 7,0 ou superior na entrevista e na proposta de projeto, a nota final para classifica\u00e7\u00e3o ser\u00e1 composta da m\u00e9dia aritm\u00e9tica das duas notas.<\/u><\/strong><\/p>\n","protected":false},"excerpt":{"rendered":"<p>Inscri\u00e7\u00f5es Aluno Regular O PPCC oferece regularmente duas entradas anuais (1\u00ba e 2\u00ba semestres). As informa\u00e7\u00f5es s\u00e3o atualizadas a cada novo processo seletivo. Calend\u00e1rio 2026\/2 (2.o&nbsp;Semestre 2026) Instru\u00e7\u00f5es: N\u00famero total de vagas: 8 (verificar edital) Docente N\u00famero de vagas Adilson Luiz Bonif\u00e1cio 1 Andr\u00e9 Lu\u00eds Andrade Menolli 1 Daniel dos Santos Kaster 1 Jacques Du\u00edlio [&hellip;]<\/p>\n","protected":false},"author":7,"featured_media":0,"parent":0,"menu_order":0,"comment_status":"closed","ping_status":"closed","template":"","meta":{"_acf_changed":false,"footnotes":""},"class_list":["post-21","page","type-page","status-publish","hentry"],"acf":[],"_links":{"self":[{"href":"https:\/\/pos.uel.br\/ciencia-da-computacao\/wp-json\/wp\/v2\/pages\/21","targetHints":{"allow":["GET"]}}],"collection":[{"href":"https:\/\/pos.uel.br\/ciencia-da-computacao\/wp-json\/wp\/v2\/pages"}],"about":[{"href":"https:\/\/pos.uel.br\/ciencia-da-computacao\/wp-json\/wp\/v2\/types\/page"}],"author":[{"embeddable":true,"href":"https:\/\/pos.uel.br\/ciencia-da-computacao\/wp-json\/wp\/v2\/users\/7"}],"replies":[{"embeddable":true,"href":"https:\/\/pos.uel.br\/ciencia-da-computacao\/wp-json\/wp\/v2\/comments?post=21"}],"version-history":[{"count":34,"href":"https:\/\/pos.uel.br\/ciencia-da-computacao\/wp-json\/wp\/v2\/pages\/21\/revisions"}],"predecessor-version":[{"id":530,"href":"https:\/\/pos.uel.br\/ciencia-da-computacao\/wp-json\/wp\/v2\/pages\/21\/revisions\/530"}],"wp:attachment":[{"href":"https:\/\/pos.uel.br\/ciencia-da-computacao\/wp-json\/wp\/v2\/media?parent=21"}],"curies":[{"name":"wp","href":"https:\/\/api.w.org\/{rel}","templated":true}]}}