{"id":110,"date":"2024-09-02T15:17:55","date_gmt":"2024-09-02T18:17:55","guid":{"rendered":"https:\/\/pos.uel.br\/ciencia-da-computacao\/?page_id=110"},"modified":"2026-04-14T10:33:23","modified_gmt":"2026-04-14T13:33:23","slug":"bolsas-e-auxilios-2","status":"publish","type":"page","link":"https:\/\/pos.uel.br\/ciencia-da-computacao\/bolsas-e-auxilios-2\/","title":{"rendered":"Bolsas e Aux\u00edlios"},"content":{"rendered":"\n<h4 class=\"wp-block-heading\">Bolsas<\/h4>\n\n\n\n<p>O programa de Mestrado em Ci\u00eancia da Computa\u00e7\u00e3o conta com bolsas disponibilizadas pelas ag\u00eancias de fomento: CAPES, CNPq e Funda\u00e7\u00e3o Arauc\u00e1ria para seus alunos.<\/p>\n\n\n\n<p>As bolsas s\u00e3o distribu\u00eddas de acordo com uma lista de espera constitu\u00edda seguindo a&nbsp;<a href=\"https:\/\/drive.google.com\/file\/d\/1OL9JhxzS50jFXQmHTzcqKNWWYQ1VJ31G\/view?usp=sharing\"><u>Resolu\u00e7\u00e3o interna 01\/2024<\/u><\/a>. Essa resolu\u00e7\u00e3o regulamenta tamb\u00e9m os requisitos para candidatura e manuten\u00e7\u00e3o de bolsas.&nbsp;<\/p>\n\n\n\n<p>A lista de espera por bolsas pode ser consultada <a href=\"https:\/\/pos.uel.br\/ciencia-da-computacao\/wp-content\/uploads\/2026\/04\/Bolsistas-fila-de-espera-2026-1-Google-Planilhas.pdf\" data-type=\"link\" data-id=\"https:\/\/pos.uel.br\/ciencia-da-computacao\/wp-content\/uploads\/2026\/04\/Bolsistas-fila-de-espera-2026-1-Google-Planilhas.pdf\">aqui<\/a> (publicada em 14\/04\/2026).<\/p>\n\n\n\n<p>A Comiss\u00e3o de Bolsas do programa \u00e9 composta pelos seguintes membros: Bruno Bogaz Zarpel\u00e3o (coordenador do programa), Rodolfo Miranda de Barros (representante docente), e Luana Pereira dos Reis (representante discente).&nbsp;<\/p>\n\n\n\n<p><strong>Aux\u00edlios<\/strong><\/p>\n\n\n\n<p>O programa de Mestrado em Ci\u00eancia da Computa\u00e7\u00e3o oferece aux\u00edlio aos docentes e alunos para apoiar sua produ\u00e7\u00e3o cient\u00edfica, havendo disponibilidade de recursos. As regras espec\u00edficas do programa est\u00e3o regulamentadas na&nbsp;<a href=\"https:\/\/drive.google.com\/file\/d\/1v7-ViTkbGzHu2NE2i7U9KJAqC_UBvty5\/view?usp=sharing\"><u>Resolu\u00e7\u00e3o interna 01\/2023<\/u><\/a>. Os procedimentos para requisitar aux\u00edlios s\u00e3o detalhados nos seguintes links para&nbsp;<a href=\"https:\/\/docs.google.com\/document\/d\/1ov9sn5CPsqs5SjXDMjH8YliiUwDOiQ4rPdjAjZeDISM\/edit?usp=sharing\">docentes<\/a>&nbsp;e&nbsp;<a href=\"https:\/\/docs.google.com\/document\/d\/19G0GkThB8cIEiN3W_Ygce6lx-mPmJvRxXIxvcSMwTe0\/edit?usp=sharing\">discentes<\/a>.<\/p>\n\n\n\n<p><\/p>\n","protected":false},"excerpt":{"rendered":"<p>Bolsas O programa de Mestrado em Ci\u00eancia da Computa\u00e7\u00e3o conta com bolsas disponibilizadas pelas ag\u00eancias de fomento: CAPES, CNPq e Funda\u00e7\u00e3o Arauc\u00e1ria para seus alunos. As bolsas s\u00e3o distribu\u00eddas de acordo com uma lista de espera constitu\u00edda seguindo a&nbsp;Resolu\u00e7\u00e3o interna 01\/2024. Essa resolu\u00e7\u00e3o regulamenta tamb\u00e9m os requisitos para candidatura e manuten\u00e7\u00e3o de bolsas.&nbsp; A lista [&hellip;]<\/p>\n","protected":false},"author":7,"featured_media":0,"parent":0,"menu_order":0,"comment_status":"closed","ping_status":"closed","template":"","meta":{"_acf_changed":false,"footnotes":""},"class_list":["post-110","page","type-page","status-publish","hentry"],"acf":[],"_links":{"self":[{"href":"https:\/\/pos.uel.br\/ciencia-da-computacao\/wp-json\/wp\/v2\/pages\/110","targetHints":{"allow":["GET"]}}],"collection":[{"href":"https:\/\/pos.uel.br\/ciencia-da-computacao\/wp-json\/wp\/v2\/pages"}],"about":[{"href":"https:\/\/pos.uel.br\/ciencia-da-computacao\/wp-json\/wp\/v2\/types\/page"}],"author":[{"embeddable":true,"href":"https:\/\/pos.uel.br\/ciencia-da-computacao\/wp-json\/wp\/v2\/users\/7"}],"replies":[{"embeddable":true,"href":"https:\/\/pos.uel.br\/ciencia-da-computacao\/wp-json\/wp\/v2\/comments?post=110"}],"version-history":[{"count":3,"href":"https:\/\/pos.uel.br\/ciencia-da-computacao\/wp-json\/wp\/v2\/pages\/110\/revisions"}],"predecessor-version":[{"id":536,"href":"https:\/\/pos.uel.br\/ciencia-da-computacao\/wp-json\/wp\/v2\/pages\/110\/revisions\/536"}],"wp:attachment":[{"href":"https:\/\/pos.uel.br\/ciencia-da-computacao\/wp-json\/wp\/v2\/media?parent=110"}],"curies":[{"name":"wp","href":"https:\/\/api.w.org\/{rel}","templated":true}]}}