{"id":9,"date":"2021-04-27T22:23:47","date_gmt":"2021-04-28T01:23:47","guid":{"rendered":"https:\/\/pos.uel.br\/biotecnologia\/?page_id=9"},"modified":"2021-06-07T09:49:16","modified_gmt":"2021-06-07T12:49:16","slug":"sobre-o-programa","status":"publish","type":"page","link":"https:\/\/pos.uel.br\/biotecnologia\/sobre-o-programa\/","title":{"rendered":"Sobre o programa"},"content":{"rendered":"\n<p style=\"font-size:26px\">Bem-vindo ao Programa de P\u00f3s-gradua\u00e7\u00e3o em Biotecnologia<\/p>\n\n\n\n<p>O Departamento de Bioqu\u00edmica e Biotecnologia da Universidade Estadual de Londrina apresenta o Programa de P\u00f3s-gradua\u00e7\u00e3o em Biotecnologia, em n\u00edvel de Mestrado e Doutorado, na \u00e1rea de concentra\u00e7\u00e3o em Biotecnologia Agroindustrial. O programa tem por objetivos formar recursos humanos para atuarem na \u00e1rea acad\u00eamica e n\u00e3o acad\u00eamica, al\u00e9m de produzir conhecimentos cient\u00edficos e tecnol\u00f3gicos inovadores para a Agroind\u00fastria.<\/p>\n","protected":false},"excerpt":{"rendered":"<p>Bem-vindo ao Programa de P\u00f3s-gradua\u00e7\u00e3o em Biotecnologia O Departamento de Bioqu\u00edmica e Biotecnologia da Universidade Estadual de Londrina apresenta o Programa de P\u00f3s-gradua\u00e7\u00e3o em Biotecnologia, em n\u00edvel de Mestrado e Doutorado, na \u00e1rea de concentra\u00e7\u00e3o em Biotecnologia Agroindustrial. O programa tem por objetivos formar recursos humanos para atuarem na \u00e1rea acad\u00eamica e n\u00e3o acad\u00eamica, al\u00e9m [&hellip;]<\/p>\n","protected":false},"author":7,"featured_media":0,"parent":0,"menu_order":0,"comment_status":"closed","ping_status":"closed","template":"","meta":{"_acf_changed":false,"footnotes":""},"class_list":["post-9","page","type-page","status-publish","hentry"],"acf":[],"_links":{"self":[{"href":"https:\/\/pos.uel.br\/biotecnologia\/wp-json\/wp\/v2\/pages\/9","targetHints":{"allow":["GET"]}}],"collection":[{"href":"https:\/\/pos.uel.br\/biotecnologia\/wp-json\/wp\/v2\/pages"}],"about":[{"href":"https:\/\/pos.uel.br\/biotecnologia\/wp-json\/wp\/v2\/types\/page"}],"author":[{"embeddable":true,"href":"https:\/\/pos.uel.br\/biotecnologia\/wp-json\/wp\/v2\/users\/7"}],"replies":[{"embeddable":true,"href":"https:\/\/pos.uel.br\/biotecnologia\/wp-json\/wp\/v2\/comments?post=9"}],"version-history":[{"count":2,"href":"https:\/\/pos.uel.br\/biotecnologia\/wp-json\/wp\/v2\/pages\/9\/revisions"}],"predecessor-version":[{"id":86,"href":"https:\/\/pos.uel.br\/biotecnologia\/wp-json\/wp\/v2\/pages\/9\/revisions\/86"}],"wp:attachment":[{"href":"https:\/\/pos.uel.br\/biotecnologia\/wp-json\/wp\/v2\/media?parent=9"}],"curies":[{"name":"wp","href":"https:\/\/api.w.org\/{rel}","templated":true}]}}