{"id":357,"date":"2022-02-07T15:29:36","date_gmt":"2022-02-07T18:29:36","guid":{"rendered":"https:\/\/pos.uel.br\/biotecnologia\/pagina-inicial-espanol\/"},"modified":"2024-02-02T00:38:29","modified_gmt":"2024-02-02T03:38:29","slug":"pagina-de-inicio","status":"publish","type":"page","link":"https:\/\/pos.uel.br\/biotecnologia\/es\/pagina-de-inicio\/","title":{"rendered":"P\u00e1gina de inicio"},"content":{"rendered":"\n<p>El Programa de Posgrado en Biotecnolog\u00eda (PPG-Biotecnolog\u00eda) de la Universidad Estatal de Londrina (UEL) es un programa de categor\u00eda 6 de la CAPES, que da fe de la excelencia de la calificaci\u00f3n de los profesionales graduados del PPG-Biotecnolog\u00eda. Los docentes del PPG-Biotecnolog\u00eda provienen de diferentes departamentos de la UEL y tambi\u00e9n de Embrapa-Soja. Trabajan en asociaci\u00f3n con el sector productivo y otras instituciones educativas e instalaciones de investigaci\u00f3n nacionales e internacionales. Los alumnos del programa est\u00e1n calificados para trabajar con equipos multidisciplinarios en instituciones educativas p\u00fablicas y privadas y centros de investigaci\u00f3n, industrias y empresas. Est\u00e1n preparados para afrontar las demandas actuales y desarrollar soluciones basadas en herramientas biotecnol\u00f3gicas.<\/p>\n","protected":false},"excerpt":{"rendered":"<p>El Programa de Posgrado en Biotecnolog\u00eda (PPG-Biotecnolog\u00eda) de la Universidad Estatal de Londrina (UEL) es un programa de categor\u00eda 6 de la CAPES, que da fe de la excelencia de la calificaci\u00f3n de los profesionales graduados del PPG-Biotecnolog\u00eda. Los docentes del PPG-Biotecnolog\u00eda provienen de diferentes departamentos de la UEL y tambi\u00e9n de Embrapa-Soja. Trabajan en [&hellip;]<\/p>\n","protected":false},"author":10,"featured_media":0,"parent":0,"menu_order":0,"comment_status":"closed","ping_status":"closed","template":"","meta":{"_acf_changed":false,"footnotes":""},"class_list":["post-357","page","type-page","status-publish","hentry"],"acf":[],"_links":{"self":[{"href":"https:\/\/pos.uel.br\/biotecnologia\/wp-json\/wp\/v2\/pages\/357","targetHints":{"allow":["GET"]}}],"collection":[{"href":"https:\/\/pos.uel.br\/biotecnologia\/wp-json\/wp\/v2\/pages"}],"about":[{"href":"https:\/\/pos.uel.br\/biotecnologia\/wp-json\/wp\/v2\/types\/page"}],"author":[{"embeddable":true,"href":"https:\/\/pos.uel.br\/biotecnologia\/wp-json\/wp\/v2\/users\/10"}],"replies":[{"embeddable":true,"href":"https:\/\/pos.uel.br\/biotecnologia\/wp-json\/wp\/v2\/comments?post=357"}],"version-history":[{"count":2,"href":"https:\/\/pos.uel.br\/biotecnologia\/wp-json\/wp\/v2\/pages\/357\/revisions"}],"predecessor-version":[{"id":1179,"href":"https:\/\/pos.uel.br\/biotecnologia\/wp-json\/wp\/v2\/pages\/357\/revisions\/1179"}],"wp:attachment":[{"href":"https:\/\/pos.uel.br\/biotecnologia\/wp-json\/wp\/v2\/media?parent=357"}],"curies":[{"name":"wp","href":"https:\/\/api.w.org\/{rel}","templated":true}]}}