{"id":11,"date":"2021-04-27T22:23:47","date_gmt":"2021-04-28T01:23:47","guid":{"rendered":"https:\/\/pos.uel.br\/biotecnologia\/?page_id=11"},"modified":"2021-06-07T09:52:42","modified_gmt":"2021-06-07T12:52:42","slug":"areas-de-concentracao","status":"publish","type":"page","link":"https:\/\/pos.uel.br\/biotecnologia\/areas-de-concentracao\/","title":{"rendered":"\u00c1reas de concentra\u00e7\u00e3o"},"content":{"rendered":"\n<p>O PPG Biotecnologia organiza-se em uma \u00fanica \u00e1rea de concentra\u00e7\u00e3o denominada Biotecnologia Agroindustrial, em sintonia com a voca\u00e7\u00e3o da regi\u00e3o metropolitana de Londrina, do Estado do Paran\u00e1 e do Brasil. Os trabalhos de pesquisa conduzidos em Biotecnologia Agroindustrial buscam desenvolver m\u00e9todos, t\u00e9cnicas, processos e produtos biotecnol\u00f3gicos que possam agregar valor \u00e0s mat\u00e9rias primas agr\u00edcolas; explorar a biodiversidade microbiana e suas fun\u00e7\u00f5es biol\u00f3gicas; promover o desenvolvimento sustent\u00e1vel; disponibilizar novas tecnologias limpas e n\u00e3o poluentes.<\/p>\n","protected":false},"excerpt":{"rendered":"<p>O PPG Biotecnologia organiza-se em uma \u00fanica \u00e1rea de concentra\u00e7\u00e3o denominada Biotecnologia Agroindustrial, em sintonia com a voca\u00e7\u00e3o da regi\u00e3o metropolitana de Londrina, do Estado do Paran\u00e1 e do Brasil. Os trabalhos de pesquisa conduzidos em Biotecnologia Agroindustrial buscam desenvolver m\u00e9todos, t\u00e9cnicas, processos e produtos biotecnol\u00f3gicos que possam agregar valor \u00e0s mat\u00e9rias primas agr\u00edcolas; explorar [&hellip;]<\/p>\n","protected":false},"author":7,"featured_media":0,"parent":0,"menu_order":0,"comment_status":"closed","ping_status":"closed","template":"","meta":{"_acf_changed":false,"footnotes":""},"class_list":["post-11","page","type-page","status-publish","hentry"],"acf":[],"_links":{"self":[{"href":"https:\/\/pos.uel.br\/biotecnologia\/wp-json\/wp\/v2\/pages\/11","targetHints":{"allow":["GET"]}}],"collection":[{"href":"https:\/\/pos.uel.br\/biotecnologia\/wp-json\/wp\/v2\/pages"}],"about":[{"href":"https:\/\/pos.uel.br\/biotecnologia\/wp-json\/wp\/v2\/types\/page"}],"author":[{"embeddable":true,"href":"https:\/\/pos.uel.br\/biotecnologia\/wp-json\/wp\/v2\/users\/7"}],"replies":[{"embeddable":true,"href":"https:\/\/pos.uel.br\/biotecnologia\/wp-json\/wp\/v2\/comments?post=11"}],"version-history":[{"count":2,"href":"https:\/\/pos.uel.br\/biotecnologia\/wp-json\/wp\/v2\/pages\/11\/revisions"}],"predecessor-version":[{"id":88,"href":"https:\/\/pos.uel.br\/biotecnologia\/wp-json\/wp\/v2\/pages\/11\/revisions\/88"}],"wp:attachment":[{"href":"https:\/\/pos.uel.br\/biotecnologia\/wp-json\/wp\/v2\/media?parent=11"}],"curies":[{"name":"wp","href":"https:\/\/api.w.org\/{rel}","templated":true}]}}