{"id":1032,"date":"2023-11-15T17:46:57","date_gmt":"2023-11-15T20:46:57","guid":{"rendered":"https:\/\/pos.uel.br\/biotecnologia\/?page_id=1032"},"modified":"2024-02-02T00:43:18","modified_gmt":"2024-02-02T03:43:18","slug":"doctorate","status":"publish","type":"page","link":"https:\/\/pos.uel.br\/biotecnologia\/en\/doctorate\/","title":{"rendered":"Doctorate"},"content":{"rendered":"\n<p>Vacancies &#8211; up to 8 (eight) vacancies are offered to regular students, depending on the availability of the supervisors.&nbsp; Top-ranking candidates may be offered a scholarship (CAPES, CNPq, FUNDA\u00c7\u00c3O ARAUC\u00c1RIA), depending on the number of quotas provided by the funding agencies.<\/p>\n\n\n\n<p>Mode of Study &#8211; 4 years (8 semesters) full-time (including the PhD dissertation).<\/p>\n\n\n\n<p>Application process &#8211; the candidate selection process follows two steps:<\/p>\n\n\n\n<p>I. Biotechnology written exam (interpretation of experimental results);<\/p>\n\n\n\n<p>II. Documented CV analysis;<\/p>\n\n\n\n<p><strong>Biomolecules and biopolymers of industrial interest<\/strong><\/p>\n\n\n\n<p>Dra. Cristiani Baldo da Rocha<\/p>\n\n\n\n<p>Dra. Daniele Sartori<\/p>\n\n\n\n<p>Dr. Doumit Camilios Neto<\/p>\n\n\n\n<p>Dr. Fabio Yamashita<\/p>\n\n\n\n<p>Dra. Josiane Alessandra Vignoli<\/p>\n\n\n\n<p>Dra. Maria Antonia Pedrine Colabone Celligoi<\/p>\n\n\n\n<p>Dra. Renata Katsuko Takayama Kobayashi<\/p>\n\n\n\n<p>Dra. Suzana Mali de Oliveira<\/p>\n\n\n\n<p><strong>Biochemistry of microorganisms<\/strong><\/p>\n\n\n\n<p>Dra. Daniele Sartori<\/p>\n\n\n\n<p>Dr. Doumit Camilios Neto<\/p>\n\n\n\n<p>Dra. Elisabete Yurie Sataque Ono<\/p>\n\n\n\n<p>Dra. Fabiana Guillen Moreira Gasparin<\/p>\n\n\n\n<p>Dra. Josiane Alessandra Vignoli<\/p>\n\n\n\n<p><strong>Biotechnology of microorganisms and plants<\/strong><\/p>\n\n\n\n<p>Dr. Andr\u00e9 Luiz Martinez de Oliveira<\/p>\n\n\n\n<p>Dra. Elisete Pains Rodrigues<\/p>\n\n\n\n<p>Dra. Francismar Corr\u00eaa Marcelino Guimar\u00e3es<\/p>\n\n\n\n<p>Dra. Liliane Marcia Mertz Henning<\/p>\n\n\n\n<p>Dra. Mari\u00e2ngela Hungria da Cunha<\/p>\n","protected":false},"excerpt":{"rendered":"<p>Vacancies &#8211; up to 8 (eight) vacancies are offered to regular students, depending on the availability of the supervisors.&nbsp; Top-ranking candidates may be offered a scholarship (CAPES, CNPq, FUNDA\u00c7\u00c3O ARAUC\u00c1RIA), depending on the number of quotas provided by the funding agencies. Mode of Study &#8211; 4 years (8 semesters) full-time (including the PhD dissertation). Application [&hellip;]<\/p>\n","protected":false},"author":15,"featured_media":0,"parent":0,"menu_order":0,"comment_status":"closed","ping_status":"closed","template":"","meta":{"_acf_changed":false,"footnotes":""},"class_list":["post-1032","page","type-page","status-publish","hentry"],"acf":[],"_links":{"self":[{"href":"https:\/\/pos.uel.br\/biotecnologia\/wp-json\/wp\/v2\/pages\/1032","targetHints":{"allow":["GET"]}}],"collection":[{"href":"https:\/\/pos.uel.br\/biotecnologia\/wp-json\/wp\/v2\/pages"}],"about":[{"href":"https:\/\/pos.uel.br\/biotecnologia\/wp-json\/wp\/v2\/types\/page"}],"author":[{"embeddable":true,"href":"https:\/\/pos.uel.br\/biotecnologia\/wp-json\/wp\/v2\/users\/15"}],"replies":[{"embeddable":true,"href":"https:\/\/pos.uel.br\/biotecnologia\/wp-json\/wp\/v2\/comments?post=1032"}],"version-history":[{"count":4,"href":"https:\/\/pos.uel.br\/biotecnologia\/wp-json\/wp\/v2\/pages\/1032\/revisions"}],"predecessor-version":[{"id":1186,"href":"https:\/\/pos.uel.br\/biotecnologia\/wp-json\/wp\/v2\/pages\/1032\/revisions\/1186"}],"wp:attachment":[{"href":"https:\/\/pos.uel.br\/biotecnologia\/wp-json\/wp\/v2\/media?parent=1032"}],"curies":[{"name":"wp","href":"https:\/\/api.w.org\/{rel}","templated":true}]}}