{"id":1027,"date":"2023-11-15T17:45:30","date_gmt":"2023-11-15T20:45:30","guid":{"rendered":"https:\/\/pos.uel.br\/biotecnologia\/?page_id=1027"},"modified":"2024-02-02T15:36:17","modified_gmt":"2024-02-02T18:36:17","slug":"maestria","status":"publish","type":"page","link":"https:\/\/pos.uel.br\/biotecnologia\/es\/maestria\/","title":{"rendered":"Maestr\u00eda"},"content":{"rendered":"\n<p>Vacantes &#8211; se ofrecen hasta 25 (veinticinco) vacantes a estudiantes regulares, dependiendo de la disponibilidad de los supervisores. A los candidatos mejor clasificados se les podr\u00e1 ofrecer una beca (CAPES, CNPq, FUNDA\u00c7\u00c3O ARAUC\u00c1RIA), dependiendo del n\u00famero de becas otorgadas por las agencias financiadoras.<\/p>\n\n\n\n<p>Modalidad de estudio: 2 a\u00f1os (4 semestres) a tiempo completo (incluida la tesis de maestr\u00eda).<\/p>\n\n\n\n<p>Proceso de solicitud: el proceso de selecci\u00f3n de candidatos sigue dos pasos:<\/p>\n\n\n\n<p>I. Examen escrito de Bioqu\u00edmica;<\/p>\n\n\n\n<p>II. An\u00e1lisis de Curr\u00edculo Vitae (CV) documentado.<\/p>\n\n\n\n<p><strong>Biomolecules and biopolymers of industrial interest<\/strong><\/p>\n\n\n\n<p>Dra. Cristiani Baldo da Rocha<\/p>\n\n\n\n<p>Dra. Daniele Sartori<\/p>\n\n\n\n<p>Dr. Doumit Camilios Neto<\/p>\n\n\n\n<p>Dr. Fabio Yamashita<\/p>\n\n\n\n<p>Dra. Josiane Alessandra Vignoli<\/p>\n\n\n\n<p>Dra. Maria Antonia Pedrine Colabone Celligoi<\/p>\n\n\n\n<p>Dra. Renata Katsuko Takayama Kobayashi<\/p>\n\n\n\n<p>Dra. Suzana Mali de Oliveira<\/p>\n\n\n\n<p><strong>Biochemistry of microorganisms<\/strong><\/p>\n\n\n\n<p>Dra. Daniele Sartori<\/p>\n\n\n\n<p>Dr. Doumit Camilios Neto<\/p>\n\n\n\n<p>Dra. Elisabete Yurie Sataque Ono<\/p>\n\n\n\n<p>Dra. Fabiana Guillen Moreira Gasparin<\/p>\n\n\n\n<p>Dra. Josiane Alessandra Vignoli<\/p>\n\n\n\n<p><strong>Biotechnology of microorganisms and plants<\/strong><\/p>\n\n\n\n<p>Dr. Andr\u00e9 Luiz Martinez de Oliveira<\/p>\n\n\n\n<p>Dra. Elisete Pains Rodrigues<\/p>\n\n\n\n<p>Dra. Francismar Corr\u00eaa Marcelino Guimar\u00e3es<\/p>\n\n\n\n<p>Dra. Liliane Marcia Mertz Henning<\/p>\n\n\n\n<p>Dra. Mari\u00e2ngela Hungria da Cunha<\/p>\n","protected":false},"excerpt":{"rendered":"<p>Vacantes &#8211; se ofrecen hasta 25 (veinticinco) vacantes a estudiantes regulares, dependiendo de la disponibilidad de los supervisores. A los candidatos mejor clasificados se les podr\u00e1 ofrecer una beca (CAPES, CNPq, FUNDA\u00c7\u00c3O ARAUC\u00c1RIA), dependiendo del n\u00famero de becas otorgadas por las agencias financiadoras. Modalidad de estudio: 2 a\u00f1os (4 semestres) a tiempo completo (incluida la [&hellip;]<\/p>\n","protected":false},"author":15,"featured_media":0,"parent":0,"menu_order":0,"comment_status":"closed","ping_status":"closed","template":"","meta":{"_acf_changed":false,"footnotes":""},"class_list":["post-1027","page","type-page","status-publish","hentry"],"acf":[],"_links":{"self":[{"href":"https:\/\/pos.uel.br\/biotecnologia\/wp-json\/wp\/v2\/pages\/1027","targetHints":{"allow":["GET"]}}],"collection":[{"href":"https:\/\/pos.uel.br\/biotecnologia\/wp-json\/wp\/v2\/pages"}],"about":[{"href":"https:\/\/pos.uel.br\/biotecnologia\/wp-json\/wp\/v2\/types\/page"}],"author":[{"embeddable":true,"href":"https:\/\/pos.uel.br\/biotecnologia\/wp-json\/wp\/v2\/users\/15"}],"replies":[{"embeddable":true,"href":"https:\/\/pos.uel.br\/biotecnologia\/wp-json\/wp\/v2\/comments?post=1027"}],"version-history":[{"count":3,"href":"https:\/\/pos.uel.br\/biotecnologia\/wp-json\/wp\/v2\/pages\/1027\/revisions"}],"predecessor-version":[{"id":1188,"href":"https:\/\/pos.uel.br\/biotecnologia\/wp-json\/wp\/v2\/pages\/1027\/revisions\/1188"}],"wp:attachment":[{"href":"https:\/\/pos.uel.br\/biotecnologia\/wp-json\/wp\/v2\/media?parent=1027"}],"curies":[{"name":"wp","href":"https:\/\/api.w.org\/{rel}","templated":true}]}}