{"id":901,"date":"2021-11-12T11:08:18","date_gmt":"2021-11-12T14:08:18","guid":{"rendered":"https:\/\/pos.uel.br\/biologicas\/?page_id=901"},"modified":"2022-09-12T21:08:22","modified_gmt":"2022-09-13T00:08:22","slug":"colaboradores","status":"publish","type":"page","link":"https:\/\/pos.uel.br\/biologicas\/colaboradores\/","title":{"rendered":"Colaboradores do s\u00edtio PELD"},"content":{"rendered":"\n<h2 class=\"wp-block-heading\">Internacionais<\/h2>\n\n\n\n<div class=\"wp-block-media-text alignwide is-stacked-on-mobile\" style=\"grid-template-columns:26% auto\"><figure class=\"wp-block-media-text__media\"><img loading=\"lazy\" decoding=\"async\" width=\"650\" height=\"866\" src=\"https:\/\/pos.uel.br\/biologicas\/wp-content\/uploads\/2021\/10\/Manuela.png\" alt=\"\" class=\"wp-image-902 size-full\" srcset=\"https:\/\/pos.uel.br\/biologicas\/wp-content\/uploads\/2021\/10\/Manuela.png 650w, https:\/\/pos.uel.br\/biologicas\/wp-content\/uploads\/2021\/10\/Manuela-225x300.png 225w\" sizes=\"auto, (max-width: 650px) 100vw, 650px\" \/><\/figure><div class=\"wp-block-media-text__content\">\n<p><strong>Dra. Manuela Gonz\u00e1les-Suar\u00e9z da University of reading<\/strong><\/p>\n\n\n\n<p><strong>L\u00edder do \u201cEcology and Conservation Lab\u201d (<\/strong><a href=\"https:\/\/sites.google.com\/site\/manuelagonzalezsuarez\/Home?authuser=0\"><strong>EcCo<\/strong><\/a><strong>)<\/strong><\/p>\n\n\n\n<p>O grupo de pesquisa da Profa. Manuela estuda os mecanismos associados a perda de esp\u00e9cies e o desenvolvimento de m\u00e9todos capazes de prever a perda de biodiversidade futura com o intuito de elaborar estrat\u00e9gias para conserva\u00e7\u00e3o da biodiversidade. O laborat\u00f3rio est\u00e1 envolvido na s\u00edntese de dados e elabora\u00e7\u00e3o de modelos com dados j\u00e1 existentes, mas tamb\u00e9m trabalham com coleta de dados em campo. O principal foco s\u00e3o as esp\u00e9cies de vertebrados.<\/p>\n\n\n\n<p><strong>Atua\u00e7\u00e3o no sub-projeto: <\/strong>Monitoramento de mam\u00edferos de m\u00e9dio e grande porte.<\/p>\n<\/div><\/div>\n\n\n\n<div class=\"wp-block-media-text alignwide is-stacked-on-mobile\" style=\"grid-template-columns:26% auto\"><figure class=\"wp-block-media-text__media\"><img loading=\"lazy\" decoding=\"async\" width=\"804\" height=\"1024\" src=\"https:\/\/pos.uel.br\/biologicas\/wp-content\/uploads\/2021\/11\/Foto_Bia-804x1024.jpeg\" alt=\"\" class=\"wp-image-928 size-full\" srcset=\"https:\/\/pos.uel.br\/biologicas\/wp-content\/uploads\/2021\/11\/Foto_Bia-804x1024.jpeg 804w, https:\/\/pos.uel.br\/biologicas\/wp-content\/uploads\/2021\/11\/Foto_Bia-235x300.jpeg 235w, https:\/\/pos.uel.br\/biologicas\/wp-content\/uploads\/2021\/11\/Foto_Bia-768x979.jpeg 768w, https:\/\/pos.uel.br\/biologicas\/wp-content\/uploads\/2021\/11\/Foto_Bia.jpeg 919w\" sizes=\"auto, (max-width: 804px) 100vw, 804px\" \/><\/figure><div class=\"wp-block-media-text__content\">\n<p class=\"has-normal-font-size\"><strong>Dra. Bia de Arruda Almeida <\/strong><\/p>\n\n\n\n<p><strong>Pesquisadora na Estaci\u00f3n Biol\u00f3gica de Do\u00f1ana<\/strong> &#8211; <strong>Department of Wetland Ecology<\/strong><\/p>\n\n\n\n<p>Trabalha com ecologia funcional com foco em aves lim\u00edlcolas<\/p>\n\n\n\n<p><strong>Atua\u00e7\u00e3o no sub-projeto:<\/strong> Monitoramento de aves<\/p>\n<\/div><\/div>\n\n\n\n<div class=\"wp-block-media-text alignwide is-stacked-on-mobile\" style=\"grid-template-columns:26% auto\"><figure class=\"wp-block-media-text__media\"><img loading=\"lazy\" decoding=\"async\" width=\"1024\" height=\"768\" src=\"https:\/\/pos.uel.br\/biologicas\/wp-content\/uploads\/2021\/11\/Bob-Holt-1024x768.jpg\" alt=\"\" class=\"wp-image-950 size-full\" srcset=\"https:\/\/pos.uel.br\/biologicas\/wp-content\/uploads\/2021\/11\/Bob-Holt-1024x768.jpg 1024w, https:\/\/pos.uel.br\/biologicas\/wp-content\/uploads\/2021\/11\/Bob-Holt-300x225.jpg 300w, https:\/\/pos.uel.br\/biologicas\/wp-content\/uploads\/2021\/11\/Bob-Holt-768x576.jpg 768w, https:\/\/pos.uel.br\/biologicas\/wp-content\/uploads\/2021\/11\/Bob-Holt-1536x1152.jpg 1536w, https:\/\/pos.uel.br\/biologicas\/wp-content\/uploads\/2021\/11\/Bob-Holt-2048x1536.jpg 2048w\" sizes=\"auto, (max-width: 1024px) 100vw, 1024px\" \/><\/figure><div class=\"wp-block-media-text__content\">\n<p><strong>Dr. Robert D. Holt<\/strong><\/p>\n\n\n\n<p>Department o<strong>f Biology<\/strong>, <a href=\"https:\/\/people.clas.ufl.edu\/rdholt\/\" target=\"_blank\" rel=\"noreferrer noopener\">University of Florida<\/a><\/p>\n\n\n\n<p>Ecologia te\u00f3rica ao n\u00edvel de popula\u00e7\u00f5es e comunidades<\/p>\n\n\n\n<p><strong>Atua\u00e7\u00e3o no sub-projeto:<\/strong> Monitoramento de aves<\/p>\n<\/div><\/div>\n","protected":false},"excerpt":{"rendered":"<p>Internacionais Dra. Manuela Gonz\u00e1les-Suar\u00e9z da University of reading L\u00edder do \u201cEcology and Conservation Lab\u201d (EcCo) O grupo de pesquisa da Profa. Manuela estuda os mecanismos associados a perda de esp\u00e9cies e o desenvolvimento de m\u00e9todos capazes de prever a perda de biodiversidade futura com o intuito de elaborar estrat\u00e9gias para conserva\u00e7\u00e3o da biodiversidade. O laborat\u00f3rio [&hellip;]<\/p>\n","protected":false},"author":9,"featured_media":0,"parent":0,"menu_order":0,"comment_status":"closed","ping_status":"closed","template":"","meta":{"footnotes":""},"class_list":["post-901","page","type-page","status-publish","hentry"],"acf":[],"_links":{"self":[{"href":"https:\/\/pos.uel.br\/biologicas\/wp-json\/wp\/v2\/pages\/901","targetHints":{"allow":["GET"]}}],"collection":[{"href":"https:\/\/pos.uel.br\/biologicas\/wp-json\/wp\/v2\/pages"}],"about":[{"href":"https:\/\/pos.uel.br\/biologicas\/wp-json\/wp\/v2\/types\/page"}],"author":[{"embeddable":true,"href":"https:\/\/pos.uel.br\/biologicas\/wp-json\/wp\/v2\/users\/9"}],"replies":[{"embeddable":true,"href":"https:\/\/pos.uel.br\/biologicas\/wp-json\/wp\/v2\/comments?post=901"}],"version-history":[{"count":7,"href":"https:\/\/pos.uel.br\/biologicas\/wp-json\/wp\/v2\/pages\/901\/revisions"}],"predecessor-version":[{"id":1300,"href":"https:\/\/pos.uel.br\/biologicas\/wp-json\/wp\/v2\/pages\/901\/revisions\/1300"}],"wp:attachment":[{"href":"https:\/\/pos.uel.br\/biologicas\/wp-json\/wp\/v2\/media?parent=901"}],"curies":[{"name":"wp","href":"https:\/\/api.w.org\/{rel}","templated":true}]}}

Colaboradores do sítio PELD

<h2 class="wp-block-heading">Internacionais</h2>



<div class="wp-block-media-text alignwide is-stacked-on-mobile" style="grid-template-columns:26% auto"><figure class="wp-block-media-text__media"><img loading="lazy" decoding="async" width="650" height="866" src="https://pos.uel.br/biologicas/wp-content/uploads/2021/10/Manuela.png" alt="" class="wp-image-902 size-full" srcset="https://pos.uel.br/biologicas/wp-content/uploads/2021/10/Manuela.png 650w, https://pos.uel.br/biologicas/wp-content/uploads/2021/10/Manuela-225x300.png 225w" sizes="auto, (max-width: 650px) 100vw, 650px" /></figure><div class="wp-block-media-text__content">
<p><strong>Dra. Manuela Gonzáles-Suaréz da University of reading</strong></p>



<p><strong>Líder do “Ecology and Conservation Lab” (</strong><a href="https://sites.google.com/site/manuelagonzalezsuarez/Home?authuser=0"><strong>EcCo</strong></a><strong>)</strong></p>



<p>O grupo de pesquisa da Profa. Manuela estuda os mecanismos associados a perda de espécies e o desenvolvimento de métodos capazes de prever a perda de biodiversidade futura com o intuito de elaborar estratégias para conservação da biodiversidade. O laboratório está envolvido na síntese de dados e elaboração de modelos com dados já existentes, mas também trabalham com coleta de dados em campo. O principal foco são as espécies de vertebrados.</p>



<p><strong>Atuação no sub-projeto: </strong>Monitoramento de mamíferos de médio e grande porte.</p>
</div></div>



<div class="wp-block-media-text alignwide is-stacked-on-mobile" style="grid-template-columns:26% auto"><figure class="wp-block-media-text__media"><img loading="lazy" decoding="async" width="804" height="1024" src="https://pos.uel.br/biologicas/wp-content/uploads/2021/11/Foto_Bia-804x1024.jpeg" alt="" class="wp-image-928 size-full" srcset="https://pos.uel.br/biologicas/wp-content/uploads/2021/11/Foto_Bia-804x1024.jpeg 804w, https://pos.uel.br/biologicas/wp-content/uploads/2021/11/Foto_Bia-235x300.jpeg 235w, https://pos.uel.br/biologicas/wp-content/uploads/2021/11/Foto_Bia-768x979.jpeg 768w, https://pos.uel.br/biologicas/wp-content/uploads/2021/11/Foto_Bia.jpeg 919w" sizes="auto, (max-width: 804px) 100vw, 804px" /></figure><div class="wp-block-media-text__content">
<p class="has-normal-font-size"><strong>Dra. Bia de Arruda Almeida </strong></p>



<p><strong>Pesquisadora na Estación Biológica de Doñana</strong> &#8211; <strong>Department of Wetland Ecology</strong></p>



<p>Trabalha com ecologia funcional com foco em aves limílcolas</p>



<p><strong>Atuação no sub-projeto:</strong> Monitoramento de aves</p>
</div></div>



<div class="wp-block-media-text alignwide is-stacked-on-mobile" style="grid-template-columns:26% auto"><figure class="wp-block-media-text__media"><img loading="lazy" decoding="async" width="1024" height="768" src="https://pos.uel.br/biologicas/wp-content/uploads/2021/11/Bob-Holt-1024x768.jpg" alt="" class="wp-image-950 size-full" srcset="https://pos.uel.br/biologicas/wp-content/uploads/2021/11/Bob-Holt-1024x768.jpg 1024w, https://pos.uel.br/biologicas/wp-content/uploads/2021/11/Bob-Holt-300x225.jpg 300w, https://pos.uel.br/biologicas/wp-content/uploads/2021/11/Bob-Holt-768x576.jpg 768w, https://pos.uel.br/biologicas/wp-content/uploads/2021/11/Bob-Holt-1536x1152.jpg 1536w, https://pos.uel.br/biologicas/wp-content/uploads/2021/11/Bob-Holt-2048x1536.jpg 2048w" sizes="auto, (max-width: 1024px) 100vw, 1024px" /></figure><div class="wp-block-media-text__content">
<p><strong>Dr. Robert D. Holt</strong></p>



<p>Department o<strong>f Biology</strong>, <a href="https://people.clas.ufl.edu/rdholt/" target="_blank" rel="noreferrer noopener">University of Florida</a></p>



<p>Ecologia teórica ao nível de populações e comunidades</p>



<p><strong>Atuação no sub-projeto:</strong> Monitoramento de aves</p>
</div></div>

<p>Internacionais Dra. Manuela Gonzáles-Suaréz da University of reading Líder do “Ecology and Conservation Lab” (EcCo) O grupo de pesquisa da Profa. Manuela estuda os mecanismos associados a perda de espécies e o desenvolvimento de métodos capazes de prever a perda de biodiversidade futura com o intuito de elaborar estratégias para conservação da biodiversidade. O laboratório [&hellip;]</p>
