{"id":71,"date":"2021-05-16T11:47:22","date_gmt":"2021-05-16T14:47:22","guid":{"rendered":"https:\/\/pos.uel.br\/biologicas\/?page_id=71"},"modified":"2021-06-24T23:18:27","modified_gmt":"2021-06-25T02:18:27","slug":"publicacoes","status":"publish","type":"page","link":"https:\/\/pos.uel.br\/biologicas\/publicacoes\/","title":{"rendered":"Publica\u00e7\u00f5es"},"content":{"rendered":"\n<p class=\"has-primary-accent-color has-text-color has-medium-font-size\"><strong>Disserta\u00e7\u00f5es e Teses<\/strong><\/p>\n\n\n\n<div style=\"height:30px\" aria-hidden=\"true\" class=\"wp-block-spacer\"><\/div>\n\n\n\n<p id=\"block-33348ee6-57c8-42d5-a9ea-a7227370d17f\">As disserta\u00e7\u00f5es e teses do PPG-CB est\u00e3o disponibilizadas no site da Biblioteca Central da UEL:&nbsp;<\/p>\n\n\n\n<p><a href=\"http:\/\/www.bibliotecadigital.uel.br\/document\/list.php?tid=91\">http:\/\/www.bibliotecadigital.uel.br\/document\/list.php?tid=91<\/a><\/p>\n\n\n\n<div style=\"height:59px\" aria-hidden=\"true\" class=\"wp-block-spacer\"><\/div>\n\n\n\n<p class=\"has-primary-accent-color has-text-color has-medium-font-size\"><strong>Livros<\/strong><\/p>\n\n\n\n<div style=\"height:30px\" aria-hidden=\"true\" class=\"wp-block-spacer\"><\/div>\n\n\n\n<p><a href=\"https:\/\/pos.uel.br\/biologicas\/wp-content\/uploads\/2021\/06\/Livro-A-Bacia-do-Tibagi.pdf\">A Bacia do Rio Tibagi<\/a><\/p>\n\n\n\n<p><a href=\"https:\/\/pos.uel.br\/biologicas\/wp-content\/uploads\/2021\/06\/Livro-completo-Mamiferos-do-Brasil.pdf\">Mam\u00edferos do Brasil<\/a><\/p>\n\n\n\n<p><a href=\"https:\/\/pos.uel.br\/biologicas\/wp-content\/uploads\/2021\/06\/Morcegos_do_Brasil.pdf\">Morcegos do Brasil<\/a><\/p>\n\n\n\n<div style=\"height:58px\" aria-hidden=\"true\" class=\"wp-block-spacer\"><\/div>\n\n\n\n<p class=\"has-primary-accent-color has-text-color has-medium-font-size\"><strong>Artigos cient\u00edficos<\/strong><\/p>\n\n\n\n<p>Os docentes do Programa est\u00e3o conseguindo qualificar suas pesquisas a ponto de conseguirem publicar artigos em revistas de alto impacto no JCR. Ao longo do quadri\u00eanio 2017-2020, foram publicados artigos em revistas como Nature Ecology &amp; Evolution (12,543), Journal of Experimental Botany (5,908), Science of the Total Environment (5,589), Scientific Reports (4,12), Journal of Biogeography (3,723), OIKOS (3,37), Environmental Toxicology and Chemistry (3,179), Botanical Journal of the Linnean Society (3,057), Ecology and Evolution (2,34), Planta (3,39), Freshwater Biology (3,835), Aquatic Invasions (1,856) e Ecology (4,7). Isso demonstra a qualidade das pesquisas realizadas, o que ir\u00e1 se refletir na melhor forma\u00e7\u00e3o do corpo discente.<\/p>\n\n\n\n<div style=\"height:30px\" aria-hidden=\"true\" class=\"wp-block-spacer\"><\/div>\n\n\n\n<p><strong>ATEN\u00c7\u00c3O! <\/strong>Em breve teremos atualiza\u00e7\u00f5es nesta p\u00e1gina, com mais informa\u00e7\u00f5es sobre as principais publica\u00e7\u00f5es de docentes e discentes do PPG-CB!<\/p>\n","protected":false},"excerpt":{"rendered":"<p>Disserta\u00e7\u00f5es e Teses As disserta\u00e7\u00f5es e teses do PPG-CB est\u00e3o disponibilizadas no site da Biblioteca Central da UEL:&nbsp; http:\/\/www.bibliotecadigital.uel.br\/document\/list.php?tid=91 Livros A Bacia do Rio Tibagi Mam\u00edferos do Brasil Morcegos do Brasil Artigos cient\u00edficos Os docentes do Programa est\u00e3o conseguindo qualificar suas pesquisas a ponto de conseguirem publicar artigos em revistas de alto impacto no JCR. [&hellip;]<\/p>\n","protected":false},"author":7,"featured_media":0,"parent":0,"menu_order":0,"comment_status":"closed","ping_status":"closed","template":"","meta":{"footnotes":""},"class_list":["post-71","page","type-page","status-publish","hentry"],"acf":[],"_links":{"self":[{"href":"https:\/\/pos.uel.br\/biologicas\/wp-json\/wp\/v2\/pages\/71","targetHints":{"allow":["GET"]}}],"collection":[{"href":"https:\/\/pos.uel.br\/biologicas\/wp-json\/wp\/v2\/pages"}],"about":[{"href":"https:\/\/pos.uel.br\/biologicas\/wp-json\/wp\/v2\/types\/page"}],"author":[{"embeddable":true,"href":"https:\/\/pos.uel.br\/biologicas\/wp-json\/wp\/v2\/users\/7"}],"replies":[{"embeddable":true,"href":"https:\/\/pos.uel.br\/biologicas\/wp-json\/wp\/v2\/comments?post=71"}],"version-history":[{"count":6,"href":"https:\/\/pos.uel.br\/biologicas\/wp-json\/wp\/v2\/pages\/71\/revisions"}],"predecessor-version":[{"id":661,"href":"https:\/\/pos.uel.br\/biologicas\/wp-json\/wp\/v2\/pages\/71\/revisions\/661"}],"wp:attachment":[{"href":"https:\/\/pos.uel.br\/biologicas\/wp-json\/wp\/v2\/media?parent=71"}],"curies":[{"name":"wp","href":"https:\/\/api.w.org\/{rel}","templated":true}]}}