{"id":636,"date":"2021-06-23T17:15:07","date_gmt":"2021-06-23T20:15:07","guid":{"rendered":"https:\/\/pos.uel.br\/biologicas\/?page_id=636"},"modified":"2021-06-23T17:28:24","modified_gmt":"2021-06-23T20:28:24","slug":"objetivos-e-missao","status":"publish","type":"page","link":"https:\/\/pos.uel.br\/biologicas\/objetivos-e-missao\/","title":{"rendered":"Objetivos, Miss\u00e3o e Perfil do Egresso"},"content":{"rendered":"\n<p>O <strong>Objetivo Geral<\/strong> do Programa de P\u00f3s-Gradua\u00e7\u00e3o em Ci\u00eancias Biol\u00f3gicas (PPG-CB) da Universidade Estadual de Londrina (UEL) \u00e9 proporcionar s\u00f3lida forma\u00e7\u00e3o acad\u00eamica, t\u00e9cnica e cient\u00edfica na sua \u00e1rea de concentra\u00e7\u00e3o (Biodiversidade e Conserva\u00e7\u00e3o em Habitats Fragmentados).<\/p>\n\n\n\n<p>Utilizando o Norte do Paran\u00e1 como principal \u00e1rea de estudo, o PPG-CB tem os seguintes <strong>Objetivos Espec\u00edficos<\/strong>, em conson\u00e2ncia com as demandas globais, nacionais e regionais:<\/p>\n\n\n\n<p>(1) capacitar os estudantes com o conhecimento te\u00f3rico sobre a Biodiversidade em Sistem\u00e1tica, Taxonomia e Evolu\u00e7\u00e3o Biol\u00f3gica (descri\u00e7\u00e3o da Biodiversidade), Ecologia e Biogeografia (organiza\u00e7\u00e3o da Biodiversidade) e Biologia da Conserva\u00e7\u00e3o (uso da Biodiversidade);<\/p>\n\n\n\n<p>(2) capacitar os estudantes a investigar temas espec\u00edficos da Biodiversidade e em determinados grupos taxon\u00f4micos;<\/p>\n\n\n\n<p>(3) formar recursos humanos de alto n\u00edvel para o ensino em assuntos relacionados \u00e0 Biodiversidade e Conserva\u00e7\u00e3o;<\/p>\n\n\n\n<p>(4) instruir sobre a elabora\u00e7\u00e3o de projetos de pesquisa, de modo a capacitar os estudantes a desenvolver propostas a serem submetidas a ag\u00eancias de fomento;<\/p>\n\n\n\n<p>(5) capacitar os estudantes na pesquisa sobre a biodiversidade em ambientes sob a\u00e7\u00e3o antr\u00f3pica, fazendo com que eles possam selecionar e propor estrat\u00e9gias de conserva\u00e7\u00e3o e manejo ambiental;<\/p>\n\n\n\n<p>(6) fornecer a base te\u00f3rica e pr\u00e1tica para a mitiga\u00e7\u00e3o de impactos ambientais, bem como para a restaura\u00e7\u00e3o ecol\u00f3gica em ambientes aqu\u00e1ticos e terrestres.<\/p>\n\n\n\n<p>Assim, os docentes do PPG-CB t\u00eam como <strong>Miss\u00e3o<\/strong> contribuir com o desenvolvimento cient\u00edfico e tecnol\u00f3gico do Brasil, com a forma\u00e7\u00e3o de recursos humanos de alto n\u00edvel e com a implementa\u00e7\u00e3o de pol\u00edticas p\u00fablicas que visam \u00e0 utiliza\u00e7\u00e3o racional e conserva\u00e7\u00e3o da biodiversidade por meio dos estudos em diferentes escalas, desde a esp\u00e9cie at\u00e9 a paisagem.<\/p>\n\n\n\n<p>O PPG-CB visa \u00e0 forma\u00e7\u00e3o de pesquisadores\/professores com autonomia e capacidade profissionais para ingressar em institui\u00e7\u00f5es de ensino e pesquisa e \u00f3rg\u00e3os do setor ambiental em todo territ\u00f3rio nacional, apresentando habilidades de pesquisa e reda\u00e7\u00e3o cient\u00edfica de alto n\u00edvel. Mais acentuadamente, o PPG-CB tem colaborado para a forma\u00e7\u00e3o de profissionais com atua\u00e7\u00e3o regional no Norte do estado do Paran\u00e1 e interior do estado de S\u00e3o Paulo.\u00a0 Nosso programa visa \u00e0s seguintes possibilidades de <strong>Perfil do Egresso<\/strong>:<\/p>\n\n\n\n<p>(1) Docentes com forma\u00e7\u00e3o de alto n\u00edvel em assuntos relacionados \u00e0 Biodiversidade, preparados para atuar preferencialmente em universidades e outras institui\u00e7\u00f5es de ensino superior, bem como no ensino m\u00e9dio e fundamental.<\/p>\n\n\n\n<p>(2) Pesquisadores em Biodiversidade, com forte embasamento te\u00f3rico, podendo atuar em universidades (e exercer tamb\u00e9m a doc\u00eancia), ou estar vinculados a institutos de pesquisa como EMBRAPA, IDR-IAPAR, INPA, CRADs (Centros de Refer\u00eancia em Recupera\u00e7\u00e3o de \u00c1reas Degradadas) e muitos outros, apresentando conex\u00f5es com pesquisadores e institui\u00e7\u00f5es de outros pa\u00edses.<\/p>\n\n\n\n<p>(3) Profissionais com s\u00f3lida forma\u00e7\u00e3o te\u00f3rica que atuem diretamente no gerenciamento ambiental, na mitiga\u00e7\u00e3o de impactos ambientais ou na formula\u00e7\u00e3o\/implementa\u00e7\u00e3o de pol\u00edticas p\u00fablicas. Eles podem atuar em \u00f3rg\u00e3os p\u00fablicos federais (IBAMA, ICMBio), estaduais (IAP), municipais e ONGs, dentre outros.<\/p>\n","protected":false},"excerpt":{"rendered":"<p>O Objetivo Geral do Programa de P\u00f3s-Gradua\u00e7\u00e3o em Ci\u00eancias Biol\u00f3gicas (PPG-CB) da Universidade Estadual de Londrina (UEL) \u00e9 proporcionar s\u00f3lida forma\u00e7\u00e3o acad\u00eamica, t\u00e9cnica e cient\u00edfica na sua \u00e1rea de concentra\u00e7\u00e3o (Biodiversidade e Conserva\u00e7\u00e3o em Habitats Fragmentados). Utilizando o Norte do Paran\u00e1 como principal \u00e1rea de estudo, o PPG-CB tem os seguintes Objetivos Espec\u00edficos, em conson\u00e2ncia [&hellip;]<\/p>\n","protected":false},"author":10,"featured_media":0,"parent":0,"menu_order":0,"comment_status":"closed","ping_status":"closed","template":"","meta":{"footnotes":""},"class_list":["post-636","page","type-page","status-publish","hentry"],"acf":[],"_links":{"self":[{"href":"https:\/\/pos.uel.br\/biologicas\/wp-json\/wp\/v2\/pages\/636","targetHints":{"allow":["GET"]}}],"collection":[{"href":"https:\/\/pos.uel.br\/biologicas\/wp-json\/wp\/v2\/pages"}],"about":[{"href":"https:\/\/pos.uel.br\/biologicas\/wp-json\/wp\/v2\/types\/page"}],"author":[{"embeddable":true,"href":"https:\/\/pos.uel.br\/biologicas\/wp-json\/wp\/v2\/users\/10"}],"replies":[{"embeddable":true,"href":"https:\/\/pos.uel.br\/biologicas\/wp-json\/wp\/v2\/comments?post=636"}],"version-history":[{"count":3,"href":"https:\/\/pos.uel.br\/biologicas\/wp-json\/wp\/v2\/pages\/636\/revisions"}],"predecessor-version":[{"id":642,"href":"https:\/\/pos.uel.br\/biologicas\/wp-json\/wp\/v2\/pages\/636\/revisions\/642"}],"wp:attachment":[{"href":"https:\/\/pos.uel.br\/biologicas\/wp-json\/wp\/v2\/media?parent=636"}],"curies":[{"name":"wp","href":"https:\/\/api.w.org\/{rel}","templated":true}]}}

Objetivos, Missão e Perfil do Egresso

<p>O <strong>Objetivo Geral</strong> do Programa de Pós-Graduação em Ciências Biológicas (PPG-CB) da Universidade Estadual de Londrina (UEL) é proporcionar sólida formação acadêmica, técnica e científica na sua área de concentração (Biodiversidade e Conservação em Habitats Fragmentados).</p>



<p>Utilizando o Norte do Paraná como principal área de estudo, o PPG-CB tem os seguintes <strong>Objetivos Específicos</strong>, em consonância com as demandas globais, nacionais e regionais:</p>



<p>(1) capacitar os estudantes com o conhecimento teórico sobre a Biodiversidade em Sistemática, Taxonomia e Evolução Biológica (descrição da Biodiversidade), Ecologia e Biogeografia (organização da Biodiversidade) e Biologia da Conservação (uso da Biodiversidade);</p>



<p>(2) capacitar os estudantes a investigar temas específicos da Biodiversidade e em determinados grupos taxonômicos;</p>



<p>(3) formar recursos humanos de alto nível para o ensino em assuntos relacionados à Biodiversidade e Conservação;</p>



<p>(4) instruir sobre a elaboração de projetos de pesquisa, de modo a capacitar os estudantes a desenvolver propostas a serem submetidas a agências de fomento;</p>



<p>(5) capacitar os estudantes na pesquisa sobre a biodiversidade em ambientes sob ação antrópica, fazendo com que eles possam selecionar e propor estratégias de conservação e manejo ambiental;</p>



<p>(6) fornecer a base teórica e prática para a mitigação de impactos ambientais, bem como para a restauração ecológica em ambientes aquáticos e terrestres.</p>



<p>Assim, os docentes do PPG-CB têm como <strong>Missão</strong> contribuir com o desenvolvimento científico e tecnológico do Brasil, com a formação de recursos humanos de alto nível e com a implementação de políticas públicas que visam à utilização racional e conservação da biodiversidade por meio dos estudos em diferentes escalas, desde a espécie até a paisagem.</p>



<p>O PPG-CB visa à formação de pesquisadores/professores com autonomia e capacidade profissionais para ingressar em instituições de ensino e pesquisa e órgãos do setor ambiental em todo território nacional, apresentando habilidades de pesquisa e redação científica de alto nível. Mais acentuadamente, o PPG-CB tem colaborado para a formação de profissionais com atuação regional no Norte do estado do Paraná e interior do estado de São Paulo.  Nosso programa visa às seguintes possibilidades de <strong>Perfil do Egresso</strong>:</p>



<p>(1) Docentes com formação de alto nível em assuntos relacionados à Biodiversidade, preparados para atuar preferencialmente em universidades e outras instituições de ensino superior, bem como no ensino médio e fundamental.</p>



<p>(2) Pesquisadores em Biodiversidade, com forte embasamento teórico, podendo atuar em universidades (e exercer também a docência), ou estar vinculados a institutos de pesquisa como EMBRAPA, IDR-IAPAR, INPA, CRADs (Centros de Referência em Recuperação de Áreas Degradadas) e muitos outros, apresentando conexões com pesquisadores e instituições de outros países.</p>



<p>(3) Profissionais com sólida formação teórica que atuem diretamente no gerenciamento ambiental, na mitigação de impactos ambientais ou na formulação/implementação de políticas públicas. Eles podem atuar em órgãos públicos federais (IBAMA, ICMBio), estaduais (IAP), municipais e ONGs, dentre outros.</p>

<p>O Objetivo Geral do Programa de Pós-Graduação em Ciências Biológicas (PPG-CB) da Universidade Estadual de Londrina (UEL) é proporcionar sólida formação acadêmica, técnica e científica na sua área de concentração (Biodiversidade e Conservação em Habitats Fragmentados). Utilizando o Norte do Paraná como principal área de estudo, o PPG-CB tem os seguintes Objetivos Específicos, em consonância [&hellip;]</p>
