{"id":6,"date":"2021-04-26T18:59:46","date_gmt":"2021-04-26T21:59:46","guid":{"rendered":"https:\/\/pos.uel.br\/biologicas\/?page_id=6"},"modified":"2024-11-05T22:46:08","modified_gmt":"2024-11-06T01:46:08","slug":"sobre-o-programa","status":"publish","type":"page","link":"https:\/\/pos.uel.br\/biologicas\/sobre-o-programa\/","title":{"rendered":"Sobre o programa"},"content":{"rendered":"<div class=\"wp-block-image is-style-default\">\n<figure class=\"aligncenter size-large\"><img loading=\"lazy\" decoding=\"async\" width=\"466\" height=\"319\" src=\"https:\/\/pos.uel.br\/biologicas\/wp-content\/uploads\/2021\/07\/PPG-CB-2.png\" alt=\"\" class=\"wp-image-676\" srcset=\"https:\/\/pos.uel.br\/biologicas\/wp-content\/uploads\/2021\/07\/PPG-CB-2.png 466w, https:\/\/pos.uel.br\/biologicas\/wp-content\/uploads\/2021\/07\/PPG-CB-2-300x205.png 300w\" sizes=\"auto, (max-width: 466px) 100vw, 466px\" \/><\/figure>\n<\/div>\n\n\n<div style=\"height:40px\" aria-hidden=\"true\" class=\"wp-block-spacer\"><\/div>\n\n\n\n<p class=\"has-text-align-center has-medium-font-size\"><strong>\u00c1rea de Concentra\u00e7\u00e3o: <\/strong>Biodiversidade e Conserva\u00e7\u00e3o em Habitats Fragmentados<\/p>\n\n\n\n<p class=\"has-text-align-center has-medium-font-size\"><strong>Conceito CAPES:<\/strong> 4&nbsp;<\/p>\n\n\n\n<p class=\"has-text-align-center has-medium-font-size\"><strong>\u00c1rea de Avalia\u00e7\u00e3o<\/strong>: Biodiversidade<\/p>\n\n\n\n<div style=\"height:40px\" aria-hidden=\"true\" class=\"wp-block-spacer\"><\/div>\n\n\n\n<p class=\"has-text-align-center has-medium-font-size\"><strong>Coordenador:<\/strong> Prof. Dr. Marcos Robalinho Lima<\/p>\n\n\n\n<p class=\"has-text-align-center has-medium-font-size\"><strong>Vice-coordenador:<\/strong> Prof. Dr. M\u00e1rio Luis Orsi<\/p>\n\n\n\n<p class=\"has-text-align-center has-medium-font-size\"><strong>E-mail coordena\u00e7\u00e3o: <\/strong><a href=\"mailto:ppg.cb@uel.br\">ppg.cb@uel.br<\/a><\/p>\n\n\n\n<p class=\"has-text-align-center has-text-color\" style=\"color:#ffffff\"><\/p>\n\n\n\n<div style=\"height:42px\" aria-hidden=\"true\" class=\"wp-block-spacer\"><\/div>\n\n\n\n<p class=\"has-text-align-center\"><strong><a href=\"https:\/\/pos.uel.br\/biologicas\/historico-de-coordenadores-do-ppg-cb\/\">Hist\u00f3rico de Coordenadores do PPP-CB<\/a><\/strong><\/p>\n\n\n\n<div style=\"height:40px\" aria-hidden=\"true\" class=\"wp-block-spacer\"><\/div>\n\n\n\n<p class=\"has-text-align-center has-medium-font-size\"><strong>Secretaria:<\/strong> Thialla Fernandes<\/p>\n\n\n\n<p class=\"has-text-align-center has-medium-font-size\"><strong>Local de atendimento:<\/strong> Secretaria do PPG em Gen\u00e9tica e Biologia Molecular (em frente ao BAV)<\/p>\n\n\n\n<p class=\"has-text-align-center has-medium-font-size\"><strong>Hor\u00e1rio de atendimento:<\/strong> 14:30-17:30<\/p>\n\n\n\n<p class=\"has-text-align-center has-medium-font-size\"><strong>Telefone:<\/strong> (43) 3371-4191<\/p>\n\n\n\n<p class=\"has-text-align-center has-medium-font-size\"><strong>E-mail secretaria:<\/strong> strictoccb@uel.br <\/p>\n\n\n\n<p class=\"has-text-align-center has-text-color\" style=\"color:#ffffff\"> a  <\/p>\n","protected":false},"excerpt":{"rendered":"<p>\u00c1rea de Concentra\u00e7\u00e3o: Biodiversidade e Conserva\u00e7\u00e3o em Habitats Fragmentados Conceito CAPES: 4&nbsp; \u00c1rea de Avalia\u00e7\u00e3o: Biodiversidade Coordenador: Prof. Dr. Marcos Robalinho Lima Vice-coordenador: Prof. Dr. M\u00e1rio Luis Orsi E-mail coordena\u00e7\u00e3o: ppg.cb@uel.br Hist\u00f3rico de Coordenadores do PPP-CB Secretaria: Thialla Fernandes Local de atendimento: Secretaria do PPG em Gen\u00e9tica e Biologia Molecular (em frente ao BAV) Hor\u00e1rio [&hellip;]<\/p>\n","protected":false},"author":7,"featured_media":0,"parent":0,"menu_order":0,"comment_status":"closed","ping_status":"closed","template":"","meta":{"footnotes":""},"class_list":["post-6","page","type-page","status-publish","hentry"],"acf":[],"_links":{"self":[{"href":"https:\/\/pos.uel.br\/biologicas\/wp-json\/wp\/v2\/pages\/6","targetHints":{"allow":["GET"]}}],"collection":[{"href":"https:\/\/pos.uel.br\/biologicas\/wp-json\/wp\/v2\/pages"}],"about":[{"href":"https:\/\/pos.uel.br\/biologicas\/wp-json\/wp\/v2\/types\/page"}],"author":[{"embeddable":true,"href":"https:\/\/pos.uel.br\/biologicas\/wp-json\/wp\/v2\/users\/7"}],"replies":[{"embeddable":true,"href":"https:\/\/pos.uel.br\/biologicas\/wp-json\/wp\/v2\/comments?post=6"}],"version-history":[{"count":18,"href":"https:\/\/pos.uel.br\/biologicas\/wp-json\/wp\/v2\/pages\/6\/revisions"}],"predecessor-version":[{"id":1814,"href":"https:\/\/pos.uel.br\/biologicas\/wp-json\/wp\/v2\/pages\/6\/revisions\/1814"}],"wp:attachment":[{"href":"https:\/\/pos.uel.br\/biologicas\/wp-json\/wp\/v2\/media?parent=6"}],"curies":[{"name":"wp","href":"https:\/\/api.w.org\/{rel}","templated":true}]}}

<div class="wp-block-image is-style-default">
<figure class="aligncenter size-large"><img loading="lazy" decoding="async" width="466" height="319" src="https://pos.uel.br/biologicas/wp-content/uploads/2021/07/PPG-CB-2.png" alt="" class="wp-image-676" srcset="https://pos.uel.br/biologicas/wp-content/uploads/2021/07/PPG-CB-2.png 466w, https://pos.uel.br/biologicas/wp-content/uploads/2021/07/PPG-CB-2-300x205.png 300w" sizes="auto, (max-width: 466px) 100vw, 466px" /></figure>
</div>


<div style="height:40px" aria-hidden="true" class="wp-block-spacer"></div>



<p class="has-text-align-center has-medium-font-size"><strong>Área de Concentração: </strong>Biodiversidade e Conservação em Habitats Fragmentados</p>



<p class="has-text-align-center has-medium-font-size"><strong>Conceito CAPES:</strong> 4&nbsp;</p>



<p class="has-text-align-center has-medium-font-size"><strong>Área de Avaliação</strong>: Biodiversidade</p>



<div style="height:40px" aria-hidden="true" class="wp-block-spacer"></div>



<p class="has-text-align-center has-medium-font-size"><strong>Coordenador:</strong> Prof. Dr. Marcos Robalinho Lima</p>



<p class="has-text-align-center has-medium-font-size"><strong>Vice-coordenador:</strong> Prof. Dr. Mário Luis Orsi</p>



<p class="has-text-align-center has-medium-font-size"><strong>E-mail coordenação: </strong><a href="mailto:ppg.cb@uel.br">ppg.cb@uel.br</a></p>



<p class="has-text-align-center has-text-color" style="color:#ffffff"></p>



<div style="height:42px" aria-hidden="true" class="wp-block-spacer"></div>



<p class="has-text-align-center"><strong><a href="https://pos.uel.br/biologicas/historico-de-coordenadores-do-ppg-cb/">Histórico de Coordenadores do PPP-CB</a></strong></p>



<div style="height:40px" aria-hidden="true" class="wp-block-spacer"></div>



<p class="has-text-align-center has-medium-font-size"><strong>Secretaria:</strong> Thialla Fernandes</p>



<p class="has-text-align-center has-medium-font-size"><strong>Local de atendimento:</strong> Secretaria do PPG em Genética e Biologia Molecular (em frente ao BAV)</p>



<p class="has-text-align-center has-medium-font-size"><strong>Horário de atendimento:</strong> 14:30-17:30</p>



<p class="has-text-align-center has-medium-font-size"><strong>Telefone:</strong> (43) 3371-4191</p>



<p class="has-text-align-center has-medium-font-size"><strong>E-mail secretaria:</strong> strictoccb@uel.br </p>



<p class="has-text-align-center has-text-color" style="color:#ffffff"> a  </p>

<p>Área de Concentração: Biodiversidade e Conservação em Habitats Fragmentados Conceito CAPES: 4&nbsp; Área de Avaliação: Biodiversidade Coordenador: Prof. Dr. Marcos Robalinho Lima Vice-coordenador: Prof. Dr. Mário Luis Orsi E-mail coordenação: ppg.cb@uel.br Histórico de Coordenadores do PPP-CB Secretaria: Thialla Fernandes Local de atendimento: Secretaria do PPG em Genética e Biologia Molecular (em frente ao BAV) Horário [&hellip;]</p>
