{"id":58,"date":"2021-05-07T09:03:02","date_gmt":"2021-05-07T12:03:02","guid":{"rendered":"https:\/\/pos.uel.br\/biologicas\/?page_id=58"},"modified":"2025-09-19T11:56:32","modified_gmt":"2025-09-19T14:56:32","slug":"pos-doutorado","status":"publish","type":"page","link":"https:\/\/pos.uel.br\/biologicas\/pos-doutorado\/","title":{"rendered":"P\u00f3s-doutorado"},"content":{"rendered":"\n<p class=\"has-text-align-center\">Portadores do t\u00edtulo de doutor podem realizar o Est\u00e1gio P\u00f3s-doutoral junto ao PPG-CB, conforme as regras e formul\u00e1rios abaixo:<\/p>\n\n\n\n<div class=\"wp-block-buttons is-horizontal is-content-justification-center is-layout-flex wp-container-core-buttons-is-layout-499968f5 wp-block-buttons-is-layout-flex\">\n<div class=\"wp-block-button\"><a class=\"wp-block-button__link has-primary-accent-background-color has-background wp-element-button\" href=\"https:\/\/pos.uel.br\/biologicas\/wp-content\/uploads\/2021\/06\/Resolucao-CEPE-no-053-2019-Pos-doutoral.pdf\">Resolu\u00e7\u00e3o P\u00f3s-doutorado<\/a><\/div>\n<\/div>\n\n\n\n<div class=\"wp-block-buttons is-horizontal is-content-justification-center is-layout-flex wp-container-core-buttons-is-layout-499968f5 wp-block-buttons-is-layout-flex\">\n<div class=\"wp-block-button\"><a class=\"wp-block-button__link has-primary-accent-background-color has-background wp-element-button\" href=\"https:\/\/pos.uel.br\/biologicas\/wp-content\/uploads\/2021\/06\/Resolucao-053-2019-ANEXO-I-Inscricao-Pos-doutorado-2.docx\">Formula\u00e7\u00e3o de inscri\u00e7\u00e3o<\/a><\/div>\n<\/div>\n\n\n\n<div class=\"wp-block-buttons is-horizontal is-content-justification-center is-layout-flex wp-container-core-buttons-is-layout-499968f5 wp-block-buttons-is-layout-flex\">\n<div class=\"wp-block-button\"><a class=\"wp-block-button__link has-primary-accent-background-color has-background wp-element-button\" href=\"https:\/\/pos.uel.br\/biologicas\/wp-content\/uploads\/2021\/06\/Resolucao-053-2019-ANEXO-II-Prorrogacao-Pos-doutorado.docx\">Solicita\u00e7\u00e3o de prorroga\u00e7\u00e3o<\/a><\/div>\n<\/div>\n\n\n\n<div class=\"wp-block-buttons is-horizontal is-content-justification-center is-layout-flex wp-container-core-buttons-is-layout-499968f5 wp-block-buttons-is-layout-flex\">\n<div class=\"wp-block-button\"><a class=\"wp-block-button__link has-primary-accent-background-color has-background wp-element-button\" href=\"https:\/\/pos.uel.br\/biologicas\/wp-content\/uploads\/2021\/06\/Resolucao-053-2019-ANEXO-III-Avaliacao-Pos-doutorado.docx\">Formul\u00e1rio de avalia\u00e7\u00e3o<\/a><\/div>\n<\/div>\n\n\n\n<div style=\"height:40px\" aria-hidden=\"true\" class=\"wp-block-spacer\"><\/div>\n\n\n\n<p class=\"has-text-align-center has-primary-accent-color has-text-color has-medium-font-size\"><strong>P\u00f3s-doutorandos atualmente vinculados ao PPG-CB<\/strong><\/p>\n\n\n\n<div style=\"height:40px\" aria-hidden=\"true\" class=\"wp-block-spacer\"><\/div>\n\n\n\n<ul class=\"wp-block-list\">\n<li>Dr. Thiago Deruza Garcia<br><\/li>\n<\/ul>\n\n\n\n<p><\/p>\n\n\n\n<p><\/p>\n","protected":false},"excerpt":{"rendered":"<p>Portadores do t\u00edtulo de doutor podem realizar o Est\u00e1gio P\u00f3s-doutoral junto ao PPG-CB, conforme as regras e formul\u00e1rios abaixo: P\u00f3s-doutorandos atualmente vinculados ao PPG-CB<\/p>\n","protected":false},"author":7,"featured_media":0,"parent":0,"menu_order":0,"comment_status":"closed","ping_status":"closed","template":"","meta":{"footnotes":""},"class_list":["post-58","page","type-page","status-publish","hentry"],"acf":[],"_links":{"self":[{"href":"https:\/\/pos.uel.br\/biologicas\/wp-json\/wp\/v2\/pages\/58","targetHints":{"allow":["GET"]}}],"collection":[{"href":"https:\/\/pos.uel.br\/biologicas\/wp-json\/wp\/v2\/pages"}],"about":[{"href":"https:\/\/pos.uel.br\/biologicas\/wp-json\/wp\/v2\/types\/page"}],"author":[{"embeddable":true,"href":"https:\/\/pos.uel.br\/biologicas\/wp-json\/wp\/v2\/users\/7"}],"replies":[{"embeddable":true,"href":"https:\/\/pos.uel.br\/biologicas\/wp-json\/wp\/v2\/comments?post=58"}],"version-history":[{"count":10,"href":"https:\/\/pos.uel.br\/biologicas\/wp-json\/wp\/v2\/pages\/58\/revisions"}],"predecessor-version":[{"id":1884,"href":"https:\/\/pos.uel.br\/biologicas\/wp-json\/wp\/v2\/pages\/58\/revisions\/1884"}],"wp:attachment":[{"href":"https:\/\/pos.uel.br\/biologicas\/wp-json\/wp\/v2\/media?parent=58"}],"curies":[{"name":"wp","href":"https:\/\/api.w.org\/{rel}","templated":true}]}}