{"id":313,"date":"2021-06-08T22:20:31","date_gmt":"2021-06-09T01:20:31","guid":{"rendered":"https:\/\/pos.uel.br\/biologicas\/?page_id=313"},"modified":"2023-03-21T20:48:23","modified_gmt":"2023-03-21T23:48:23","slug":"entrega-da-versao-final-de-dissertacao-ou-tese","status":"publish","type":"page","link":"https:\/\/pos.uel.br\/biologicas\/entrega-da-versao-final-de-dissertacao-ou-tese\/","title":{"rendered":"Entrega da vers\u00e3o final de disserta\u00e7\u00e3o"},"content":{"rendered":"\n<p>&#8211; Seguir as instru\u00e7\u00f5es da Biblioteca Central:<\/p>\n\n\n\n<div class=\"wp-block-buttons is-horizontal is-content-justification-center is-layout-flex wp-container-core-buttons-is-layout-499968f5 wp-block-buttons-is-layout-flex\">\n<div class=\"wp-block-button\"><a class=\"wp-block-button__link has-primary-accent-background-color has-background wp-element-button\" href=\"https:\/\/pos.uel.br\/biologicas\/wp-content\/uploads\/2021\/06\/IS-PROPPG-BC-002-2020-Procedimentos-para-encaminhamento-das-teses-e-dissertacoes-para-Biblioteca-Digital.pdf\">Instru\u00e7\u00f5es Biblioteca<\/a><\/div>\n<\/div>\n\n\n\n<div style=\"height:30px\" aria-hidden=\"true\" class=\"wp-block-spacer\"><\/div>\n\n\n\n<p>&#8211; \u00c9 necess\u00e1rio entregar na secretaria do PPG-CB:<\/p>\n\n\n\n<div class=\"wp-block-buttons is-horizontal is-content-justification-center is-layout-flex wp-container-core-buttons-is-layout-499968f5 wp-block-buttons-is-layout-flex\">\n<div class=\"wp-block-button\"><a class=\"wp-block-button__link has-primary-accent-background-color has-background wp-element-button\" href=\"https:\/\/pos.uel.br\/biologicas\/wp-content\/uploads\/2021\/06\/TERMO-DE-AUTORIZACAO-BIBLIOTECA.pdf\">Termo de Autoriza\u00e7\u00e3o<\/a><\/div>\n<\/div>\n\n\n\n<div style=\"height:15px\" aria-hidden=\"true\" class=\"wp-block-spacer\"><\/div>\n\n\n\n<div class=\"wp-block-buttons is-horizontal is-content-justification-center is-layout-flex wp-container-core-buttons-is-layout-499968f5 wp-block-buttons-is-layout-flex\">\n<div class=\"wp-block-button\"><a class=\"wp-block-button__link has-primary-accent-background-color has-background wp-element-button\" href=\"https:\/\/pos.uel.br\/biologicas\/wp-content\/uploads\/2021\/06\/TERMO-DE-ENTREGA-DA-DISSERTACAO-OU-TESE-A-BIBLIOTECA-CENTRAL.doc\">Termo de Entrega<\/a><\/div>\n<\/div>\n\n\n\n<div style=\"height:15px\" aria-hidden=\"true\" class=\"wp-block-spacer\"><\/div>\n\n\n\n<div class=\"wp-block-buttons is-horizontal is-content-justification-center is-layout-flex wp-container-core-buttons-is-layout-499968f5 wp-block-buttons-is-layout-flex\">\n<div class=\"wp-block-button\"><a class=\"wp-block-button__link has-primary-accent-background-color has-background wp-element-button\" href=\"https:\/\/pos.uel.br\/biologicas\/wp-content\/uploads\/2021\/06\/Modelo-tese-dissertacao-Biblioteca-UEL_2021.doc\">Vers\u00e3o final da Disserta\u00e7\u00e3o em .DOC ou .DOCX<\/a><\/div>\n<\/div>\n\n\n\n<p class=\"has-text-align-center\">(<em>o nome do arquivo deve seguir o modelo: Nome_Completo_do_Estudante_Dissertacao_Final.docx<\/em>)<\/p>\n\n\n\n<div style=\"height:15px\" aria-hidden=\"true\" class=\"wp-block-spacer\"><\/div>\n\n\n\n<div class=\"wp-block-buttons is-horizontal is-content-justification-center is-layout-flex wp-container-core-buttons-is-layout-499968f5 wp-block-buttons-is-layout-flex\">\n<div class=\"wp-block-button\"><a class=\"wp-block-button__link has-primary-accent-background-color has-background wp-element-button\" href=\"https:\/\/pos.uel.br\/biologicas\/wp-content\/uploads\/2021\/06\/Modelo-tese-dissertacao-Biblioteca-UEL_2021.doc\">Vers\u00e3o Final da Disserta\u00e7\u00e3o em .PDF<\/a><\/div>\n<\/div>\n\n\n\n<p class=\"has-text-align-center\"><em>(o nome do arquivo deve seguir o modelo: Nome_Completo_do_Estudante_Dissertacao_Final.pdf)<\/em><\/p>\n\n\n\n<div style=\"height:30px\" aria-hidden=\"true\" class=\"wp-block-spacer\"><\/div>\n\n\n\n<p><strong>Observa\u00e7\u00e3o:<\/strong><\/p>\n\n\n\n<p>Na vers\u00e3o final da disserta\u00e7\u00e3o, s\u00e3o imprescind\u00edveis estes itens:<\/p>\n\n\n\n<p>&#8211; Folha de parecer assinada por todos os membros da banca<\/p>\n\n\n\n<p>&#8211; Ficha catalogr\u00e1fica<\/p>\n\n\n\n<p>&#8211; Resumo em Portugu\u00eas e palavras chave<\/p>\n\n\n\n<p>&#8211; Resumo em Ingl\u00eas e keywords<\/p>\n\n\n\n<div style=\"height:30px\" aria-hidden=\"true\" class=\"wp-block-spacer\"><\/div>\n\n\n\n<p><\/p>\n","protected":false},"excerpt":{"rendered":"<p>&#8211; Seguir as instru\u00e7\u00f5es da Biblioteca Central: &#8211; \u00c9 necess\u00e1rio entregar na secretaria do PPG-CB: (o nome do arquivo deve seguir o modelo: Nome_Completo_do_Estudante_Dissertacao_Final.docx) (o nome do arquivo deve seguir o modelo: Nome_Completo_do_Estudante_Dissertacao_Final.pdf) Observa\u00e7\u00e3o: Na vers\u00e3o final da disserta\u00e7\u00e3o, s\u00e3o imprescind\u00edveis estes itens: &#8211; Folha de parecer assinada por todos os membros da banca &#8211; [&hellip;]<\/p>\n","protected":false},"author":10,"featured_media":0,"parent":0,"menu_order":0,"comment_status":"closed","ping_status":"closed","template":"","meta":{"footnotes":""},"class_list":["post-313","page","type-page","status-publish","hentry"],"acf":[],"_links":{"self":[{"href":"https:\/\/pos.uel.br\/biologicas\/wp-json\/wp\/v2\/pages\/313","targetHints":{"allow":["GET"]}}],"collection":[{"href":"https:\/\/pos.uel.br\/biologicas\/wp-json\/wp\/v2\/pages"}],"about":[{"href":"https:\/\/pos.uel.br\/biologicas\/wp-json\/wp\/v2\/types\/page"}],"author":[{"embeddable":true,"href":"https:\/\/pos.uel.br\/biologicas\/wp-json\/wp\/v2\/users\/10"}],"replies":[{"embeddable":true,"href":"https:\/\/pos.uel.br\/biologicas\/wp-json\/wp\/v2\/comments?post=313"}],"version-history":[{"count":4,"href":"https:\/\/pos.uel.br\/biologicas\/wp-json\/wp\/v2\/pages\/313\/revisions"}],"predecessor-version":[{"id":1520,"href":"https:\/\/pos.uel.br\/biologicas\/wp-json\/wp\/v2\/pages\/313\/revisions\/1520"}],"wp:attachment":[{"href":"https:\/\/pos.uel.br\/biologicas\/wp-json\/wp\/v2\/media?parent=313"}],"curies":[{"name":"wp","href":"https:\/\/api.w.org\/{rel}","templated":true}]}}