{"id":26,"date":"2021-04-26T19:01:55","date_gmt":"2021-04-26T22:01:55","guid":{"rendered":"https:\/\/pos.uel.br\/biologicas\/?page_id=26"},"modified":"2024-08-28T22:12:44","modified_gmt":"2024-08-29T01:12:44","slug":"regimentos-resolucoes-e-normas","status":"publish","type":"page","link":"https:\/\/pos.uel.br\/biologicas\/regimentos-resolucoes-e-normas\/","title":{"rendered":"Regras, procedimentos e formul\u00e1rios"},"content":{"rendered":"\n<p>&#8211;&nbsp;<strong><a href=\"https:\/\/pos.uel.br\/biologicas\/wp-content\/uploads\/2021\/07\/Regimento-Interno-PPG-CB-2021.pdf\">Regimento&nbsp;Interno<\/a><\/strong>&nbsp;do PPG-CB: aplic\u00e1vel para a<strong>&nbsp;turma 2021 em diante<\/strong>.<\/p>\n\n\n\n<p>&#8211;&nbsp;<strong><a href=\"https:\/\/pos.uel.br\/biologicas\/wp-content\/uploads\/2021\/07\/Regimento-Interno-PPG-CB-2017.pdf\">Regimento&nbsp;Interno<\/a><\/strong>&nbsp;do PPG-CB: aplic\u00e1vel para&nbsp;<strong>turmas 2020, 2019, 2018, 2017, 2016 e 2015<\/strong>.<\/p>\n\n\n\n<p>&#8211;&nbsp;<strong><a href=\"https:\/\/pos.uel.br\/biologicas\/wp-content\/uploads\/2021\/07\/RegulamentoStrictosensu-2016-2-CEPE-37-2016.pdf\">Regulamento<\/a><\/strong>&nbsp;dos PPGs&nbsp;<em>Stricto-sensu&nbsp;<\/em>da UEL: aplic\u00e1vel a&nbsp;<strong>todas as turmas<\/strong><\/p>\n\n\n\n<p>&#8211;&nbsp;<a href=\"https:\/\/pos.uel.br\/biologicas\/?page_id=168&amp;preview=true\" data-type=\"URL\" data-id=\"https:\/\/pos.uel.br\/biologicas\/?page_id=168&amp;preview=true\"><strong>Normas para a concess\u00e3o de bolsas de estudo<\/strong><\/a><\/p>\n\n\n\n<p>&#8211; <strong><a href=\"https:\/\/pos.uel.br\/biologicas\/inclusao-de-coorientador\/\">Inclus\u00e3o de coorientador<\/a><\/strong><\/p>\n\n\n\n<p>&#8211; <a href=\"https:\/\/pos.uel.br\/biologicas\/elaboracao-de-projeto\/\"><strong>Normas para a elabora\u00e7\u00e3o do projeto de Mestrado<\/strong><\/a><\/p>\n\n\n\n<p>&#8211;<strong> <a href=\"https:\/\/pos.uel.br\/biologicas\/proficiencia-em-lingua-inglesa\/\">Profici\u00eancia em l\u00edngua inglesa<\/a><\/strong><\/p>\n\n\n\n<p>&#8211; <a href=\"https:\/\/pos.uel.br\/biologicas\/exame-de-qualificacao-do-mestrado\/\" data-type=\"URL\"><strong>Exame de qualifica\u00e7\u00e3o do Mestrado<\/strong><\/a><\/p>\n\n\n\n<p>&#8211; <a href=\"https:\/\/pos.uel.br\/biologicas\/defesa-de-mestrado\/\" data-type=\"URL\" data-id=\"https:\/\/pos.uel.br\/biologicas\/defesa-de-mestrado\/\"><strong>Defesa de Mestrado<\/strong><\/a><\/p>\n\n\n\n<p>&#8211; <a href=\"https:\/\/pos.uel.br\/biologicas\/entrega-da-versao-final-de-dissertacao-ou-tese\/\"><strong>Entrega da vers\u00e3o final de disserta\u00e7\u00e3o<\/strong><\/a><\/p>\n\n\n\n<p>&#8211; <strong>Solicita\u00e7\u00e3o de apoio financeiro<\/strong> (em atualiza\u00e7\u00e3o)<\/p>\n\n\n\n<p><a href=\"https:\/\/pos.uel.br\/biologicas\/wp-content\/uploads\/2024\/08\/Anexo-1-CV-mestrado.docx\">&#8211; Anexo 1 &#8211; Curr\u00edculo vitae sele\u00e7\u00e3o aluno regular<\/a><\/p>\n","protected":false},"excerpt":{"rendered":"<p>&#8211;&nbsp;Regimento&nbsp;Interno&nbsp;do PPG-CB: aplic\u00e1vel para a&nbsp;turma 2021 em diante. &#8211;&nbsp;Regimento&nbsp;Interno&nbsp;do PPG-CB: aplic\u00e1vel para&nbsp;turmas 2020, 2019, 2018, 2017, 2016 e 2015. &#8211;&nbsp;Regulamento&nbsp;dos PPGs&nbsp;Stricto-sensu&nbsp;da UEL: aplic\u00e1vel a&nbsp;todas as turmas &#8211;&nbsp;Normas para a concess\u00e3o de bolsas de estudo &#8211; Inclus\u00e3o de coorientador &#8211; Normas para a elabora\u00e7\u00e3o do projeto de Mestrado &#8211; Profici\u00eancia em l\u00edngua inglesa &#8211; Exame de [&hellip;]<\/p>\n","protected":false},"author":7,"featured_media":0,"parent":0,"menu_order":0,"comment_status":"closed","ping_status":"closed","template":"","meta":{"footnotes":""},"class_list":["post-26","page","type-page","status-publish","hentry"],"acf":[],"_links":{"self":[{"href":"https:\/\/pos.uel.br\/biologicas\/wp-json\/wp\/v2\/pages\/26","targetHints":{"allow":["GET"]}}],"collection":[{"href":"https:\/\/pos.uel.br\/biologicas\/wp-json\/wp\/v2\/pages"}],"about":[{"href":"https:\/\/pos.uel.br\/biologicas\/wp-json\/wp\/v2\/types\/page"}],"author":[{"embeddable":true,"href":"https:\/\/pos.uel.br\/biologicas\/wp-json\/wp\/v2\/users\/7"}],"replies":[{"embeddable":true,"href":"https:\/\/pos.uel.br\/biologicas\/wp-json\/wp\/v2\/comments?post=26"}],"version-history":[{"count":26,"href":"https:\/\/pos.uel.br\/biologicas\/wp-json\/wp\/v2\/pages\/26\/revisions"}],"predecessor-version":[{"id":1777,"href":"https:\/\/pos.uel.br\/biologicas\/wp-json\/wp\/v2\/pages\/26\/revisions\/1777"}],"wp:attachment":[{"href":"https:\/\/pos.uel.br\/biologicas\/wp-json\/wp\/v2\/media?parent=26"}],"curies":[{"name":"wp","href":"https:\/\/api.w.org\/{rel}","templated":true}]}}