{"id":24,"date":"2021-04-26T19:01:55","date_gmt":"2021-04-26T22:01:55","guid":{"rendered":"https:\/\/pos.uel.br\/biologicas\/?page_id=24"},"modified":"2026-02-28T20:00:28","modified_gmt":"2026-02-28T23:00:28","slug":"estrutura-curricular","status":"publish","type":"page","link":"https:\/\/pos.uel.br\/biologicas\/estrutura-curricular\/","title":{"rendered":"Estrutura curricular"},"content":{"rendered":"\n<p>A proposta curricular do Programa de P\u00f3s-gradua\u00e7\u00e3o em Ci\u00eancias Biol\u00f3gicas est\u00e1 organizada de forma a possibilitar aos estudantes do Mestrado e do Doutorado atingir os objetivos do programa e desenvolver seus projetos dentro de nossas linhas de pesquisa. Nossa estrutura curricular foi atualizada em 2020 para implementa\u00e7\u00e3o nas novas turmas a partir de 2021.<\/p>\n\n\n\n<div style=\"height:31px\" aria-hidden=\"true\" class=\"wp-block-spacer\"><\/div>\n\n\n\n<p class=\"has-medium-font-size\"><mark class=\"has-inline-color has-primary-accent-color\"><strong>TURMAS INGRESSANTES A PARTIR DE 202<\/strong><\/mark>1<\/p>\n\n\n\n<p><em><a href=\"https:\/\/pos.uel.br\/biologicas\/wp-content\/uploads\/2021\/06\/Reest-PPG-Ciencias-Biologicas-2020-Delib-03-2020.pdf\" data-type=\"URL\" data-id=\"https:\/\/pos.uel.br\/biologicas\/wp-content\/uploads\/2021\/06\/Reest-PPG-Ciencias-Biologicas-2020-Delib-03-2020.pdf\">Delibera\u00e7\u00e3o 03\/2020<\/a><\/em><\/p>\n\n\n\n<div style=\"height:30px\" aria-hidden=\"true\" class=\"wp-block-spacer\"><\/div>\n\n\n\n<p class=\"has-primary-accent-color has-text-color has-medium-font-size\"><strong>T<\/strong><span class=\"has-inline-color has-primary-accent-color\"><strong>URMAS INGRESSANTES EM 2020 OU ANOS ANTERIORES<\/strong> <\/span><\/p>\n\n\n\n<p><em><a href=\"https:\/\/pos.uel.br\/biologicas\/wp-content\/uploads\/2021\/06\/Resolucao-41-estrutura-curricular.pdf\" data-type=\"URL\" data-id=\"https:\/\/pos.uel.br\/biologicas\/wp-content\/uploads\/2021\/06\/Resolucao-41-estrutura-curricular.pdf\">Resolu\u00e7\u00e3o 41\/2010&nbsp;<\/a><\/em>&nbsp;<\/p>\n\n\n\n<div style=\"height:30px\" aria-hidden=\"true\" class=\"wp-block-spacer\"><\/div>\n\n\n\n<p><strong>Observa\u00e7\u00f5es:<\/strong><\/p>\n\n\n\n<p>1) Cada cr\u00e9dito equivale a 15 horas \/ aula.<\/p>\n\n\n\n<p>2) Cr\u00e9ditos obtidos em outros Programas de P\u00f3s-gradua\u00e7\u00e3o recomendados pela CAPES poder\u00e3o ser aceitos em at\u00e9, no m\u00e1ximo, 50% dos cr\u00e9ditos exigidos em disciplinas.<\/p>\n\n\n\n<div style=\"height:50px\" aria-hidden=\"true\" class=\"wp-block-spacer\"><\/div>\n\n\n\n<div class=\"wp-block-buttons is-horizontal is-content-justification-center is-layout-flex wp-container-core-buttons-is-layout-499968f5 wp-block-buttons-is-layout-flex\">\n<div class=\"wp-block-button\"><a class=\"wp-block-button__link has-primary-accent-background-color has-background wp-element-button\" href=\"https:\/\/pos.uel.br\/biologicas\/wp-content\/uploads\/2026\/02\/disciplinas-2026.1PPG-CB-6.pdf\">Disciplinas em oferta &#8211; 1\u00ba Semestre de 2026<\/a><\/div>\n\n\n\n<div class=\"wp-block-button is-style-fill\"><a class=\"wp-block-button__link has-primary-accent-background-color has-background wp-element-button\" href=\"https:\/\/pos.uel.br\/biologicas\/wp-content\/uploads\/2025\/09\/disciplinas-2025.2-PPG-CB.pdf\">Disciplinas em oferta &#8211; 2\u00ba Semestre de 2025<\/a><\/div>\n<\/div>\n\n\n\n<p><\/p>\n","protected":false},"excerpt":{"rendered":"<p>A proposta curricular do Programa de P\u00f3s-gradua\u00e7\u00e3o em Ci\u00eancias Biol\u00f3gicas est\u00e1 organizada de forma a possibilitar aos estudantes do Mestrado e do Doutorado atingir os objetivos do programa e desenvolver seus projetos dentro de nossas linhas de pesquisa. Nossa estrutura curricular foi atualizada em 2020 para implementa\u00e7\u00e3o nas novas turmas a partir de 2021. TURMAS [&hellip;]<\/p>\n","protected":false},"author":7,"featured_media":0,"parent":0,"menu_order":0,"comment_status":"closed","ping_status":"closed","template":"","meta":{"footnotes":""},"class_list":["post-24","page","type-page","status-publish","hentry"],"acf":[],"_links":{"self":[{"href":"https:\/\/pos.uel.br\/biologicas\/wp-json\/wp\/v2\/pages\/24","targetHints":{"allow":["GET"]}}],"collection":[{"href":"https:\/\/pos.uel.br\/biologicas\/wp-json\/wp\/v2\/pages"}],"about":[{"href":"https:\/\/pos.uel.br\/biologicas\/wp-json\/wp\/v2\/types\/page"}],"author":[{"embeddable":true,"href":"https:\/\/pos.uel.br\/biologicas\/wp-json\/wp\/v2\/users\/7"}],"replies":[{"embeddable":true,"href":"https:\/\/pos.uel.br\/biologicas\/wp-json\/wp\/v2\/comments?post=24"}],"version-history":[{"count":34,"href":"https:\/\/pos.uel.br\/biologicas\/wp-json\/wp\/v2\/pages\/24\/revisions"}],"predecessor-version":[{"id":1995,"href":"https:\/\/pos.uel.br\/biologicas\/wp-json\/wp\/v2\/pages\/24\/revisions\/1995"}],"wp:attachment":[{"href":"https:\/\/pos.uel.br\/biologicas\/wp-json\/wp\/v2\/media?parent=24"}],"curies":[{"name":"wp","href":"https:\/\/api.w.org\/{rel}","templated":true}]}}