{"id":227,"date":"2021-06-06T12:51:27","date_gmt":"2021-06-06T15:51:27","guid":{"rendered":"https:\/\/pos.uel.br\/biologicas\/?page_id=227"},"modified":"2021-06-08T19:56:39","modified_gmt":"2021-06-08T22:56:39","slug":"elaboracao-de-projeto","status":"publish","type":"page","link":"https:\/\/pos.uel.br\/biologicas\/elaboracao-de-projeto\/","title":{"rendered":"Elabora\u00e7\u00e3o de projeto de Mestrado"},"content":{"rendered":"\n<p>&#8211;&nbsp;O projeto deve estar de acordo com pelo menos uma das linhas de pesquisa do programa.<\/p>\n\n\n\n<p>&#8211;  Ele deve ter um m\u00e1ximo de 15 p\u00e1ginas ,&nbsp;incluindo t\u00edtulo, resumo, introdu\u00e7\u00e3o, objetivos, material e m\u00e9todos, resultados esperados, cronograma, or\u00e7amento e refer\u00eancias bibliogr\u00e1ficas . <\/p>\n\n\n\n<p>&#8211; O texto deve ter espa\u00e7amento duplo, fonte Times New Roman, tamanho 12, 2 cm em cada margem, folha A4, e com p\u00e1ginas numeradas. <\/p>\n\n\n\n<p>&#8211; Utilizar o modelo a seguir para elabora\u00e7\u00e3o do projeto:<\/p>\n\n\n\n<div style=\"height:15px\" aria-hidden=\"true\" class=\"wp-block-spacer\"><\/div>\n\n\n\n<div class=\"wp-block-buttons is-content-justification-center is-layout-flex wp-block-buttons-is-layout-flex\">\n<div class=\"wp-block-button\"><a class=\"wp-block-button__link has-primary-accent-background-color has-background\" href=\"https:\/\/pos.uel.br\/biologicas\/wp-content\/uploads\/2021\/06\/MODELO-DE-PROJETO-2021.doc\">Modelo de projeto<\/a><\/div>\n<\/div>\n\n\n\n<div style=\"height:15px\" aria-hidden=\"true\" class=\"wp-block-spacer\"><\/div>\n\n\n\n<p>&#8211; O projeto de Mestrado deve ser elaborado ap\u00f3s o ingresso do aluno no programa, no primeiro semestre, para a disciplina Workshop de Projetos I.<\/p>\n\n\n\n<p>&#8211; Cabe ao orientador cadastrar o projeto na PROPPG (obrigat\u00f3rio).<\/p>\n\n\n\n<div style=\"height:50px\" aria-hidden=\"true\" class=\"wp-block-spacer\"><\/div>\n\n\n\n<p><\/p>\n","protected":false},"excerpt":{"rendered":"<p>&#8211;&nbsp;O projeto deve estar de acordo com pelo menos uma das linhas de pesquisa do programa. &#8211; Ele deve ter um m\u00e1ximo de 15 p\u00e1ginas ,&nbsp;incluindo t\u00edtulo, resumo, introdu\u00e7\u00e3o, objetivos, material e m\u00e9todos, resultados esperados, cronograma, or\u00e7amento e refer\u00eancias bibliogr\u00e1ficas . &#8211; O texto deve ter espa\u00e7amento duplo, fonte Times New Roman, tamanho 12, 2 [&hellip;]<\/p>\n","protected":false},"author":10,"featured_media":0,"parent":0,"menu_order":0,"comment_status":"closed","ping_status":"closed","template":"","meta":{"footnotes":""},"class_list":["post-227","page","type-page","status-publish","hentry"],"acf":[],"_links":{"self":[{"href":"https:\/\/pos.uel.br\/biologicas\/wp-json\/wp\/v2\/pages\/227","targetHints":{"allow":["GET"]}}],"collection":[{"href":"https:\/\/pos.uel.br\/biologicas\/wp-json\/wp\/v2\/pages"}],"about":[{"href":"https:\/\/pos.uel.br\/biologicas\/wp-json\/wp\/v2\/types\/page"}],"author":[{"embeddable":true,"href":"https:\/\/pos.uel.br\/biologicas\/wp-json\/wp\/v2\/users\/10"}],"replies":[{"embeddable":true,"href":"https:\/\/pos.uel.br\/biologicas\/wp-json\/wp\/v2\/comments?post=227"}],"version-history":[{"count":14,"href":"https:\/\/pos.uel.br\/biologicas\/wp-json\/wp\/v2\/pages\/227\/revisions"}],"predecessor-version":[{"id":287,"href":"https:\/\/pos.uel.br\/biologicas\/wp-json\/wp\/v2\/pages\/227\/revisions\/287"}],"wp:attachment":[{"href":"https:\/\/pos.uel.br\/biologicas\/wp-json\/wp\/v2\/media?parent=227"}],"curies":[{"name":"wp","href":"https:\/\/api.w.org\/{rel}","templated":true}]}}